000
CDUS43 KGLD 050053
CLIMCK

WRKCLIMCK 000
TTAA00 KGLD 050049

CLIMATE REPORT
NATIONAL WEATHER SERVICE GOODLAND
647 PM MDT SAT JUL 4 2015
...................................

...THE MCCOOK NE CLIMATE SUMMARY FOR JULY 4 2015...
VALID TODAY AS OF 0600 PM LOCAL TIME.

CLIMATE NORMAL PERIOD 1981 TO 2010
CLIMATE RECORD PERIOD 1896 TO 2015

WEATHER ITEM   OBSERVED TIME   RECORD YEAR NORMAL DEPARTURE LAST
                VALUE   (LST)  VALUE       VALUE  FROM      YEAR
                                                  NORMAL
..................................................................
TEMPERATURE (F)
 TODAY
  MAXIMUM         96    243 PM 109    1964  90      6       90
  MINIMUM         62    602 AM  43    1915  61      1       64
  AVERAGE         79                        75      4       77

PRECIPITATION (IN)
  TODAY            0.00                      0.11  -0.11     0.43
  MONTH TO DATE    0.24                      0.41  -0.17     0.43
  SINCE JUN 1      4.76                      3.79   0.97     8.48
  SINCE JAN 1     10.92                     11.73  -0.81    13.44

..................................................................

THE MCCOOK NE CLIMATE NORMALS FOR TOMORROW
                         NORMAL    RECORD    YEAR
 MAXIMUM TEMPERATURE (F)   90       108      1964
 MINIMUM TEMPERATURE (F)   61        48      1983

-  INDICATES NEGATIVE NUMBERS.
R  INDICATES RECORD WAS SET OR TIED.
MM INDICATES DATA IS MISSING.
T  INDICATES TRACE AMOUNT.

$$
