000
CDUS43 KGLD 230738
CLIMCK

CLIMATE REPORT
NATIONAL WEATHER SERVICE GOODLAND
135 AM MDT WED APR 23 2014


...................................

...THE MCCOOK NE CLIMATE SUMMARY FOR APRIL 22 2014...

CLIMATE NORMAL PERIOD 1981 TO 2010
CLIMATE RECORD PERIOD 1896 TO 2014


WEATHER ITEM   OBSERVED TIME   RECORD YEAR NORMAL DEPARTURE LAST
                VALUE   (LST)  VALUE       VALUE  FROM      YEAR
                                                  NORMAL
..................................................................
TEMPERATURE (F)
 YESTERDAY
  MAXIMUM         78    358 PM  96    1989  67     11       48
  MINIMUM         43    534 AM  17    1912  37      6       29
  AVERAGE         61                        52      9       39

PRECIPITATION (IN)
  YESTERDAY        0.00                      0.09  -0.09     0.80
  MONTH TO DATE    0.84                      1.56  -0.72     1.73
  SINCE MAR 1      1.10                      2.92  -1.82     2.40
  SINCE JAN 1      1.59                      4.05  -2.46     3.57

..................................................................


THE MCCOOK NE CLIMATE NORMALS FOR TODAY
                         NORMAL    RECORD    YEAR
 MAXIMUM TEMPERATURE (F)   67        98      1939
 MINIMUM TEMPERATURE (F)   37        25      1987



-  INDICATES NEGATIVE NUMBERS.
R  INDICATES RECORD WAS SET OR TIED.
MM INDICATES DATA IS MISSING.
T  INDICATES TRACE AMOUNT.

$$
