000
CDUS43 KGLD 200813
CLIMCK

CLIMATE REPORT
NATIONAL WEATHER SERVICE GOODLAND
205 AM MDT MON OCT 20 2014


...................................

...THE MCCOOK NE CLIMATE SUMMARY FOR OCTOBER 19 2014...

CLIMATE NORMAL PERIOD 1981 TO 2010
CLIMATE RECORD PERIOD 1896 TO 2014


WEATHER ITEM   OBSERVED TIME   RECORD YEAR NORMAL DEPARTURE LAST
                VALUE   (LST)  VALUE       VALUE  FROM      YEAR
                                                  NORMAL
..................................................................
TEMPERATURE (F)
 YESTERDAY
  MAXIMUM         74    413 PM  93    2003  65      9       68
  MINIMUM         39    649 AM  20    1989  35      4       28
  AVERAGE         57                        50      7       48

PRECIPITATION (IN)
  YESTERDAY        0.00                      0.07  -0.07     0.00
  MONTH TO DATE    0.27                      1.15  -0.88     0.58
  SINCE SEP 1      1.95                      2.59  -0.64     2.93
  SINCE JAN 1     22.90                     20.30   2.60    12.10

..................................................................


THE MCCOOK NE CLIMATE NORMALS FOR TODAY
                         NORMAL    RECORD    YEAR
 MAXIMUM TEMPERATURE (F)   65        86      1927
 MINIMUM TEMPERATURE (F)   35        15      1916



-  INDICATES NEGATIVE NUMBERS.
R  INDICATES RECORD WAS SET OR TIED.
MM INDICATES DATA IS MISSING.
T  INDICATES TRACE AMOUNT.




$$
