000
CDUS43 KGLD 290749
CLIMCK

CLIMATE REPORT
NATIONAL WEATHER SERVICE GOODLAND
141 AM MDT WED MAR 29 2017

...................................

...THE MCCOOK NE CLIMATE SUMMARY FOR MARCH 28 2017...

CLIMATE NORMAL PERIOD 1981 TO 2010
CLIMATE RECORD PERIOD 1896 TO 2017

WEATHER ITEM   OBSERVED TIME   RECORD YEAR NORMAL DEPARTURE LAST
                VALUE   (LST)  VALUE       VALUE  FROM      YEAR
                                                  NORMAL
..................................................................
TEMPERATURE (F)
 YESTERDAY
  MAXIMUM         47    541 PM  88    1963  58    -11       69
  MINIMUM         42   1159 PM   5    1931  28     14       31
  AVERAGE         45                        43      2       50

PRECIPITATION (IN)
  YESTERDAY        0.58                      0.05   0.53     0.00
  MONTH TO DATE    0.87                      1.20  -0.33     0.48
  SINCE MAR 1      0.87                      1.20  -0.33     0.48
  SINCE JAN 1      1.57                      2.33  -0.76     1.49

..................................................................

THE MCCOOK NE CLIMATE NORMALS FOR TODAY
                         NORMAL    RECORD    YEAR
 MAXIMUM TEMPERATURE (F)   59        92      1943
 MINIMUM TEMPERATURE (F)   28        10      1987

-  INDICATES NEGATIVE NUMBERS.
R  INDICATES RECORD WAS SET OR TIED.
MM INDICATES DATA IS MISSING.
T  INDICATES TRACE AMOUNT.

$$
