000
CDUS42 KFFC 020932
CLIMCN


CLIMATE REPORT
NATIONAL WEATHER SERVICE PEACHTREE CITY GA
432 AM EST MON MAR 2 2015


...................................

...THE MACON CLIMATE SUMMARY FOR MARCH 1 2015...

CLIMATE NORMAL PERIOD 1981 TO 2010
CLIMATE RECORD PERIOD 1899 TO 2015


WEATHER ITEM   OBSERVED TIME   RECORD YEAR NORMAL DEPARTURE LAST
                VALUE   (LST)  VALUE       VALUE  FROM      YEAR
                                                  NORMAL
..................................................................
TEMPERATURE (F)
 YESTERDAY
  MAXIMUM         45    602 PM  84    1918  66    -21       68
  MINIMUM         38   1000 AM  20    2002  41     -3       40
  AVERAGE         42                        53    -11       54

PRECIPITATION (IN)
  YESTERDAY        0.08          3.37 1913   0.15  -0.07     0.00
  MONTH TO DATE    0.08                      0.15  -0.07     0.00
  SINCE MAR 1      0.08                      0.15  -0.07     0.00
  SINCE JAN 1      6.88                      8.75  -1.87     7.83

SNOWFALL (IN)
  YESTERDAY       MM             1.0  2009   0.0   MM        0.0
  MONTH TO DATE   MM                         0.0   MM        0.0
  SINCE MAR 1     MM                         0.0   MM        0.0
  SINCE JUL 1      0.0                       0.5   -0.5      2.1
  SNOW DEPTH       0

DEGREE DAYS
 HEATING
  YESTERDAY       23                        12     11       11
  MONTH TO DATE   23                        12     11       11
  SINCE MAR 1     23                        12     11       11
  SINCE JUL 1   2236                      1937    299     2144

 COOLING
  YESTERDAY        0                         0      0        0
  MONTH TO DATE    0                         0      0        0
  SINCE MAR 1      0                         0      0        0
  SINCE JAN 1      0                         3     -3        1
..................................................................


WIND (MPH)
  RESULTANT WIND SPEED   5   RESULTANT WIND DIRECTION  NE (50)
  HIGHEST WIND SPEED    14   HIGHEST WIND DIRECTION    NE (60)
  HIGHEST GUST SPEED    16   HIGHEST GUST DIRECTION    NE (60)
  AVERAGE WIND SPEED     6.0


SKY COVER
  AVERAGE SKY COVER 1.0


WEATHER CONDITIONS
 THE FOLLOWING WEATHER WAS RECORDED YESTERDAY.
  RAIN
  LIGHT RAIN
  FOG


RELATIVE HUMIDITY (PERCENT)
 HIGHEST   100           700 AM
 LOWEST     89           100 AM
 AVERAGE    95

..........................................................


THE MACON CLIMATE NORMALS FOR TODAY
                         NORMAL    RECORD    YEAR
 MAXIMUM TEMPERATURE (F)   66        85      1951
 MINIMUM TEMPERATURE (F)   41        20      1980
                                             1914


SUNRISE AND SUNSET
MARCH  2 2015.........SUNRISE   701 AM EST   SUNSET   632 PM EST
MARCH  3 2015.........SUNRISE   700 AM EST   SUNSET   633 PM EST


-  INDICATES NEGATIVE NUMBERS.
R  INDICATES RECORD WAS SET OR TIED.
MM INDICATES DATA IS MISSING.
T  INDICATES TRACE AMOUNT.




$$
