000
CDUS42 KFFC 270021
CLIMCN


CLIMATE REPORT
NATIONAL WEATHER SERVICE PEACHTREE CITY GA
821 PM EDT THU MAY 26 2016


...................................

...THE MACON CLIMATE SUMMARY FOR MAY 26 2016...
VALID AS OF 0800 PM LOCAL TIME.

CLIMATE NORMAL PERIOD 1981 TO 2010
CLIMATE RECORD PERIOD 1899 TO 2016


WEATHER ITEM   OBSERVED TIME   RECORD YEAR NORMAL DEPARTURE LAST
                VALUE   (LST)  VALUE       VALUE  FROM      YEAR
                                                  NORMAL
..................................................................
TEMPERATURE (F)
 TODAY
  MAXIMUM         90    330 PM  98    1962  87      3       90
  MINIMUM         63    514 AM  49    1979  63      0       68
  AVERAGE         77                        75      2       79

PRECIPITATION (IN)
  TODAY            0.00          3.19 1923   0.10  -0.10     0.35
  MONTH TO DATE    1.96                      2.17  -0.21     1.15
  SINCE MAR 1     12.23                      9.68   2.55     9.70
  SINCE JAN 1     17.96                     18.28  -0.32    16.50

DEGREE DAYS
 COOLING
  TODAY           12                        10      2       14
  MONTH TO DATE  174                       175     -1      201
  SINCE MAR 1    293                       256     37      325
  SINCE JAN 1    294                       259     35      325
..................................................................


WIND (MPH)
  HIGHEST WIND SPEED    10   HIGHEST WIND DIRECTION     S (190)
  HIGHEST GUST SPEED    12   HIGHEST GUST DIRECTION     S (190)
  AVERAGE WIND SPEED     4.5


SKY COVER
  AVERAGE SKY COVER 0.0


WEATHER CONDITIONS
 THE FOLLOWING WEATHER WAS RECORDED TODAY.
  NO SIGNIFICANT WEATHER WAS OBSERVED.


RELATIVE HUMIDITY (PERCENT)
 HIGHEST    93           200 AM
 LOWEST     38           400 PM

..........................................................


THE MACON CLIMATE NORMALS FOR TOMORROW
                         NORMAL    RECORD
 MAXIMUM TEMPERATURE (F)   87        99
 MINIMUM TEMPERATURE (F)   63        45


SUNRISE AND SUNSET
MAY 26 2016...........SUNRISE   630 AM EDT   SUNSET   834 PM EDT
MAY 27 2016...........SUNRISE   629 AM EDT   SUNSET   835 PM EDT


-  INDICATES NEGATIVE NUMBERS.
R  INDICATES RECORD WAS SET OR TIED.
MM INDICATES DATA IS MISSING.
T  INDICATES TRACE AMOUNT.




$$
