000
CDUS42 KFFC 200818
CLIMCN


CLIMATE REPORT
NATIONAL WEATHER SERVICE PEACHTREE CITY GA
417 AM EDT MON OCT 20 2014


...................................

...THE MACON CLIMATE SUMMARY FOR OCTOBER 19 2014...

CLIMATE NORMAL PERIOD 1981 TO 2010
CLIMATE RECORD PERIOD 1899 TO 2014


WEATHER ITEM   OBSERVED TIME   RECORD YEAR NORMAL DEPARTURE LAST
                VALUE   (LST)  VALUE       VALUE  FROM      YEAR
                                                  NORMAL
..................................................................
TEMPERATURE (F)
 YESTERDAY
  MAXIMUM         74    401 PM  89    1926  77     -3       72
  MINIMUM         46    639 AM  35    2009  51     -5       58
                                      1948
  AVERAGE         60                        64     -4       65

PRECIPITATION (IN)
  YESTERDAY        0.00          1.74 1950   0.08  -0.08     0.01
  MONTH TO DATE    1.57                      1.78  -0.21     0.51
  SINCE SEP 1      4.36                      5.37  -1.01     2.28
  SINCE JAN 1     38.29                     37.31   0.98    60.41

DEGREE DAYS
 HEATING
  YESTERDAY        5                         3      2        0
  MONTH TO DATE   33                        39     -6        0
  SINCE SEP 1     34                        45    -11        0
  SINCE JUL 1     34                        45    -11        0

 COOLING
  YESTERDAY        0                         2     -2        0
  MONTH TO DATE   96                        74     22       75
  SINCE SEP 1    435                       380     55      365
  SINCE JAN 1   2033                      2124    -91     1840
..................................................................


WIND (MPH)
  RESULTANT WIND SPEED   2   RESULTANT WIND DIRECTION   N (10)
  HIGHEST WIND SPEED    10   HIGHEST WIND DIRECTION     E (90)
  HIGHEST GUST SPEED    15   HIGHEST GUST DIRECTION     E (90)
  AVERAGE WIND SPEED     3.2


SKY COVER
  AVERAGE SKY COVER 0.0


WEATHER CONDITIONS
 THE FOLLOWING WEATHER WAS RECORDED YESTERDAY.
  FOG


RELATIVE HUMIDITY (PERCENT)
 HIGHEST   100           900 PM
 LOWEST     38           100 PM
 AVERAGE    69

..........................................................


THE MACON CLIMATE NORMALS FOR TODAY
                         NORMAL    RECORD    YEAR
 MAXIMUM TEMPERATURE (F)   76        91      1943
 MINIMUM TEMPERATURE (F)   51        32      1967


SUNRISE AND SUNSET
OCTOBER 20 2014.......SUNRISE   742 AM EDT   SUNSET   656 PM EDT
OCTOBER 21 2014.......SUNRISE   743 AM EDT   SUNSET   655 PM EDT


-  INDICATES NEGATIVE NUMBERS.
R  INDICATES RECORD WAS SET OR TIED.
MM INDICATES DATA IS MISSING.
T  INDICATES TRACE AMOUNT.




$$
