000
CDUS42 KFFC 232035
CLIMCN


CLIMATE REPORT
NATIONAL WEATHER SERVICE PEACHTREE CITY GA
434 PM EDT SAT JUL 23 2016


...................................

...THE MACON CLIMATE SUMMARY FOR JULY 23 2016...
VALID TODAY AS OF 0400 PM LOCAL TIME.

CLIMATE NORMAL PERIOD 1981 TO 2010
CLIMATE RECORD PERIOD 1899 TO 2016


WEATHER ITEM   OBSERVED TIME   RECORD YEAR NORMAL DEPARTURE LAST
                VALUE   (LST)  VALUE       VALUE  FROM      YEAR
                                                  NORMAL
..................................................................
TEMPERATURE (F)
 TODAY
  MAXIMUM         96    320 PM 102    1987  93      3       98
                                      1952
                                      1907
  MINIMUM         73    607 AM  62    1966  71      2       73
                                      1947
  AVERAGE         85                        82      3       86

PRECIPITATION (IN)
  TODAY            0.00          2.75 1919   0.15  -0.15     0.99
  MONTH TO DATE    1.52                      3.73  -2.21     1.35
  SINCE JUN 1      3.41                      7.79  -4.38     5.13
  SINCE JAN 1     21.37                     26.62  -5.25    21.63

DEGREE DAYS
 HEATING
  TODAY            0                         0      0        0
  MONTH TO DATE    0                         0      0        0
  SINCE JUN 1      0                         0      0        0
  SINCE JUL 1      0                         0      0        0

 COOLING
  TODAY           20                        17      3       21
  MONTH TO DATE  447                       385     62      437
  SINCE JUN 1    942                       804    138      918
  SINCE JAN 1   1294                      1117    177     1303
..................................................................


WIND (MPH)
  RESULTANT WIND SPEED   3   RESULTANT WIND DIRECTION  SW (210)
  HIGHEST WIND SPEED    13   HIGHEST WIND DIRECTION     S (190)
  HIGHEST GUST SPEED    18   HIGHEST GUST DIRECTION    SW (210)
  AVERAGE WIND SPEED     4.0


SKY COVER
  AVERAGE SKY COVER 0.1


WEATHER CONDITIONS
 THE FOLLOWING WEATHER WAS RECORDED TODAY.
  FOG


RELATIVE HUMIDITY (PERCENT)
 HIGHEST    94          1200 AM
 LOWEST     39           300 PM
 AVERAGE    67

..........................................................


THE MACON CLIMATE NORMALS FOR TOMORROW
                         NORMAL    RECORD    YEAR
 MAXIMUM TEMPERATURE (F)   93       105      1952
 MINIMUM TEMPERATURE (F)   71        63      1947


SUNRISE AND SUNSET
JULY 23 2016..........SUNRISE   643 AM EDT   SUNSET   839 PM EDT
JULY 24 2016..........SUNRISE   644 AM EDT   SUNSET   838 PM EDT


-  INDICATES NEGATIVE NUMBERS.
R  INDICATES RECORD WAS SET OR TIED.
MM INDICATES DATA IS MISSING.
T  INDICATES TRACE AMOUNT.




$$
