000
CDUS42 KFFC 040823
CLIMCN


CLIMATE REPORT
NATIONAL WEATHER SERVICE PEACHTREE CITY GA
422 AM EDT SAT JUL 4 2015


...................................

...THE MACON CLIMATE SUMMARY FOR JULY 3 2015...

CLIMATE NORMAL PERIOD 1981 TO 2010
CLIMATE RECORD PERIOD 1899 TO 2015


WEATHER ITEM   OBSERVED TIME   RECORD YEAR NORMAL DEPARTURE LAST
                VALUE   (LST)  VALUE       VALUE  FROM      YEAR
                                                  NORMAL
..................................................................
TEMPERATURE (F)
 YESTERDAY
  MAXIMUM         92    423 PM 104    1970  92      0       94
  MINIMUM         71   1159 PM  63    2010  70      1       69
                                      1919
                                      1918
  AVERAGE         82                        81      1       82

PRECIPITATION (IN)
  YESTERDAY        0.09          2.92 2001   0.15  -0.06     0.00
  MONTH TO DATE    0.26                      0.46  -0.20     0.00
  SINCE JUN 1      4.04                      4.52  -0.48     5.65
  SINCE JAN 1     20.54                     23.35  -2.81    27.84

DEGREE DAYS
 HEATING
  YESTERDAY        0                         0      0        0
  MONTH TO DATE    0                         0      0        0
  SINCE JUN 1      0                         0      0        0
  SINCE JUL 1      0                         0      0        0

 COOLING
  YESTERDAY       17                        16      1       17
  MONTH TO DATE   48                        48      0       51
  SINCE JUN 1    529                       467     62      466
  SINCE JAN 1    914                       780    134      744
..................................................................


WIND (MPH)
  RESULTANT WIND SPEED   8   RESULTANT WIND DIRECTION   W (250)
  HIGHEST WIND SPEED    31   HIGHEST WIND DIRECTION     W (270)
  HIGHEST GUST SPEED    40   HIGHEST GUST DIRECTION     W (270)
  AVERAGE WIND SPEED     9.1


SKY COVER
  AVERAGE SKY COVER 0.4


WEATHER CONDITIONS
 THE FOLLOWING WEATHER WAS RECORDED YESTERDAY.
  HEAVY RAIN
  LIGHT RAIN
  FOG
  HAZE


RELATIVE HUMIDITY (PERCENT)
 HIGHEST    93          1200 AM
 LOWEST     41           400 PM
 AVERAGE    67

..........................................................


THE MACON CLIMATE NORMALS FOR TODAY
                         NORMAL    RECORD    YEAR
 MAXIMUM TEMPERATURE (F)   92       101      1979
 MINIMUM TEMPERATURE (F)   70        59      1967


SUNRISE AND SUNSET
JULY  4 2015..........SUNRISE   632 AM EDT   SUNSET   846 PM EDT
JULY  5 2015..........SUNRISE   632 AM EDT   SUNSET   846 PM EDT


-  INDICATES NEGATIVE NUMBERS.
R  INDICATES RECORD WAS SET OR TIED.
MM INDICATES DATA IS MISSING.
T  INDICATES TRACE AMOUNT.




$$
