000
CDUS42 KMLB 080627
CLIMCO


CLIMATE REPORT
NATIONAL WEATHER SERVICE MELBOURNE FL
127 AM EST MON FEB 8 2016


...................................

...THE ORLANDO  CLIMATE SUMMARY FOR FEBRUARY 7 2016...

CLIMATE NORMAL PERIOD 1981 TO 2010
CLIMATE RECORD PERIOD 1892 TO 2016


WEATHER ITEM   OBSERVED TIME   RECORD YEAR NORMAL DEPARTURE LAST
                VALUE   (LST)  VALUE       VALUE  FROM      YEAR
                                                  NORMAL
..................................................................
TEMPERATURE (F)
 YESTERDAY
  MAXIMUM         59    403 PM  86    1904  73    -14       73
  MINIMUM         45   1159 PM  19    1895  51     -6       47
  AVERAGE         52                        62    -10       60

PRECIPITATION (IN)
  YESTERDAY        0.01          1.40 1971   0.08  -0.07     0.00
  MONTH TO DATE    0.67                      0.58   0.09     1.65
  SINCE DEC 1      7.04                      5.51   1.53     6.76
  SINCE JAN 1      6.32                      2.93   3.39     5.17

SNOWFALL (IN)
  YESTERDAY       MM
  MONTH TO DATE    0.0
  SINCE DEC 1      0.0
  SINCE JUL 1      0.0

DEGREE DAYS
 HEATING
  YESTERDAY       13                         5      8        5
  MONTH TO DATE   32                        35     -3       31
  SINCE DEC 1    232                       372   -140      266
  SINCE JUL 1    241                       419   -178      348

 COOLING
  YESTERDAY        0                         2     -2        0
  MONTH TO DATE   30                        14     16        0
  SINCE DEC 1    268                       129    139      156
  SINCE JAN 1     45                        59    -14       52
..................................................................


WIND (MPH)
  HIGHEST WIND SPEED    24   HIGHEST WIND DIRECTION     W (280)
  HIGHEST GUST SPEED    31   HIGHEST GUST DIRECTION     W (270)
  AVERAGE WIND SPEED    13.8


SKY COVER
  AVERAGE SKY COVER 0.5


WEATHER CONDITIONS
 THE FOLLOWING WEATHER WAS RECORDED YESTERDAY.
  LIGHT RAIN


RELATIVE HUMIDITY (PERCENT)
 HIGHEST    93           200 AM
 LOWEST     31           400 PM
 AVERAGE    62

..........................................................


THE ORLANDO  CLIMATE NORMALS FOR TODAY
                         NORMAL    RECORD    YEAR
 MAXIMUM TEMPERATURE (F)   73        88      1921
                                             1904
 MINIMUM TEMPERATURE (F)   51        22      1895


SUNRISE AND SUNSET
FEBRUARY  8 2016......SUNRISE   709 AM EST   SUNSET   610 PM EST
FEBRUARY  9 2016......SUNRISE   708 AM EST   SUNSET   611 PM EST


-  INDICATES NEGATIVE NUMBERS.
R  INDICATES RECORD WAS SET OR TIED.
MM INDICATES DATA IS MISSING.
T  INDICATES TRACE AMOUNT.




$$
