000
CDUS42 KMLB 300635
CLIMCO


CLIMATE REPORT
NATIONAL WEATHER SERVICE MELBOURNE FL
235 AM EDT THU MAR 30 2017


...................................

...THE ORLANDO  CLIMATE SUMMARY FOR MARCH 29 2017...

CLIMATE NORMAL PERIOD 1981 TO 2010
CLIMATE RECORD PERIOD 1892 TO 2017


WEATHER ITEM   OBSERVED TIME   RECORD YEAR NORMAL DEPARTURE LAST
                VALUE   (LST)  VALUE       VALUE  FROM      YEAR
                                                  NORMAL
..................................................................
TEMPERATURE (F)
 YESTERDAY
  MAXIMUM         91    346 PM  95    1920  80     11       80
  MINIMUM         61    427 AM  39    1955  57      4       66
  AVERAGE         76                        69      7       73

PRECIPITATION (IN)
  YESTERDAY        0.00          4.48 1930   0.13  -0.13     0.30
  MONTH TO DATE    0.09                      3.51  -3.42     5.30
  SINCE MAR 1      0.09                      3.51  -3.42     5.30
  SINCE JAN 1      3.02                      8.24  -5.22    12.64

SNOWFALL (IN)
  YESTERDAY        0.0
  MONTH TO DATE    0.0
  SINCE MAR 1      0.0
  SINCE JUL 1      0.0

DEGREE DAYS
 HEATING
  YESTERDAY        0                         1     -1        0
  MONTH TO DATE   37                        57    -20       16
  SINCE MAR 1     37                        57    -20       16
  SINCE JUL 1    206                       556   -350      370

 COOLING
  YESTERDAY       11                         4      7        8
  MONTH TO DATE  139                       107     32      196
  SINCE MAR 1    139                       107     32      196
  SINCE JAN 1    340                       211    129      258
..................................................................


WIND (MPH)
  HIGHEST WIND SPEED    14   HIGHEST WIND DIRECTION     E (110)
  HIGHEST GUST SPEED    17   HIGHEST GUST DIRECTION    SE (120)
  AVERAGE WIND SPEED     4.2


SKY COVER
  AVERAGE SKY COVER 0.4


WEATHER CONDITIONS
 THE FOLLOWING WEATHER WAS RECORDED YESTERDAY.
  NO SIGNIFICANT WEATHER WAS OBSERVED.


RELATIVE HUMIDITY (PERCENT)
 HIGHEST    90           500 AM
 LOWEST     31           300 PM
 AVERAGE    61

..........................................................


THE ORLANDO  CLIMATE NORMALS FOR TODAY
                         NORMAL    RECORD    YEAR
 MAXIMUM TEMPERATURE (F)   80        97      1907
 MINIMUM TEMPERATURE (F)   58        38      1937


SUNRISE AND SUNSET
MARCH 30 2017.........SUNRISE   717 AM EDT   SUNSET   742 PM EDT
MARCH 31 2017.........SUNRISE   716 AM EDT   SUNSET   743 PM EDT


-  INDICATES NEGATIVE NUMBERS.
R  INDICATES RECORD WAS SET OR TIED.
MM INDICATES DATA IS MISSING.
T  INDICATES TRACE AMOUNT.




$$
