000
CDUS42 KMLB 010626
CLIMCO


CLIMATE REPORT
NATIONAL WEATHER SERVICE MELBOURNE FL
126 AM EST SUN FEB 1 2015


...................................

...THE ORLANDO  CLIMATE SUMMARY FOR JANUARY 31 2015...

CLIMATE NORMAL PERIOD 1981 TO 2010
CLIMATE RECORD PERIOD 1892 TO 2015


WEATHER ITEM   OBSERVED TIME   RECORD YEAR NORMAL DEPARTURE LAST
                VALUE   (LST)  VALUE       VALUE  FROM      YEAR
                                                  NORMAL
..................................................................
TEMPERATURE (F)
 YESTERDAY
  MAXIMUM         72    202 PM  86    1982  72      0       66
                                      1947
                                      1932
  MINIMUM         46    358 AM  24    1966  50     -4       50
  AVERAGE         59                        61     -2       58

PRECIPITATION (IN)
  YESTERDAY        0.00          1.34 1926   0.08  -0.08     0.41
  MONTH TO DATE    3.52                      2.35   1.17     2.92
  SINCE DEC 1      5.11                      4.93   0.18     3.19
  SINCE JAN 1      3.52                      2.35   1.17     2.92

SNOWFALL (IN)
  YESTERDAY        0.0
  MONTH TO DATE    0.0
  SINCE DEC 1      0.0
  SINCE JUL 1      0.0

DEGREE DAYS
 HEATING
  YESTERDAY        6                         5      1        7
  MONTH TO DATE  141                       192    -51      234
  SINCE DEC 1    235                       337   -102      268
  SINCE JUL 1    317                       384    -67      291

 COOLING
  YESTERDAY        0                         2     -2        0
  MONTH TO DATE   52                        45      7       45
  SINCE DEC 1    156                       115     41      178
  SINCE JAN 1     52                        45      7       45
..................................................................


WIND (MPH)
  HIGHEST WIND SPEED    17   HIGHEST WIND DIRECTION     E (90)
  HIGHEST GUST SPEED    22   HIGHEST GUST DIRECTION     E (100)
  AVERAGE WIND SPEED     8.9


SKY COVER
  AVERAGE SKY COVER 0.7


WEATHER CONDITIONS
 THE FOLLOWING WEATHER WAS RECORDED YESTERDAY.
  NO SIGNIFICANT WEATHER WAS OBSERVED.


RELATIVE HUMIDITY (PERCENT)
 HIGHEST    83          1000 PM
 LOWEST     44           100 PM
 AVERAGE    64

..........................................................


THE ORLANDO  CLIMATE NORMALS FOR TODAY
                         NORMAL    RECORD    YEAR
 MAXIMUM TEMPERATURE (F)   72        87      1985
 MINIMUM TEMPERATURE (F)   50        28      1936
                                             1909


SUNRISE AND SUNSET
FEBRUARY  1 2015......SUNRISE   713 AM EST   SUNSET   605 PM EST
FEBRUARY  2 2015......SUNRISE   713 AM EST   SUNSET   606 PM EST


-  INDICATES NEGATIVE NUMBERS.
R  INDICATES RECORD WAS SET OR TIED.
MM INDICATES DATA IS MISSING.
T  INDICATES TRACE AMOUNT.




$$
