000
CDUS42 KMLB 302018
CLIMCO


CLIMATE REPORT
NATIONAL WEATHER SERVICE MELBOURNE FL
418 PM EDT SAT JUL 30 2016


...................................

...THE ORLANDO  CLIMATE SUMMARY FOR JULY 30 2016...
VALID TODAY AS OF 0400 PM LOCAL TIME.

CLIMATE NORMAL PERIOD 1981 TO 2010
CLIMATE RECORD PERIOD 1892 TO 2016


WEATHER ITEM   OBSERVED TIME   RECORD YEAR NORMAL DEPARTURE LAST
                VALUE   (LST)  VALUE       VALUE  FROM      YEAR
                                                  NORMAL
..................................................................
TEMPERATURE (F)
 TODAY
  MAXIMUM         95    244 PM 100    1961  92      3       92
  MINIMUM         75    343 AM  64    1893  74      1       75
  AVERAGE         85                        83      2       84

PRECIPITATION (IN)
  TODAY            0.00          2.05 2002   0.23  -0.23     0.05
  MONTH TO DATE    3.99                      7.04  -3.05     7.26
  SINCE JUN 1     11.70                     14.62  -2.92    14.05
  SINCE JAN 1     31.79                     29.25   2.54    28.04

SNOWFALL (IN)
  TODAY            0.0
  MONTH TO DATE    0.0
  SINCE JUN 1      0.0
  SINCE JUL 1      0.0

DEGREE DAYS
 HEATING
  TODAY            0                         0      0        0
  MONTH TO DATE    0                         0      0        0
  SINCE JUN 1      0                         0      0        0
  SINCE JUL 1      0                         0      0        0

 COOLING
  TODAY           20                        18      2       19
  MONTH TO DATE  615                       532     83      566
  SINCE JUN 1   1154                      1022    132     1112
  SINCE JAN 1   2069                      1823    246     2292
..................................................................


WIND (MPH)
  HIGHEST WIND SPEED    16   HIGHEST WIND DIRECTION    NW (300)
  HIGHEST GUST SPEED    19   HIGHEST GUST DIRECTION    NW (300)
  AVERAGE WIND SPEED     3.3


SKY COVER
  AVERAGE SKY COVER 0.4


WEATHER CONDITIONS
 THE FOLLOWING WEATHER WAS RECORDED TODAY.
  NO SIGNIFICANT WEATHER WAS OBSERVED.


RELATIVE HUMIDITY (PERCENT)
 HIGHEST    94           100 AM
 LOWEST     49           200 PM
 AVERAGE    72

..........................................................


THE ORLANDO  CLIMATE NORMALS FOR TOMORROW
                         NORMAL    RECORD    YEAR
 MAXIMUM TEMPERATURE (F)   92       100      1961
 MINIMUM TEMPERATURE (F)   74        66      1893


SUNRISE AND SUNSET
JULY 30 2016..........SUNRISE   646 AM EDT   SUNSET   817 PM EDT
JULY 31 2016..........SUNRISE   647 AM EDT   SUNSET   816 PM EDT


-  INDICATES NEGATIVE NUMBERS.
R  INDICATES RECORD WAS SET OR TIED.
MM INDICATES DATA IS MISSING.
T  INDICATES TRACE AMOUNT.




$$
