000
CDUS42 KMLB 270632
CLIMCO


CLIMATE REPORT
NATIONAL WEATHER SERVICE MELBOURNE FL
230 AM EDT WED AUG 27 2014


...................................

...THE ORLANDO  CLIMATE SUMMARY FOR AUGUST 26 2014...

CLIMATE NORMAL PERIOD 1981 TO 2010
CLIMATE RECORD PERIOD 1892 TO 2014


WEATHER ITEM   OBSERVED TIME   RECORD YEAR NORMAL DEPARTURE LAST
                VALUE   (LST)  VALUE       VALUE  FROM      YEAR
                                                  NORMAL
..................................................................
TEMPERATURE (F)
 YESTERDAY
  MAXIMUM         92    103 PM  98    1916  91      1       89
                                      1915
                                      1903
  MINIMUM         75    559 AM  66    1893  74      1       75
  AVERAGE         84                        83      1       82

PRECIPITATION (IN)
  YESTERDAY        T             2.57 1961   0.22  -0.22     0.45
  MONTH TO DATE    6.63                      6.03   0.60     5.11
  SINCE JUN 1     20.06                     20.88  -0.82    23.78
  SINCE JAN 1     37.41                     35.51   1.90    34.65

SNOWFALL (IN)
  YESTERDAY        0.0
  MONTH TO DATE    0.0
  SINCE JUN 1      0.0
  SINCE JUL 1      0.0

DEGREE DAYS
 HEATING
  YESTERDAY        0                         0      0        0
  MONTH TO DATE    0                         0      0        0
  SINCE JUN 1      0                         0      0        0
  SINCE JUL 1      0                         0      0        0

 COOLING
  YESTERDAY       19                        18      1       17
  MONTH TO DATE  497                       468     29      494
  SINCE JUN 1   1570                      1507     63     1532
  SINCE JAN 1   2504                      2308    196     2404
..................................................................


WIND (MPH)
  HIGHEST WIND SPEED    24   HIGHEST WIND DIRECTION    NE (60)
  HIGHEST GUST SPEED    29   HIGHEST GUST DIRECTION    NE (50)
  AVERAGE WIND SPEED    12.6


SKY COVER
  AVERAGE SKY COVER 0.3


WEATHER CONDITIONS
 THE FOLLOWING WEATHER WAS RECORDED YESTERDAY.
  LIGHT RAIN


RELATIVE HUMIDITY (PERCENT)
 HIGHEST    94           200 AM
 LOWEST     44           100 PM
 AVERAGE    69

..........................................................


THE ORLANDO  CLIMATE NORMALS FOR TODAY
                         NORMAL    RECORD    YEAR
 MAXIMUM TEMPERATURE (F)   91        97      1943
                                             1920
                                             1914
 MINIMUM TEMPERATURE (F)   74        64      1930
                                             1893


SUNRISE AND SUNSET
AUGUST 27 2014........SUNRISE   701 AM EDT   SUNSET   752 PM EDT
AUGUST 28 2014........SUNRISE   702 AM EDT   SUNSET   751 PM EDT


-  INDICATES NEGATIVE NUMBERS.
R  INDICATES RECORD WAS SET OR TIED.
MM INDICATES DATA IS MISSING.
T  INDICATES TRACE AMOUNT.




$$
