000
CDUS42 KMLB 010635
CLIMCO


CLIMATE REPORT
NATIONAL WEATHER SERVICE MELBOURNE FL
235 AM EDT WED JUL 1 2015


...................................

...THE ORLANDO  CLIMATE SUMMARY FOR JUNE 30 2015...

CLIMATE NORMAL PERIOD 1981 TO 2010
CLIMATE RECORD PERIOD 1892 TO 2015


WEATHER ITEM   OBSERVED TIME   RECORD YEAR NORMAL DEPARTURE LAST
                VALUE   (LST)  VALUE       VALUE  FROM      YEAR
                                                  NORMAL
..................................................................
TEMPERATURE (F)
 YESTERDAY
  MAXIMUM         95    449 PM  99    1998  91      4       89
  MINIMUM         75    627 AM  64    1893  73      2       78
  AVERAGE         85                        82      3       84

PRECIPITATION (IN)
  YESTERDAY        0.00          3.87 1966   0.26  -0.26     0.02
  MONTH TO DATE    6.79                      7.58  -0.79     4.64
  SINCE JUN 1      6.79                      7.58  -0.79     4.64
  SINCE JAN 1     20.78                     22.21  -1.43    21.99

SNOWFALL (IN)
  YESTERDAY        0.0
  MONTH TO DATE    0.0
  SINCE JUN 1      0.0
  SINCE JUL 1      0.0

DEGREE DAYS
 HEATING
  YESTERDAY        0                         0      0        0
  MONTH TO DATE    0                         0      0        0
  SINCE JUN 1      0                         0      0        0
  SINCE JUL 1    486                       571    -85      406

 COOLING
  YESTERDAY       20                        17      3       19
  MONTH TO DATE  546                       490     56      503
  SINCE JUN 1    546                       490     56      503
  SINCE JAN 1   1726                      1291    435     1437
..................................................................


WIND (MPH)
  HIGHEST WIND SPEED    17   HIGHEST WIND DIRECTION     W (270)
  HIGHEST GUST SPEED    22   HIGHEST GUST DIRECTION     W (260)
  AVERAGE WIND SPEED     8.8


SKY COVER
  AVERAGE SKY COVER 0.7


WEATHER CONDITIONS
 THE FOLLOWING WEATHER WAS RECORDED YESTERDAY.
  NO SIGNIFICANT WEATHER WAS OBSERVED.


RELATIVE HUMIDITY (PERCENT)
 HIGHEST   100          1200 AM
 LOWEST     39           600 PM
 AVERAGE    70

..........................................................


THE ORLANDO  CLIMATE NORMALS FOR TODAY
                         NORMAL    RECORD    YEAR
 MAXIMUM TEMPERATURE (F)   91        99      1998
 MINIMUM TEMPERATURE (F)   73        64      1981
                                             1893


SUNRISE AND SUNSET
JULY  1 2015..........SUNRISE   631 AM EDT   SUNSET   827 PM EDT
JULY  2 2015..........SUNRISE   632 AM EDT   SUNSET   827 PM EDT


-  INDICATES NEGATIVE NUMBERS.
R  INDICATES RECORD WAS SET OR TIED.
MM INDICATES DATA IS MISSING.
T  INDICATES TRACE AMOUNT.




$$
