000
CDUS42 KMLB 250627
CLIMCO


CLIMATE REPORT
NATIONAL WEATHER SERVICE MELBOURNE FL
226 AM EDT SUN SEP 25 2016


...................................

...THE ORLANDO  CLIMATE SUMMARY FOR SEPTEMBER 24 2016...

CLIMATE NORMAL PERIOD 1981 TO 2010
CLIMATE RECORD PERIOD 1892 TO 2016


WEATHER ITEM   OBSERVED TIME   RECORD YEAR NORMAL DEPARTURE LAST
                VALUE   (LST)  VALUE       VALUE  FROM      YEAR
                                                  NORMAL
..................................................................
TEMPERATURE (F)
 YESTERDAY
  MAXIMUM         94    322 PM  98    1919  89      5       88
  MINIMUM         75    642 AM  60    1916  72      3       74
  AVERAGE         85                        80      5       81

PRECIPITATION (IN)
  YESTERDAY        0.00          1.73 1975   0.19  -0.19      T
  MONTH TO DATE    5.89                      4.97   0.92     3.66
  SINCE SEP 1      5.89                      4.97   0.92     3.66
  SINCE JAN 1     47.58                     41.58   6.00    47.72

SNOWFALL (IN)
  YESTERDAY        0.0
  MONTH TO DATE    0.0
  SINCE SEP 1      0.0
  SINCE JUL 1      0.0

DEGREE DAYS
 HEATING
  YESTERDAY        0                         0      0        0
  MONTH TO DATE    0                         0      0        0
  SINCE SEP 1      0                         0      0        0
  SINCE JUL 1      0                         0      0        0

 COOLING
  YESTERDAY       20                        15      5       16
  MONTH TO DATE  426                       394     32      411
  SINCE SEP 1    426                       394     32      411
  SINCE JAN 1   3099                      2787    312     3282
..................................................................


WIND (MPH)
  HIGHEST WIND SPEED    18   HIGHEST WIND DIRECTION     E (110)
  HIGHEST GUST SPEED    23   HIGHEST GUST DIRECTION     E (110)
  AVERAGE WIND SPEED     3.8


SKY COVER
  AVERAGE SKY COVER 0.7


WEATHER CONDITIONS
 THE FOLLOWING WEATHER WAS RECORDED YESTERDAY.
  NO SIGNIFICANT WEATHER WAS OBSERVED.


RELATIVE HUMIDITY (PERCENT)
 HIGHEST    94           400 AM
 LOWEST     49           200 PM
 AVERAGE    72

..........................................................


THE ORLANDO  CLIMATE NORMALS FOR TODAY
                         NORMAL    RECORD    YEAR
 MAXIMUM TEMPERATURE (F)   89        98      1919
 MINIMUM TEMPERATURE (F)   72        62      1914


SUNRISE AND SUNSET
SEPTEMBER 25 2016.....SUNRISE   715 AM EDT   SUNSET   718 PM EDT
SEPTEMBER 26 2016.....SUNRISE   716 AM EDT   SUNSET   716 PM EDT


-  INDICATES NEGATIVE NUMBERS.
R  INDICATES RECORD WAS SET OR TIED.
MM INDICATES DATA IS MISSING.
T  INDICATES TRACE AMOUNT.




$$
