000
CDUS43 KDMX 230649
CLIMCW

CLIMATE REPORT
NATIONAL WEATHER SERVICE DES MOINES IA
136 AM CDT SUN APR 23 2017

...................................

...THE MASON CITY IA CLIMATE SUMMARY FOR APRIL 22 2017...

CLIMATE NORMAL PERIOD 1981 TO 2010
CLIMATE RECORD PERIOD 1893 TO 2017


WEATHER ITEM   OBSERVED TIME   RECORD YEAR NORMAL DEPARTURE LAST
                VALUE   (LST)  VALUE       VALUE  FROM      YEAR
                                                  NORMAL
..................................................................
TEMPERATURE (F)
 YESTERDAY
  MAXIMUM         67    258 PM  93    1980  62      5       65
  MINIMUM         34    536 AM  21    1936  38     -4       42
  AVERAGE         51                        50      1       54

PRECIPITATION (IN)
  YESTERDAY        0.00          1.76 1999   0.13  -0.13     0.00
  MONTH TO DATE    3.37                      2.64   0.73     0.52
  SINCE MAR 1      5.28                      4.87   0.41     3.74
  SINCE JAN 1      9.27                      6.69   2.58     5.03

SNOWFALL (IN)
  YESTERDAY        0.0           3.4  1984   0.0    0.0      0.0
  MONTH TO DATE    0.0                       2.4   -2.4       T
  SINCE MAR 1      8.5                       8.4    0.1      8.2
  SINCE JUL 1     47.9                      40.9    7.0     50.9
  SNOW DEPTH       0

DEGREE DAYS
 HEATING
  YESTERDAY       14                        16     -2       11
  MONTH TO DATE  318                       445   -127      394
  SINCE MAR 1   1336                      1439   -103     1185
  SINCE JUL 1   6248                      7290  -1042     6284

 COOLING
  YESTERDAY        0                         0      0        0
  MONTH TO DATE    0                         0      0        3
  SINCE MAR 1      0                         0      0        3
  SINCE JAN 1      0                         0      0        3
..................................................................


WIND (MPH)
  HIGHEST WIND SPEED    14   HIGHEST WIND DIRECTION     N (20)
  HIGHEST GUST SPEED    19   HIGHEST GUST DIRECTION     N (20)
  AVERAGE WIND SPEED     5.2


SKY COVER
  POSSIBLE SUNSHINE  MM
  AVERAGE SKY COVER 0.0


WEATHER CONDITIONS
 THE FOLLOWING WEATHER WAS RECORDED YESTERDAY.
  NO SIGNIFICANT WEATHER WAS OBSERVED.


RELATIVE HUMIDITY (PERCENT)
 HIGHEST    89           500 AM
 LOWEST     24           300 PM
 AVERAGE    57

..........................................................


THE MASON CITY IA CLIMATE NORMALS FOR TODAY
                         NORMAL    RECORD    YEAR
 MAXIMUM TEMPERATURE (F)   62        90      1924
 MINIMUM TEMPERATURE (F)   38        22      2015
                                             1967


SUNRISE AND SUNSET
APRIL 23 2017.........SUNRISE   618 AM CDT   SUNSET   806 PM CDT
APRIL 24 2017.........SUNRISE   617 AM CDT   SUNSET   807 PM CDT


-  INDICATES NEGATIVE NUMBERS.
R  INDICATES RECORD WAS SET OR TIED.
MM INDICATES DATA IS MISSING.
T  INDICATES TRACE AMOUNT.




$$
