000
CDUS41 KCTP 202120
CLIMDT


CLIMATE REPORT
NATIONAL WEATHER SERVICE STATE COLLEGE PA
519 PM EDT FRI OCT 20 2017


...................................

...THE HARRISBURG PA CLIMATE SUMMARY FOR OCTOBER 20 2017...
VALID TODAY AS OF 0500 PM LOCAL TIME.

CLIMATE NORMAL PERIOD 1981 TO 2010
CLIMATE RECORD PERIOD 1888 TO 2017


WEATHER ITEM   OBSERVED TIME   RECORD YEAR NORMAL DEPARTURE LAST
                VALUE   (LST)  VALUE       VALUE  FROM      YEAR
                                                  NORMAL
..................................................................
TEMPERATURE (F)
 TODAY
  MAXIMUM         73    338 PM  82    1969  63     10       80
  MINIMUM         48    621 AM  28    1992  43      5       63
                                      1981
  AVERAGE         61                        53      8       72

PRECIPITATION (IN)
  TODAY            0.00          1.72 1944   0.10  -0.10     0.00
  MONTH TO DATE    2.16                      2.25  -0.09     0.58
  SINCE SEP 1      4.71                      6.32  -1.61     5.00
  SINCE JAN 1     38.92                     33.26   5.66    35.77

SNOWFALL (IN)
  TODAY            0.0           0.1  1940   0.0    0.0      0.0
  MONTH TO DATE    0.0                       0.0    0.0      0.0
  SINCE SEP 1      0.0                       0.0    0.0      0.0
  SINCE JUL 1      0.0                       0.0    0.0      0.0
  SNOW DEPTH       0

DEGREE DAYS
 HEATING
  TODAY            4                        12     -8        0
  MONTH TO DATE   74                       186   -112       91
  SINCE SEP 1    112                       256   -144      112
  SINCE JUL 1    114                       258   -144      112

 COOLING
  TODAY            0                         0      0        7
  MONTH TO DATE   61                        10     51       25
  SINCE SEP 1    216                       107    109      248
  SINCE JAN 1   1214                      1003    211     1512
..................................................................


WIND (MPH)
  HIGHEST WIND SPEED    14   HIGHEST WIND DIRECTION    NW (330)
  HIGHEST GUST SPEED    19   HIGHEST GUST DIRECTION    NW (320)
  AVERAGE WIND SPEED     4.1


SKY COVER
  POSSIBLE SUNSHINE  MM
  AVERAGE SKY COVER 0.1


WEATHER CONDITIONS
 THE FOLLOWING WEATHER WAS RECORDED TODAY.
  NO SIGNIFICANT WEATHER WAS OBSERVED.


RELATIVE HUMIDITY (PERCENT)
 HIGHEST   100           400 AM
 LOWEST     27           200 PM
 AVERAGE    64

..........................................................


THE HARRISBURG PA CLIMATE NORMALS FOR TOMORROW
                         NORMAL    RECORD    YEAR
 MAXIMUM TEMPERATURE (F)   63        84      1947
 MINIMUM TEMPERATURE (F)   43        29      1972
                                             1952
                                             1940


SUNRISE AND SUNSET
OCTOBER 20 2017.......SUNRISE   723 AM EDT   SUNSET   620 PM EDT
OCTOBER 21 2017.......SUNRISE   724 AM EDT   SUNSET   618 PM EDT


-  INDICATES NEGATIVE NUMBERS.
R  INDICATES RECORD WAS SET OR TIED.
MM INDICATES DATA IS MISSING.
T  INDICATES TRACE AMOUNT.




$$
