000
CDUS41 KCTP 290620
CLIMDT


CLIMATE REPORT
NATIONAL WEATHER SERVICE STATE COLLEGE PA
219 AM EDT FRI APR 29 2016


...................................

...THE HARRISBURG PA CLIMATE SUMMARY FOR APRIL 28 2016...

CLIMATE NORMAL PERIOD 1981 TO 2010
CLIMATE RECORD PERIOD 1888 TO 2016


WEATHER ITEM   OBSERVED TIME   RECORD YEAR NORMAL DEPARTURE LAST
                VALUE   (LST)  VALUE       VALUE  FROM      YEAR
                                                  NORMAL
..................................................................
TEMPERATURE (F)
 YESTERDAY
  MAXIMUM         54   1012 AM  90    1957  67    -13       71
  MINIMUM         45   1159 PM  33    1934  46     -1       48
                                      1928
  AVERAGE         50                        56     -6       60

PRECIPITATION (IN)
  YESTERDAY        0.37          1.55 2011   0.10   0.27     0.00
  MONTH TO DATE    2.36                      2.89  -0.53     1.98
  SINCE MAR 1      3.66                      6.26  -2.60     5.54
  SINCE JAN 1     13.58                     11.53   2.05     9.13

SNOWFALL (IN)
  YESTERDAY        0.0           0.9  1928   0.0    0.0      0.0
  MONTH TO DATE    1.2                       0.4    0.8       T
  SINCE MAR 1      1.4                       5.6   -4.2     11.8
  SINCE JUL 1     39.1                      30.6    8.5     39.2
  SNOW DEPTH       0

DEGREE DAYS
 HEATING
  YESTERDAY       15                         9      6        5
  MONTH TO DATE  362                       375    -13      334
  SINCE MAR 1    882                      1098   -216     1228
  SINCE JUL 1   4254                      5086   -832     5531

 COOLING
  YESTERDAY        0                         0      0        0
  MONTH TO DATE   11                         0     11        0
  SINCE MAR 1     12                         1     11        0
  SINCE JAN 1     12                         1     11        0
..................................................................


WIND (MPH)
  HIGHEST WIND SPEED    12   HIGHEST WIND DIRECTION     E (90)
  HIGHEST GUST SPEED    15   HIGHEST GUST DIRECTION     E (100)
  AVERAGE WIND SPEED     5.1


SKY COVER
  POSSIBLE SUNSHINE  MM
  AVERAGE SKY COVER 1.0


WEATHER CONDITIONS
 THE FOLLOWING WEATHER WAS RECORDED YESTERDAY.
  LIGHT RAIN
  FOG


RELATIVE HUMIDITY (PERCENT)
 HIGHEST    92           300 PM
 LOWEST     35           900 AM
 AVERAGE    64

..........................................................


THE HARRISBURG PA CLIMATE NORMALS FOR TODAY
                         NORMAL    RECORD    YEAR
 MAXIMUM TEMPERATURE (F)   67        90      1974
 MINIMUM TEMPERATURE (F)   46        32      2001


SUNRISE AND SUNSET
APRIL 29 2016.........SUNRISE   609 AM EDT   SUNSET   801 PM EDT
APRIL 30 2016.........SUNRISE   607 AM EDT   SUNSET   802 PM EDT


-  INDICATES NEGATIVE NUMBERS.
R  INDICATES RECORD WAS SET OR TIED.
MM INDICATES DATA IS MISSING.
T  INDICATES TRACE AMOUNT.




$$
