000
CDUS41 KCTP 210626
CLIMDT


CLIMATE REPORT
NATIONAL WEATHER SERVICE STATE COLLEGE PA
226 AM EDT MON AUG 21 2017


...................................

...THE HARRISBURG PA CLIMATE SUMMARY FOR AUGUST 20 2017...

CLIMATE NORMAL PERIOD 1981 TO 2010
CLIMATE RECORD PERIOD 1888 TO 2017


WEATHER ITEM   OBSERVED TIME   RECORD YEAR NORMAL DEPARTURE LAST
                VALUE   (LST)  VALUE       VALUE  FROM      YEAR
                                                  NORMAL
..................................................................
TEMPERATURE (F)
 YESTERDAY
  MAXIMUM         84    409 PM 100    1983  83      1       91
                                      1962
  MINIMUM         65    449 AM  50    1964  64      1       68
                                      1949
                                      1944
  AVERAGE         75                        74      1       80

PRECIPITATION (IN)
  YESTERDAY        T             1.97 2004   0.10  -0.10     0.00
  MONTH TO DATE    4.06                      2.08   1.98     1.68
  SINCE JUN 1     17.15                     10.29   6.86    11.24
  SINCE JAN 1     33.60                     25.82   7.78    28.43

DEGREE DAYS
 HEATING
  YESTERDAY        0                         0      0        0
  MONTH TO DATE    0                         0      0        0
  SINCE JUN 1      7                        18    -11        5
  SINCE JUL 1      0                         0      0        0

 COOLING
  YESTERDAY       10                         9      1       15
  MONTH TO DATE  191                       193     -2      308
  SINCE JUN 1    855                       744    111     1029
  SINCE JAN 1    932                       809    123     1126
..................................................................


WIND (MPH)
  HIGHEST WIND SPEED    13   HIGHEST WIND DIRECTION    NW (320)
  HIGHEST GUST SPEED    15   HIGHEST GUST DIRECTION    NW (310)
  AVERAGE WIND SPEED     4.9


SKY COVER
  POSSIBLE SUNSHINE  MM
  AVERAGE SKY COVER 0.2


WEATHER CONDITIONS
 THE FOLLOWING WEATHER WAS RECORDED YESTERDAY.
  NO SIGNIFICANT WEATHER WAS OBSERVED.


RELATIVE HUMIDITY (PERCENT)
 HIGHEST    93           300 AM
 LOWEST     51           100 PM
 AVERAGE    72

..........................................................


THE HARRISBURG PA CLIMATE NORMALS FOR TODAY
                         NORMAL    RECORD    YEAR
 MAXIMUM TEMPERATURE (F)   83        97      1916
 MINIMUM TEMPERATURE (F)   64        50      2000
                                             1949
                                             1940


SUNRISE AND SUNSET
AUGUST 21 2017........SUNRISE   624 AM EDT   SUNSET   755 PM EDT
AUGUST 22 2017........SUNRISE   625 AM EDT   SUNSET   754 PM EDT


-  INDICATES NEGATIVE NUMBERS.
R  INDICATES RECORD WAS SET OR TIED.
MM INDICATES DATA IS MISSING.
T  INDICATES TRACE AMOUNT.




$$
