000
CDUS41 KCTP 122217
CLIMDT


CLIMATE REPORT
NATIONAL WEATHER SERVICE STATE COLLEGE PA
516 PM EST FRI FEB 12 2016


...................................

...THE HARRISBURG PA CLIMATE SUMMARY FOR FEBRUARY 12 2016...
VALID TODAY AS OF 0500 PM LOCAL TIME.

CLIMATE NORMAL PERIOD 1981 TO 2010
CLIMATE RECORD PERIOD 1888 TO 2016


WEATHER ITEM   OBSERVED TIME   RECORD YEAR NORMAL DEPARTURE LAST
                VALUE   (LST)  VALUE       VALUE  FROM      YEAR
                                                  NORMAL
..................................................................
TEMPERATURE (F)
 TODAY
  MAXIMUM         25    341 PM  74    1999  40    -15       38
  MINIMUM          6    726 AM   0    1979  24    -18       12
  AVERAGE         16                        32    -16       25

PRECIPITATION (IN)
  TODAY            T             1.84 1985   0.08  -0.08     0.01
  MONTH TO DATE    1.73                      1.00   0.73     0.44
  SINCE DEC 1     10.65                      7.11   3.54     6.20
  SINCE JAN 1      6.36                      3.88   2.48     2.94

SNOWFALL (IN)
  TODAY            T             6.0  1899   0.4   -0.4       T
  MONTH TO DATE    5.5                       4.7    0.8      1.8
  SINCE DEC 1     36.1                      18.6   17.5     15.6
  SINCE JUL 1     36.1                      19.2   16.9     18.0
  SNOW DEPTH       4

DEGREE DAYS
 HEATING
  TODAY           49                        33     16       40
  MONTH TO DATE  393                       408    -15      454
  SINCE DEC 1   2086                      2458   -372     2515
  SINCE JUL 1   2861                      3497   -636     3528

 COOLING
  TODAY            0                         0      0        0
  MONTH TO DATE    0                         0      0        0
  SINCE DEC 1      0                         0      0        0
  SINCE JAN 1      0                         0      0        0
..................................................................


WIND (MPH)
  HIGHEST WIND SPEED    21   HIGHEST WIND DIRECTION    NW (310)
  HIGHEST GUST SPEED    25   HIGHEST GUST DIRECTION    NW (300)
  AVERAGE WIND SPEED     8.2


SKY COVER
  POSSIBLE SUNSHINE  MM
  AVERAGE SKY COVER 0.5


WEATHER CONDITIONS
 THE FOLLOWING WEATHER WAS RECORDED TODAY.
  LIGHT SNOW
  HAZE


RELATIVE HUMIDITY (PERCENT)
 HIGHEST    73           700 AM
 LOWEST     42           200 PM
 AVERAGE    58

..........................................................


THE HARRISBURG PA CLIMATE NORMALS FOR TOMORROW
                         NORMAL    RECORD    YEAR
 MAXIMUM TEMPERATURE (F)   40        63      1974
 MINIMUM TEMPERATURE (F)   25         1      1917
                                             1914


SUNRISE AND SUNSET
FEBRUARY 12 2016......SUNRISE   705 AM EST   SUNSET   539 PM EST
FEBRUARY 13 2016......SUNRISE   703 AM EST   SUNSET   540 PM EST


-  INDICATES NEGATIVE NUMBERS.
R  INDICATES RECORD WAS SET OR TIED.
MM INDICATES DATA IS MISSING.
T  INDICATES TRACE AMOUNT.




$$
