000
CDUS41 KCTP 240615
CLIMDT


CLIMATE REPORT
NATIONAL WEATHER SERVICE STATE COLLEGE PA
215 AM EDT WED MAY 24 2017


...................................

...THE HARRISBURG PA CLIMATE SUMMARY FOR MAY 23 2017...

CLIMATE NORMAL PERIOD 1981 TO 2010
CLIMATE RECORD PERIOD 1888 TO 2017


WEATHER ITEM   OBSERVED TIME   RECORD YEAR NORMAL DEPARTURE LAST
                VALUE   (LST)  VALUE       VALUE  FROM      YEAR
                                                  NORMAL
..................................................................
TEMPERATURE (F)
 YESTERDAY
  MAXIMUM         67    226 PM  94    1925  74     -7       72
  MINIMUM         52    504 AM  40    2002  55     -3       55
  AVERAGE         60                        64     -4       64

PRECIPITATION (IN)
  YESTERDAY        T             1.41 1979   0.12  -0.12     0.16
  MONTH TO DATE    2.84                      2.78   0.06     3.08
  SINCE MAR 1     10.98                      9.25   1.73     6.89
  SINCE JAN 1     15.36                     14.52   0.84    16.81

SNOWFALL (IN)
  YESTERDAY        0.0           0.0  2002   0.0    0.0      0.0
                                      2001
  MONTH TO DATE    0.0                       0.0    0.0      0.0
  SINCE MAR 1     18.4                       5.6   12.8      1.4
  SINCE JUL 1     23.9                      30.6   -6.7     39.1
  SNOW DEPTH       0

DEGREE DAYS
 HEATING
  YESTERDAY        5                         3      2        1
  MONTH TO DATE  136                       127      9      173
  SINCE MAR 1   1114                      1242   -128     1084
  SINCE JUL 1   4352                      5230   -878     4456

 COOLING
  YESTERDAY        0                         3     -3        0
  MONTH TO DATE   40                        34      6        2
  SINCE MAR 1     67                        41     26       14
  SINCE JAN 1     67                        41     26       14
..................................................................


WIND (MPH)
  HIGHEST WIND SPEED     9   HIGHEST WIND DIRECTION     E (100)
  HIGHEST GUST SPEED    12   HIGHEST GUST DIRECTION     E (100)
  AVERAGE WIND SPEED     2.2


SKY COVER
  POSSIBLE SUNSHINE  MM
  AVERAGE SKY COVER 0.9


WEATHER CONDITIONS
 THE FOLLOWING WEATHER WAS RECORDED YESTERDAY.
  LIGHT RAIN
  FOG
  FOG W/VISIBILITY <= 1/4 MILE


RELATIVE HUMIDITY (PERCENT)
 HIGHEST   100          1200 AM
 LOWEST     56          1100 AM
 AVERAGE    78

..........................................................


THE HARRISBURG PA CLIMATE NORMALS FOR TODAY
                         NORMAL    RECORD    YEAR
 MAXIMUM TEMPERATURE (F)   74        91      1964
 MINIMUM TEMPERATURE (F)   55        35      1963


SUNRISE AND SUNSET
MAY 24 2017...........SUNRISE   544 AM EDT   SUNSET   824 PM EDT
MAY 25 2017...........SUNRISE   543 AM EDT   SUNSET   825 PM EDT


-  INDICATES NEGATIVE NUMBERS.
R  INDICATES RECORD WAS SET OR TIED.
MM INDICATES DATA IS MISSING.
T  INDICATES TRACE AMOUNT.




$$
