873
CDUS41 KCTP 160611
CLIMDT


CLIMATE REPORT
NATIONAL WEATHER SERVICE STATE COLLEGE PA
111 AM EST MON JAN 16 2017


...................................

...THE HARRISBURG PA CLIMATE SUMMARY FOR JANUARY 15 2017...

CLIMATE NORMAL PERIOD 1981 TO 2010
CLIMATE RECORD PERIOD 1888 TO 2017


WEATHER ITEM   OBSERVED TIME   RECORD YEAR NORMAL DEPARTURE LAST
                VALUE   (LST)  VALUE       VALUE  FROM      YEAR
                                                  NORMAL
..................................................................
TEMPERATURE (F)
 YESTERDAY
  MAXIMUM         41    409 PM  67    1937  37      4       47
  MINIMUM         24   1158 PM  -3    1964  23      1       25
  AVERAGE         33                        30      3       36

PRECIPITATION (IN)
  YESTERDAY        0.00          1.44 1918   0.10  -0.10     0.21
  MONTH TO DATE    1.07                      1.41  -0.34     1.70
  SINCE DEC 1      3.43                      4.64  -1.21     5.99
  SINCE JAN 1      1.07                      1.41  -0.34     1.70

SNOWFALL (IN)
  YESTERDAY        0.0           8.0  1918   0.3   -0.3      0.0
  MONTH TO DATE    0.9                       3.8   -2.9      0.3
  SINCE DEC 1      1.7                       8.9   -7.2      0.3
  SINCE JUL 1      1.7                       9.5   -7.8      0.3
  SNOW DEPTH       0

DEGREE DAYS
 HEATING
  YESTERDAY       32                        35     -3       29
  MONTH TO DATE  478                       522    -44      485
  SINCE DEC 1   1375                      1484   -109     1084
  SINCE JUL 1   2161                      2523   -362     1859

 COOLING
  YESTERDAY        0                         0      0        0
  MONTH TO DATE    0                         0      0        0
  SINCE DEC 1      0                         0      0        0
  SINCE JAN 1      0                         0      0        0
..................................................................


WIND (MPH)
  HIGHEST WIND SPEED    14   HIGHEST WIND DIRECTION     N (340)
  HIGHEST GUST SPEED    19   HIGHEST GUST DIRECTION     W (290)
  AVERAGE WIND SPEED     5.1


SKY COVER
  POSSIBLE SUNSHINE  MM
  AVERAGE SKY COVER 0.6


WEATHER CONDITIONS
 THE FOLLOWING WEATHER WAS RECORDED YESTERDAY.
  FOG


RELATIVE HUMIDITY (PERCENT)
 HIGHEST   100          1200 AM
 LOWEST     41           300 PM
 AVERAGE    71

..........................................................


THE HARRISBURG PA CLIMATE NORMALS FOR TODAY
                         NORMAL    RECORD    YEAR
 MAXIMUM TEMPERATURE (F)   37        62      1990
 MINIMUM TEMPERATURE (F)   23        -4      1893


SUNRISE AND SUNSET
JANUARY 16 2017.......SUNRISE   727 AM EST   SUNSET   507 PM EST
JANUARY 17 2017.......SUNRISE   727 AM EST   SUNSET   508 PM EST


-  INDICATES NEGATIVE NUMBERS.
R  INDICATES RECORD WAS SET OR TIED.
MM INDICATES DATA IS MISSING.
T  INDICATES TRACE AMOUNT.




$$
