000
CDUS41 KCTP 210627
CLIMDT


CLIMATE REPORT
NATIONAL WEATHER SERVICE STATE COLLEGE PA
227 AM EDT TUE OCT 21 2014


...................................

...THE HARRISBURG PA CLIMATE SUMMARY FOR OCTOBER 20 2014...

CLIMATE NORMAL PERIOD 1981 TO 2010
CLIMATE RECORD PERIOD 1888 TO 2014


WEATHER ITEM   OBSERVED TIME   RECORD YEAR NORMAL DEPARTURE LAST
                VALUE   (LST)  VALUE       VALUE  FROM      YEAR
                                                  NORMAL
..................................................................
TEMPERATURE (F)
 YESTERDAY
  MAXIMUM         63    300 PM  82    1969  63      0       61
  MINIMUM         36    427 AM  28    1992  43     -7       41
                                      1981
  AVERAGE         50                        53     -3       51

PRECIPITATION (IN)
  YESTERDAY        0.08          1.72 1944   0.10  -0.02     0.00
  MONTH TO DATE    2.20                      2.25  -0.05    10.99
  SINCE SEP 1      3.74                      6.32  -2.58    12.15
  SINCE JAN 1     37.41                     33.26   4.15    36.42

SNOWFALL (IN)
  YESTERDAY        0.0
  MONTH TO DATE    0.0
  SINCE SEP 1      0.0
  SINCE JUL 1      0.0
  SNOW DEPTH       0

DEGREE DAYS
 HEATING
  YESTERDAY       15                        12      3       14
  MONTH TO DATE  136                       186    -50       89
  SINCE SEP 1    170                       256    -86      164
  SINCE JUL 1    170                       258    -88      164

 COOLING
  YESTERDAY        0                         0      0        0
  MONTH TO DATE    8                        10     -2       45
  SINCE SEP 1    149                       107     42      153
  SINCE JAN 1   1050                      1003     47     1105
..................................................................


WIND (MPH)
  HIGHEST WIND SPEED    17   HIGHEST WIND DIRECTION     S (190)
  HIGHEST GUST SPEED    24   HIGHEST GUST DIRECTION     S (200)
  AVERAGE WIND SPEED     4.5


SKY COVER
  POSSIBLE SUNSHINE  MM
  AVERAGE SKY COVER 0.8


WEATHER CONDITIONS
 THE FOLLOWING WEATHER WAS RECORDED YESTERDAY.
  HEAVY RAIN
  FOG


RELATIVE HUMIDITY (PERCENT)
 HIGHEST    92           400 AM
 LOWEST     42          1200 PM
 AVERAGE    67

..........................................................


THE HARRISBURG PA CLIMATE NORMALS FOR TODAY
                         NORMAL    RECORD    YEAR
 MAXIMUM TEMPERATURE (F)   63        84      1947
 MINIMUM TEMPERATURE (F)   43        29      1972
                                             1952
                                             1940


SUNRISE AND SUNSET
OCTOBER 21 2014.......SUNRISE   724 AM EDT   SUNSET   619 PM EDT
OCTOBER 22 2014.......SUNRISE   725 AM EDT   SUNSET   617 PM EDT


-  INDICATES NEGATIVE NUMBERS.
R  INDICATES RECORD WAS SET OR TIED.
MM INDICATES DATA IS MISSING.
T  INDICATES TRACE AMOUNT.




$$
