000
CDUS41 KCTP 270719
CLIMDT


CLIMATE REPORT
NATIONAL WEATHER SERVICE STATE COLLEGE PA
219 AM EST THU NOV 27 2014


...................................

...THE HARRISBURG PA CLIMATE SUMMARY FOR NOVEMBER 26 2014...

CLIMATE NORMAL PERIOD 1981 TO 2010
CLIMATE RECORD PERIOD 1888 TO 2014


WEATHER ITEM   OBSERVED TIME   RECORD YEAR NORMAL DEPARTURE LAST
                VALUE   (LST)  VALUE       VALUE  FROM      YEAR
                                                  NORMAL
..................................................................
TEMPERATURE (F)
 YESTERDAY
  MAXIMUM         42    545 AM  70    1979  49     -7       36
  MINIMUM         32    201 PM  13    1938  32      0       31
  AVERAGE         37                        40     -3       34

PRECIPITATION (IN)
  YESTERDAY        0.78          1.29 2013   0.11   0.67     1.29
  MONTH TO DATE    2.75                      2.72   0.03     2.17
  SINCE SEP 1      6.72                     10.06  -3.34    14.37
  SINCE JAN 1     40.39                     37.00   3.39    38.64

SNOWFALL (IN)
  YESTERDAY        2.4
  MONTH TO DATE    2.4
  SINCE SEP 1      2.4
  SINCE JUL 1      2.4
  SNOW DEPTH       0

DEGREE DAYS
 HEATING
  YESTERDAY       28                        25      3       31
  MONTH TO DATE  609                       524     85      570
  SINCE SEP 1    888                       934    -46      916
  SINCE JUL 1    888                       936    -48      916

 COOLING
  YESTERDAY        0                         0      0        0
  MONTH TO DATE    0                         0      0        0
  SINCE SEP 1    149                       106     43      153
  SINCE JAN 1   1050                      1002     48     1105
..................................................................


WIND (MPH)
  HIGHEST WIND SPEED    16   HIGHEST WIND DIRECTION    NW (310)
  HIGHEST GUST SPEED    21   HIGHEST GUST DIRECTION    NW (310)
  AVERAGE WIND SPEED     7.1


SKY COVER
  POSSIBLE SUNSHINE  MM
  AVERAGE SKY COVER 1.0


WEATHER CONDITIONS
 THE FOLLOWING WEATHER WAS RECORDED YESTERDAY.
  RAIN
  LIGHT RAIN
  SNOW
  LIGHT SNOW
  FOG


RELATIVE HUMIDITY (PERCENT)
 HIGHEST   100          1100 AM
 LOWEST     57           500 AM
 AVERAGE    79

..........................................................


THE HARRISBURG PA CLIMATE NORMALS FOR TODAY
                         NORMAL    RECORD    YEAR
 MAXIMUM TEMPERATURE (F)   48        71      1896
 MINIMUM TEMPERATURE (F)   31        13      1938


SUNRISE AND SUNSET
NOVEMBER 27 2014......SUNRISE   706 AM EST   SUNSET   443 PM EST
NOVEMBER 28 2014......SUNRISE   707 AM EST   SUNSET   443 PM EST


-  INDICATES NEGATIVE NUMBERS.
R  INDICATES RECORD WAS SET OR TIED.
MM INDICATES DATA IS MISSING.
T  INDICATES TRACE AMOUNT.




$$
