000
CDUS43 KLOT 250634
CLIMDW


CLIMATE REPORT
NATIONAL WEATHER SERVICE CHICAGO IL
133 AM CDT SUN SEP 25 2016


...................................

...THE CHICAGO-MIDWAY CLIMATE SUMMARY FOR SEPTEMBER 24 2016...

CLIMATE NORMAL PERIOD 1981 TO 2010
CLIMATE RECORD PERIOD 1928 TO 2016


WEATHER ITEM   OBSERVED TIME   RECORD YEAR NORMAL DEPARTURE LAST
                VALUE   (LST)  VALUE       VALUE  FROM      YEAR
                                                  NORMAL
..................................................................
TEMPERATURE (F)
 YESTERDAY
  MAXIMUM         76    130 PM  91    2007  72      4       78
  MINIMUM         67    704 AM  30    1928  54     13       62
  AVERAGE         72                        63      9       70

PRECIPITATION (IN)
  YESTERDAY        0.00          1.85 1977   0.11  -0.11     0.00
  MONTH TO DATE    0.58                      2.70  -2.12     5.07
  SINCE SEP 1      0.58                      2.70  -2.12     5.07
  SINCE JAN 1     25.23                     29.25  -4.02    22.63

DEGREE DAYS
 HEATING
  YESTERDAY        0                         4     -4        0
  MONTH TO DATE    0                        47    -47       14
  SINCE SEP 1      0                        47    -47       14
  SINCE JUL 1      0                        52    -52       20

 COOLING
  YESTERDAY        7                         2      5        5
  MONTH TO DATE  218                       109    109      202
  SINCE SEP 1    218                       109    109      202
  SINCE JAN 1   1410                      1019    391     1115
..................................................................


WIND (MPH)
  RESULTANT WIND SPEED   9   RESULTANT WIND DIRECTION   E (70)
  HIGHEST WIND SPEED    15   HIGHEST WIND DIRECTION    NE (60)
  HIGHEST GUST SPEED    20   HIGHEST GUST DIRECTION    NE (60)
  AVERAGE WIND SPEED     9.7



WEATHER CONDITIONS
 THE FOLLOWING WEATHER WAS RECORDED YESTERDAY.
  NO SIGNIFICANT WEATHER WAS OBSERVED.


..........................................................


THE CHICAGO-MIDWAY CLIMATE NORMALS FOR TODAY
                         NORMAL    RECORD    YEAR
 MAXIMUM TEMPERATURE (F)   72        91      1986
                                             1933
 MINIMUM TEMPERATURE (F)   53        30      1942


SUNRISE AND SUNSET
SEPTEMBER 25 2016.....SUNRISE   642 AM CDT   SUNSET   642 PM CDT
SEPTEMBER 26 2016.....SUNRISE   643 AM CDT   SUNSET   640 PM CDT


-  INDICATES NEGATIVE NUMBERS.
R  INDICATES RECORD WAS SET OR TIED.
MM INDICATES DATA IS MISSING.
T  INDICATES TRACE AMOUNT.




$$
