000
CDUS43 KLOT 300632
CLIMDW


CLIMATE REPORT
NATIONAL WEATHER SERVICE CHICAGO IL
132 AM CDT SAT AUG 30 2014


...................................

...THE CHICAGO-MIDWAY CLIMATE SUMMARY FOR AUGUST 29 2014...

CLIMATE NORMAL PERIOD 1981 TO 2010
CLIMATE RECORD PERIOD 1928 TO 2014


WEATHER ITEM   OBSERVED TIME   RECORD YEAR NORMAL DEPARTURE LAST
                VALUE   (LST)  VALUE       VALUE  FROM      YEAR
                                                  NORMAL
..................................................................
TEMPERATURE (F)
 YESTERDAY
  MAXIMUM         88    312 PM  98    1953  81      7       87
  MINIMUM         73    700 AM  43    1965  64      9       69
  AVERAGE         81                        73      8       78

PRECIPITATION (IN)
  YESTERDAY        0.00          2.02 1955   0.12  -0.12     0.00
  MONTH TO DATE    9.31                      3.74   5.57     1.51
  SINCE JUN 1     22.21                     11.81  10.40     5.92
  SINCE JAN 1     33.50                     26.30   7.20    23.51

DEGREE DAYS
 HEATING
  YESTERDAY        0                         0      0        0
  MONTH TO DATE    0                         0      0        0
  SINCE JUN 1      3                        32    -29       40
  SINCE JUL 1      1                         1      0        4

 COOLING
  YESTERDAY       16                         8      8       13
  MONTH TO DATE  302                       272     30      271
  SINCE JUN 1    792                       820    -28      763
  SINCE JAN 1    903                       894      9      869
..................................................................


WIND (MPH)
  RESULTANT WIND SPEED  10   RESULTANT WIND DIRECTION   S (170)
  HIGHEST WIND SPEED    17   HIGHEST WIND DIRECTION    SE (140)
  HIGHEST GUST SPEED    25   HIGHEST GUST DIRECTION     S (170)
  AVERAGE WIND SPEED    10.5



WEATHER CONDITIONS
 THE FOLLOWING WEATHER WAS RECORDED YESTERDAY.
  NO SIGNIFICANT WEATHER WAS OBSERVED.


..........................................................


THE CHICAGO-MIDWAY CLIMATE NORMALS FOR TODAY
                         NORMAL    RECORD    YEAR
 MAXIMUM TEMPERATURE (F)   81        96      2013
                                             1953
                                             1937
 MINIMUM TEMPERATURE (F)   64        47      1946


SUNRISE AND SUNSET
AUGUST 30 2014........SUNRISE   615 AM CDT   SUNSET   728 PM CDT
AUGUST 31 2014........SUNRISE   616 AM CDT   SUNSET   726 PM CDT


-  INDICATES NEGATIVE NUMBERS.
R  INDICATES RECORD WAS SET OR TIED.
MM INDICATES DATA IS MISSING.
T  INDICATES TRACE AMOUNT.




$$
