000
CDUS43 KLOT 030644
CLIMDW


CLIMATE REPORT
NATIONAL WEATHER SERVICE CHICAGO IL
144 AM CDT WED SEP 3 2014


...................................

...THE CHICAGO-MIDWAY CLIMATE SUMMARY FOR SEPTEMBER 2 2014...

CLIMATE NORMAL PERIOD 1981 TO 2010
CLIMATE RECORD PERIOD 1928 TO 2014


WEATHER ITEM   OBSERVED TIME   RECORD YEAR NORMAL DEPARTURE LAST
                VALUE   (LST)  VALUE       VALUE  FROM      YEAR
                                                  NORMAL
..................................................................
TEMPERATURE (F)
 YESTERDAY
  MAXIMUM         85    248 PM 101    1953  80      5       77
  MINIMUM         69    557 AM  44    1946  63      6       62
  AVERAGE         77                        72      5       70

PRECIPITATION (IN)
  YESTERDAY        0.00          1.37 1934   0.12  -0.12     0.00
  MONTH TO DATE    T                         0.24  -0.24     0.02
  SINCE SEP 1      T                         0.24  -0.24     0.02
  SINCE JAN 1     33.50                     26.79   6.71    24.96

DEGREE DAYS
 HEATING
  YESTERDAY        0                         1     -1        0
  MONTH TO DATE    0                         2     -2        0
  SINCE SEP 1      0                         2     -2        0
  SINCE JUL 1      1                         7     -6        4

 COOLING
  YESTERDAY       12                         7      5        5
  MONTH TO DATE   27                        14     13       16
  SINCE SEP 1     27                        14     13       16
  SINCE JAN 1    959                       924     35      912
..................................................................


WIND (MPH)
  RESULTANT WIND SPEED   6   RESULTANT WIND DIRECTION   W (270)
  HIGHEST WIND SPEED    17   HIGHEST WIND DIRECTION     W (280)
  HIGHEST GUST SPEED    24   HIGHEST GUST DIRECTION     W (260)
  AVERAGE WIND SPEED     6.7



WEATHER CONDITIONS
 THE FOLLOWING WEATHER WAS RECORDED YESTERDAY.
  NO SIGNIFICANT WEATHER WAS OBSERVED.


..........................................................


THE CHICAGO-MIDWAY CLIMATE NORMALS FOR TODAY
                         NORMAL    RECORD    YEAR
 MAXIMUM TEMPERATURE (F)   80        97      1953
 MINIMUM TEMPERATURE (F)   63        47      1974


SUNRISE AND SUNSET
SEPTEMBER  3 2014.....SUNRISE   619 AM CDT   SUNSET   721 PM CDT
SEPTEMBER  4 2014.....SUNRISE   620 AM CDT   SUNSET   719 PM CDT


-  INDICATES NEGATIVE NUMBERS.
R  INDICATES RECORD WAS SET OR TIED.
MM INDICATES DATA IS MISSING.
T  INDICATES TRACE AMOUNT.




$$
