000
CDUS43 KLOT 300636
CLIMDW


CLIMATE REPORT
NATIONAL WEATHER SERVICE CHICAGO IL
136 AM CDT MON MAR 30 2015


...................................

...THE CHICAGO-MIDWAY CLIMATE SUMMARY FOR MARCH 29 2015...

CLIMATE NORMAL PERIOD 1981 TO 2010
CLIMATE RECORD PERIOD 1928 TO 2015


WEATHER ITEM   OBSERVED TIME   RECORD YEAR NORMAL DEPARTURE LAST
                VALUE   (LST)  VALUE       VALUE  FROM      YEAR
                                                  NORMAL
..................................................................
TEMPERATURE (F)
 YESTERDAY
  MAXIMUM         51    658 PM  86    1986  52     -1       41
  MINIMUM         28    210 AM  17    1969  35     -7       28
  AVERAGE         40                        44     -4       35

PRECIPITATION (IN)
  YESTERDAY        0.04          1.33 1979   0.09  -0.05     0.00
  MONTH TO DATE    0.48                      2.51  -2.03     1.06
  SINCE MAR 1      0.48                      2.51  -2.03     1.06
  SINCE JAN 1      1.82                      6.51  -4.69     3.55

DEGREE DAYS
 HEATING
  YESTERDAY       25                        21      4       30
  MONTH TO DATE  796                       770     26      964
  SINCE MAR 1    796                       770     26      964
  SINCE JUL 1   5518                      5281    237     6166

 COOLING
  YESTERDAY        0                         0      0        0
  MONTH TO DATE    0                         0      0        0
  SINCE MAR 1      0                         0      0        0
  SINCE JAN 1      0                         0      0        0
..................................................................


WIND (MPH)
  RESULTANT WIND SPEED  12   RESULTANT WIND DIRECTION  SW (210)
  HIGHEST WIND SPEED    29   HIGHEST WIND DIRECTION     S (170)
  HIGHEST GUST SPEED    42   HIGHEST GUST DIRECTION     S (170)
  AVERAGE WIND SPEED    15.0



WEATHER CONDITIONS
 THE FOLLOWING WEATHER WAS RECORDED YESTERDAY.
  LIGHT RAIN


..........................................................


THE CHICAGO-MIDWAY CLIMATE NORMALS FOR TODAY
                         NORMAL    RECORD    YEAR
 MAXIMUM TEMPERATURE (F)   52        83      1986
 MINIMUM TEMPERATURE (F)   36        12      1969
                                             1964


SUNRISE AND SUNSET
MARCH 30 2015.........SUNRISE   638 AM CDT   SUNSET   714 PM CDT
MARCH 31 2015.........SUNRISE   636 AM CDT   SUNSET   715 PM CDT


-  INDICATES NEGATIVE NUMBERS.
R  INDICATES RECORD WAS SET OR TIED.
MM INDICATES DATA IS MISSING.
T  INDICATES TRACE AMOUNT.




$$
