000
CDUS44 KMEG 260632
CLIMEG


CLIMATE REPORT
NATIONAL WEATHER SERVICE MEMPHIS TN
132 AM CDT FRI MAY 26 2017


...................................

...THE MEMPHIS/GERMANTOWN WFO CLIMATE SUMMARY FOR MAY 25 2017...

CLIMATE NORMAL PERIOD 1981 TO 2010
CLIMATE RECORD PERIOD 1988 TO 2017


WEATHER ITEM   OBSERVED TIME   RECORD YEAR NORMAL DEPARTURE LAST
                VALUE   (LST)  VALUE       VALUE  FROM      YEAR
                                                  NORMAL
..................................................................
TEMPERATURE (F)
 YESTERDAY
  MAXIMUM         77    354 PM  93    2012  83     -6       85
                                      2006
  MINIMUM         50    439 AM  48    2001  62    -12       63
  AVERAGE         64                        72     -8       74

PRECIPITATION (IN)
  YESTERDAY        0.00          1.21 2016   0.15  -0.15     1.21
  MONTH TO DATE    2.27                      4.69  -2.42     4.08
  SINCE MAR 1     12.56                     14.96  -2.40    26.85
  SINCE JAN 1     17.77                     23.59  -5.82    35.80

SNOWFALL (IN)
  YESTERDAY        0.0          MM      MM                   0.0
  MONTH TO DATE    0.0                                       0.0
  SINCE MAR 1      0.4                                        T
  SINCE JUL 1      1.4                                       0.9
  SNOW DEPTH       0

DEGREE DAYS
 HEATING
  YESTERDAY        1                         1      0        0
  MONTH TO DATE   30                        39     -9       38
  SINCE MAR 1    399                       666   -267      398
  SINCE JUL 1   2240                      3412  -1172     2485

 COOLING
  YESTERDAY        0                         8     -8        9
  MONTH TO DATE   69                       133    -64       95
  SINCE MAR 1    215                       198     17      168
  SINCE JAN 1    229                       199     30      168
..................................................................







THE MEMPHIS/GERMANTOWN WFO CLIMATE NORMALS FOR TODAY
                         NORMAL    RECORD    YEAR
 MAXIMUM TEMPERATURE (F)   83        96      1989
 MINIMUM TEMPERATURE (F)   62        52      2001


SUNRISE AND SUNSET
MAY 26 2017...........SUNRISE   548 AM CDT   SUNSET   805 PM CDT
MAY 27 2017...........SUNRISE   548 AM CDT   SUNSET   805 PM CDT


-  INDICATES NEGATIVE NUMBERS.
R  INDICATES RECORD WAS SET OR TIED.
MM INDICATES DATA IS MISSING.
T  INDICATES TRACE AMOUNT.




$$
