000
CDUS44 KMEG 112201
CLIMEG


CLIMATE REPORT
NATIONAL WEATHER SERVICE MEMPHIS TN
451 PM CDT FRI JUL 11 2014


...................................

...THE MEMPHIS/GERMANTOWN WFO CLIMATE SUMMARY FOR JULY 11 2014...
VALID TODAY AS OF 0400 PM LOCAL TIME.

CLIMATE NORMAL PERIOD 1981 TO 2010
CLIMATE RECORD PERIOD 1988 TO 2014


WEATHER ITEM   OBSERVED TIME   RECORD YEAR NORMAL DEPARTURE LAST
                VALUE   (LST)  VALUE       VALUE  FROM      YEAR
                                                  NORMAL
..................................................................
TEMPERATURE (F)
 TODAY
  MAXIMUM         MM        MM 102    2011  91     MM       93
  MINIMUM         MM        MM  67    1996  71     MM       74
  AVERAGE         MM                        81     MM       84

PRECIPITATION (IN)
  TODAY           MM             1.62 1989   0.16  MM        0.00
  MONTH TO DATE    1.66                      1.57   0.09     0.87
  SINCE JUN 1     14.75                      5.25   9.50     4.74
  SINCE JAN 1     40.33                     29.74  10.59    41.08

SNOWFALL (IN)
  TODAY           MM

DEGREE DAYS
 HEATING
  TODAY           MM                         0     MM        0
  MONTH TO DATE    0                         0      0        0
  SINCE JUN 1      0                         2     -2        0
  SINCE JUL 1      0                         0      0        0

 COOLING
  TODAY           MM                        16     MM       19
  MONTH TO DATE  121                       174    -53      151
  SINCE JUN 1    538                       555    -17      559
  SINCE JAN 1    837                       806     31      819
..................................................................







THE MEMPHIS/GERMANTOWN WFO CLIMATE NORMALS FOR TOMORROW
                         NORMAL    RECORD    YEAR
 MAXIMUM TEMPERATURE (F)   91       101      2011
 MINIMUM TEMPERATURE (F)   71        67      2013


SUNRISE AND SUNSET
JULY 11 2014..........SUNRISE   554 AM CDT   SUNSET   815 PM CDT
JULY 12 2014..........SUNRISE   554 AM CDT   SUNSET   815 PM CDT


-  INDICATES NEGATIVE NUMBERS.
R  INDICATES RECORD WAS SET OR TIED.
MM INDICATES DATA IS MISSING.
T  INDICATES TRACE AMOUNT.




$$
