000
CDUS44 KMEG 050633
CLIMEG


CLIMATE REPORT
NATIONAL WEATHER SERVICE MEMPHIS TN
133 AM CDT SAT SEP 5 2015


...................................

...THE MEMPHIS/GERMANTOWN WFO CLIMATE SUMMARY FOR SEPTEMBER 4 2015...

CLIMATE NORMAL PERIOD 1981 TO 2010
CLIMATE RECORD PERIOD 1988 TO 2015


WEATHER ITEM   OBSERVED TIME   RECORD YEAR NORMAL DEPARTURE LAST
                VALUE   (LST)  VALUE       VALUE  FROM      YEAR
                                                  NORMAL
..................................................................
TEMPERATURE (F)
 YESTERDAY
  MAXIMUM         95    150 PM  99    2000  88      7       93
  MINIMUM         71    950 AM  53    2010  66      5       72
  AVERAGE         83                        77      6       83

PRECIPITATION (IN)
  YESTERDAY        0.00          0.81 2008   0.09  -0.09     0.00
  MONTH TO DATE    0.02                      0.36  -0.34     0.02
  SINCE SEP 1      0.02                      0.36  -0.34     0.02
  SINCE JAN 1     33.74                     36.37  -2.63    42.98

SNOWFALL (IN)
  YESTERDAY        0.0          MM      MM   0.0    0.0      0.0
  MONTH TO DATE    0.0                       0.0    0.0      0.0
  SINCE SEP 1      0.0                       0.0    0.0      0.0
  SINCE JUL 1      0.0                       0.0    0.0      0.0
  SNOW DEPTH       0

DEGREE DAYS
 HEATING
  YESTERDAY        0                         0      0        0
  MONTH TO DATE    0                         0      0        0
  SINCE SEP 1      0                         0      0        0
  SINCE JUL 1      0                         0      0        0

 COOLING
  YESTERDAY       18                        12      6       18
  MONTH TO DATE   68                        50     18       69
  SINCE SEP 1     68                        50     18       69
  SINCE JAN 1   1807                      1645    162     1650
..................................................................







THE MEMPHIS/GERMANTOWN WFO CLIMATE NORMALS FOR TODAY
                         NORMAL    RECORD    YEAR
 MAXIMUM TEMPERATURE (F)   88       100      2012
 MINIMUM TEMPERATURE (F)   66        50      1997


SUNRISE AND SUNSET
SEPTEMBER  5 2015.....SUNRISE   634 AM CDT   SUNSET   721 PM CDT
SEPTEMBER  6 2015.....SUNRISE   635 AM CDT   SUNSET   719 PM CDT


-  INDICATES NEGATIVE NUMBERS.
R  INDICATES RECORD WAS SET OR TIED.
MM INDICATES DATA IS MISSING.
T  INDICATES TRACE AMOUNT.




$$
