345
CDUS44 KMEG 100732
CLIMEG


CLIMATE REPORT
NATIONAL WEATHER SERVICE MEMPHIS TN
131 AM CST SUN DEC 10 2017


...................................

...THE MEMPHIS/GERMANTOWN WFO CLIMATE SUMMARY FOR DECEMBER 9 2017...

CLIMATE NORMAL PERIOD 1981 TO 2010
CLIMATE RECORD PERIOD 1988 TO 2017


WEATHER ITEM   OBSERVED TIME   RECORD YEAR NORMAL DEPARTURE LAST
                VALUE   (LST)  VALUE       VALUE  FROM      YEAR
                                                  NORMAL
..................................................................
TEMPERATURE (F)
 YESTERDAY
  MAXIMUM         47        MM  76    2007  53     -6       39
  MINIMUM         24        MM  16    2005  33     -9       21
  AVERAGE         36                        43     -7       30

PRECIPITATION (IN)
  YESTERDAY        0.00          3.71 2008   0.21  -0.21     0.00
  MONTH TO DATE    0.98                      1.83  -0.85     1.68
  SINCE DEC 1      0.98                      1.83  -0.85     1.68
  SINCE JAN 1     47.11                     50.78  -3.67    58.24

SNOWFALL (IN)
  YESTERDAY        0.0           0.2  1998                   0.0
  MONTH TO DATE    0.0                                       0.0
  SINCE DEC 1      0.0                                       0.0
  SINCE JUL 1      0.0                                       0.0
  SNOW DEPTH       0

DEGREE DAYS
 HEATING
  YESTERDAY       29                        22      7       35
  MONTH TO DATE  164                       186    -22      206
  SINCE DEC 1    164                       186    -22      206
  SINCE JUL 1    669                       785   -116      528

 COOLING
  YESTERDAY        0                         0      0        0
  MONTH TO DATE    0                         0      0        0
  SINCE DEC 1      0                         0      0        0
  SINCE JAN 1   2124                      1926    198     2423
..................................................................







THE MEMPHIS/GERMANTOWN WFO CLIMATE NORMALS FOR TODAY
                         NORMAL    RECORD    YEAR
 MAXIMUM TEMPERATURE (F)   53        67      2015
 MINIMUM TEMPERATURE (F)   33        11      1995


SUNRISE AND SUNSET
DECEMBER 10 2017......SUNRISE   657 AM CST   SUNSET   447 PM CST
DECEMBER 11 2017......SUNRISE   657 AM CST   SUNSET   448 PM CST


-  INDICATES NEGATIVE NUMBERS.
R  INDICATES RECORD WAS SET OR TIED.
MM INDICATES DATA IS MISSING.
T  INDICATES TRACE AMOUNT.




$$
