000
CDUS44 KMEG 200737
CLIMEG


CLIMATE REPORT
NATIONAL WEATHER SERVICE MEMPHIS TN
137 AM CST TUE FEB 20 2018


...................................

...THE MEMPHIS/GERMANTOWN WFO CLIMATE SUMMARY FOR FEBRUARY 19 2018...

CLIMATE NORMAL PERIOD 1981 TO 2010
CLIMATE RECORD PERIOD 1988 TO 2018


WEATHER ITEM   OBSERVED TIME   RECORD YEAR NORMAL DEPARTURE LAST
                VALUE   (LST)  VALUE       VALUE  FROM      YEAR
                                                  NORMAL
..................................................................
TEMPERATURE (F)
 YESTERDAY
  MAXIMUM         78    312 PM  79    2017  54     24       79
  MINIMUM         56   1205 AM  10    2015  34     22       45
  AVERAGE         67                        44     23       62

PRECIPITATION (IN)
  YESTERDAY        0.00          2.32 1991   0.17  -0.17     0.00
  MONTH TO DATE    5.71                      3.13   2.58     1.14
  SINCE DEC 1     16.96                     13.03   3.93    12.11
  SINCE JAN 1     10.00                      7.09   2.91     4.80

SNOWFALL (IN)
  YESTERDAY        0.0           0.0    MM                   0.0
  MONTH TO DATE    0.0                                       0.0
  SINCE DEC 1      3.8                                       1.0
  SINCE JUL 1      3.8                                       1.0
  SNOW DEPTH       0

DEGREE DAYS
 HEATING
  YESTERDAY        0                        21    -21        3
  MONTH TO DATE  388                       440    -52      256
  SINCE DEC 1   1981                      1970     11     1463
  SINCE JUL 1   2486                      2569    -83     1785

 COOLING
  YESTERDAY        2                         0      2        0
  MONTH TO DATE    7                         0      7        7
  SINCE DEC 1      7                         1      6       12
  SINCE JAN 1      7                         0      7        7
..................................................................







THE MEMPHIS/GERMANTOWN WFO CLIMATE NORMALS FOR TODAY
                         NORMAL    RECORD    YEAR
 MAXIMUM TEMPERATURE (F)   55        80      2017
 MINIMUM TEMPERATURE (F)   34        19      1993


SUNRISE AND SUNSET
FEBRUARY 20 2018......SUNRISE   640 AM CST   SUNSET   547 PM CST
FEBRUARY 21 2018......SUNRISE   639 AM CST   SUNSET   548 PM CST


-  INDICATES NEGATIVE NUMBERS.
R  INDICATES RECORD WAS SET OR TIED.
MM INDICATES DATA IS MISSING.
T  INDICATES TRACE AMOUNT.




$$
