000
CDUS44 KMEG 020638
CLIMEG


CLIMATE REPORT
NATIONAL WEATHER SERVICE MEMPHIS TN
137 AM CDT THU JUL 2 2015


...................................

...THE MEMPHIS/GERMANTOWN WFO CLIMATE SUMMARY FOR JULY 1 2015...

CLIMATE NORMAL PERIOD 1981 TO 2010
CLIMATE RECORD PERIOD 1988 TO 2015


WEATHER ITEM   OBSERVED TIME   RECORD YEAR NORMAL DEPARTURE LAST
                VALUE   (LST)  VALUE       VALUE  FROM      YEAR
                                                  NORMAL
..................................................................
TEMPERATURE (F)
 YESTERDAY
  MAXIMUM         87        MM  99    2012  90     -3       92
  MINIMUM         74        MM  61    2008  71      3       70
  AVERAGE         81                        80      1       81

PRECIPITATION (IN)
  YESTERDAY        T             0.82 1988   0.13  -0.13     0.06
  MONTH TO DATE    T                         0.13  -0.13     0.06
  SINCE JUN 1      2.94                      3.81  -0.87    13.15
  SINCE JAN 1     24.62                     28.30  -3.68    38.73

SNOWFALL (IN)
  YESTERDAY        0.0          MM      MM   0.0    0.0      0.0
  MONTH TO DATE    0.0                       0.0    0.0      0.0
  SINCE JUN 1      0.0                       0.0    0.0      0.0
  SINCE JUL 1      0.0                       0.0    0.0      0.0
  SNOW DEPTH       0

DEGREE DAYS
 HEATING
  YESTERDAY        0                         0      0        0
  MONTH TO DATE    0                         0      0        0
  SINCE JUN 1      0                         2     -2        0
  SINCE JUL 1      0                         0      0        0

 COOLING
  YESTERDAY       16                        15      1       16
  MONTH TO DATE   16                        15      1       16
  SINCE JUN 1    468                       396     72      433
  SINCE JAN 1    768                       647    121      732
..................................................................







THE MEMPHIS/GERMANTOWN WFO CLIMATE NORMALS FOR TODAY
                         NORMAL    RECORD    YEAR
 MAXIMUM TEMPERATURE (F)   90        98      2006
 MINIMUM TEMPERATURE (F)   71        60      1995


SUNRISE AND SUNSET
JULY  2 2015..........SUNRISE   549 AM CDT   SUNSET   817 PM CDT
JULY  3 2015..........SUNRISE   549 AM CDT   SUNSET   817 PM CDT


-  INDICATES NEGATIVE NUMBERS.
R  INDICATES RECORD WAS SET OR TIED.
MM INDICATES DATA IS MISSING.
T  INDICATES TRACE AMOUNT.




$$
