000
CDUS44 KMEG 020636
CLIMEG


CLIMATE REPORT
NATIONAL WEATHER SERVICE MEMPHIS TN
136 AM CDT TUE JUN 2 2015


...................................

...THE MEMPHIS/GERMANTOWN WFO CLIMATE SUMMARY FOR JUNE 1 2015...

CLIMATE NORMAL PERIOD 1981 TO 2010
CLIMATE RECORD PERIOD 1988 TO 2015


WEATHER ITEM   OBSERVED TIME   RECORD YEAR NORMAL DEPARTURE LAST
                VALUE   (LST)  VALUE       VALUE  FROM      YEAR
                                                  NORMAL
..................................................................
TEMPERATURE (F)
 YESTERDAY
  MAXIMUM         74    417 PM  94    1998  85    -11       90
  MINIMUM         61   1158 PM  49    1993  64     -3       69
  AVERAGE         68                        74     -6       80

PRECIPITATION (IN)
  YESTERDAY        0.00          0.59 1995   0.13  -0.13     0.08
  MONTH TO DATE    0.00                      0.13  -0.13     0.08
  SINCE JUN 1      0.00                      0.13  -0.13     0.08
  SINCE JAN 1     21.68                     24.62  -2.94    25.66

SNOWFALL (IN)
  YESTERDAY        0.0          MM      MM   0.0    0.0      0.0
  MONTH TO DATE    0.0                       0.0    0.0      0.0
  SINCE JUN 1      0.0                       0.0    0.0      0.0
  SINCE JUL 1      6.3                       2.4    3.9      0.8
  SNOW DEPTH      MM

DEGREE DAYS
 HEATING
  YESTERDAY        0                         0      0        0
  MONTH TO DATE    0                         0      0        0
  SINCE JUN 1      0                         0      0        0
  SINCE JUL 1   3459                      3412     47     3743

 COOLING
  YESTERDAY        3                         9     -6       15
  MONTH TO DATE    3                         9     -6       15
  SINCE JUN 1      3                         9     -6       15
  SINCE JAN 1    303                       260     43      314
..................................................................







THE MEMPHIS/GERMANTOWN WFO CLIMATE NORMALS FOR TODAY
                         NORMAL    RECORD    YEAR
 MAXIMUM TEMPERATURE (F)   85        95      2011
 MINIMUM TEMPERATURE (F)   64        52      1993


SUNRISE AND SUNSET
JUNE  2 2015..........SUNRISE   546 AM CDT   SUNSET   809 PM CDT
JUNE  3 2015..........SUNRISE   546 AM CDT   SUNSET   809 PM CDT


-  INDICATES NEGATIVE NUMBERS.
R  INDICATES RECORD WAS SET OR TIED.
MM INDICATES DATA IS MISSING.
T  INDICATES TRACE AMOUNT.




$$
