000
CDUS44 KMEG 290642
CLIMEG


CLIMATE REPORT
NATIONAL WEATHER SERVICE MEMPHIS TN
142 AM CDT TUE JUL 29 2014


...................................

...THE MEMPHIS/GERMANTOWN WFO CLIMATE SUMMARY FOR JULY 28 2014...

CLIMATE NORMAL PERIOD 1981 TO 2010
CLIMATE RECORD PERIOD 1988 TO 2014


WEATHER ITEM   OBSERVED TIME   RECORD YEAR NORMAL DEPARTURE LAST
                VALUE   (LST)  VALUE       VALUE  FROM      YEAR
                                                  NORMAL
..................................................................
TEMPERATURE (F)
 YESTERDAY
  MAXIMUM         85        MM  99    1997  91     -6       81
  MINIMUM         71        MM  60    2004  71      0       67
  AVERAGE         78                        81     -3       74

PRECIPITATION (IN)
  YESTERDAY        0.00          0.38 1998   0.14  -0.14     0.00
  MONTH TO DATE    2.95                      4.15  -1.20     5.84
  SINCE JUN 1     16.04                      7.83   8.21     9.71
  SINCE JAN 1     41.62                     32.32   9.30    46.05

SNOWFALL (IN)
  YESTERDAY        0.0          MM      MM   0.0    0.0      0.0
  MONTH TO DATE    0.0                       0.0    0.0      0.0
  SINCE JUN 1      0.0                       0.0    0.0      0.0
  SINCE JUL 1      0.0                       0.0    0.0      0.0
  SNOW DEPTH       0

DEGREE DAYS
 HEATING
  YESTERDAY        0                         0      0        0
  MONTH TO DATE    0                         0      0        0
  SINCE JUN 1      0                         2     -2        0
  SINCE JUL 1      0                         0      0        0

 COOLING
  YESTERDAY       13                        16     -3        9
  MONTH TO DATE  334                       446   -112      390
  SINCE JUN 1    751                       827    -76      798
  SINCE JAN 1   1050                      1078    -28     1058
..................................................................







THE MEMPHIS/GERMANTOWN WFO CLIMATE NORMALS FOR TODAY
                         NORMAL    RECORD    YEAR
 MAXIMUM TEMPERATURE (F)   91       101      2008
 MINIMUM TEMPERATURE (F)   71        61      1994


SUNRISE AND SUNSET
JULY 29 2014..........SUNRISE   606 AM CDT   SUNSET   805 PM CDT
JULY 30 2014..........SUNRISE   607 AM CDT   SUNSET   804 PM CDT


-  INDICATES NEGATIVE NUMBERS.
R  INDICATES RECORD WAS SET OR TIED.
MM INDICATES DATA IS MISSING.
T  INDICATES TRACE AMOUNT.




$$
