000
CDUS44 KJAN 190803
CLIMEI


CLIMATE REPORT
NATIONAL WEATHER SERVICE JACKSON MS
302 AM CDT TUE SEP 19 2017


...................................

...THE MERIDIAN CLIMATE SUMMARY FOR SEPTEMBER 18 2017...

CLIMATE NORMAL PERIOD 1981 TO 2010
CLIMATE RECORD PERIOD 1889 TO 2017


WEATHER ITEM   OBSERVED TIME   RECORD YEAR NORMAL DEPARTURE LAST
                VALUE   (LST)  VALUE       VALUE  FROM      YEAR
                                                  NORMAL
..................................................................
TEMPERATURE (F)
 YESTERDAY
  MAXIMUM         94    250 PM 100    1927  86      8       93
  MINIMUM         68    537 AM  45    1903  62      6       73
  AVERAGE         81                        74      7       83

PRECIPITATION (IN)
  YESTERDAY        0.00          2.81 1991   0.11  -0.11      T
  MONTH TO DATE    0.96                      2.05  -1.09     0.55
  SINCE SEP 1      0.96                      2.05  -1.09     0.55
  SINCE JAN 1     53.84                     41.01  12.83    37.88

SNOWFALL (IN)
  YESTERDAY        0.0           0.0  2002   0.0    0.0      0.0
                                      2001
  MONTH TO DATE    0.0                       0.0    0.0      0.0
  SINCE SEP 1      0.0                       0.0    0.0      0.0
  SINCE JUL 1      0.0                       0.0    0.0      0.0

DEGREE DAYS
 HEATING
  YESTERDAY        0                         0      0        0
  MONTH TO DATE    3                         0      3        0
  SINCE SEP 1      3                         0      3        0
  SINCE JUL 1      3                         0      3        0

 COOLING
  YESTERDAY       16                        10      6       18
  MONTH TO DATE  163                       214    -51      329
  SINCE SEP 1    163                       214    -51      329
  SINCE JAN 1   2127                      1834    293     2440
..................................................................


WIND (MPH)
  HIGHEST WIND SPEED     8   HIGHEST WIND DIRECTION    SW (230)
  HIGHEST GUST SPEED    12   HIGHEST GUST DIRECTION    SE (150)
  AVERAGE WIND SPEED     2.7


SKY COVER
  POSSIBLE SUNSHINE  MM
  AVERAGE SKY COVER 0.2


WEATHER CONDITIONS
 THE FOLLOWING WEATHER WAS RECORDED YESTERDAY.
  NO SIGNIFICANT WEATHER WAS OBSERVED.


RELATIVE HUMIDITY (PERCENT)
 HIGHEST   100          1200 AM
 LOWEST     46           200 PM
 AVERAGE    73

..........................................................


THE MERIDIAN CLIMATE NORMALS FOR TODAY
                         NORMAL    RECORD    YEAR
 MAXIMUM TEMPERATURE (F)   86        99      1925
 MINIMUM TEMPERATURE (F)   62        42      1981
                                             1903


SUNRISE AND SUNSET
SEPTEMBER 19 2017.....SUNRISE   641 AM CDT   SUNSET   655 PM CDT
SEPTEMBER 20 2017.....SUNRISE   642 AM CDT   SUNSET   654 PM CDT


-  INDICATES NEGATIVE NUMBERS.
R  INDICATES RECORD WAS SET OR TIED.
MM INDICATES DATA IS MISSING.
T  INDICATES TRACE AMOUNT.




$$
