000
CDUS44 KJAN 240714
CLIMEI


CLIMATE REPORT
NATIONAL WEATHER SERVICE JACKSON MS
209 AM CDT THU APR 24 2014


...................................

...THE MERIDIAN CLIMATE SUMMARY FOR APRIL 23 2014...

CLIMATE NORMAL PERIOD 1981 TO 2010
CLIMATE RECORD PERIOD 1889 TO 2014


WEATHER ITEM   OBSERVED TIME   RECORD YEAR NORMAL DEPARTURE LAST
                VALUE   (LST)  VALUE       VALUE  FROM      YEAR
                                                  NORMAL
..................................................................
TEMPERATURE (F)
 YESTERDAY
  MAXIMUM         81    325 PM  90    1960  78      3       79
  MINIMUM         51    500 AM  33    1986  51      0       53
  AVERAGE         66                        65      1       66

PRECIPITATION (IN)
  YESTERDAY        0.00          1.91 1898   0.15  -0.15      T
  MONTH TO DATE    9.90                      3.75   6.15     4.12
  SINCE MAR 1     15.64                      9.17   6.47     7.87
  SINCE JAN 1     24.99                     19.90   5.09    26.70

SNOWFALL (IN)
  YESTERDAY        0.0           0.0    MM   0.0    0.0      0.0
  MONTH TO DATE    0.0                       0.1   -0.1      0.0
  SINCE MAR 1      0.0                       0.3   -0.3      0.0
  SINCE JUL 1      2.5                       0.6    1.9      1.0

DEGREE DAYS
 HEATING
  YESTERDAY        0                         3     -3        0
  MONTH TO DATE  116                       114      2      119
  SINCE MAR 1    465                       421     44      553
  SINCE JUL 1   2841                      2518    323     2440

 COOLING
  YESTERDAY        1                         2     -1        1
  MONTH TO DATE   20                        37    -17       54
  SINCE MAR 1     22                        54    -32       57
  SINCE JAN 1     29                        61    -32       73
..................................................................


WIND (MPH)
  HIGHEST WIND SPEED    12   HIGHEST WIND DIRECTION    NE (50)
  HIGHEST GUST SPEED    14   HIGHEST GUST DIRECTION     N (20)
  AVERAGE WIND SPEED     2.9


SKY COVER
  POSSIBLE SUNSHINE  MM
  AVERAGE SKY COVER 0.2


WEATHER CONDITIONS
 THE FOLLOWING WEATHER WAS RECORDED YESTERDAY.
  FOG
  FOG W/VISIBILITY <= 1/4 MILE


RELATIVE HUMIDITY (PERCENT)
 HIGHEST   100           100 AM
 LOWEST     35           300 PM
 AVERAGE    68

..........................................................


THE MERIDIAN CLIMATE NORMALS FOR TODAY
                         NORMAL    RECORD    YEAR
 MAXIMUM TEMPERATURE (F)   78        91      1958
 MINIMUM TEMPERATURE (F)   52        37      2012
                                             1910
                                             1903


SUNRISE AND SUNSET
APRIL 24 2014.........SUNRISE   616 AM CDT   SUNSET   731 PM CDT
APRIL 25 2014.........SUNRISE   615 AM CDT   SUNSET   732 PM CDT


-  INDICATES NEGATIVE NUMBERS.
R  INDICATES RECORD WAS SET OR TIED.
MM INDICATES DATA IS MISSING.
T  INDICATES TRACE AMOUNT.




$$
