000
CDUS44 KJAN 210859
CLIMEI


CLIMATE REPORT
NATIONAL WEATHER SERVICE JACKSON MS
255 AM CST SUN DEC 21 2014


...................................

...THE MERIDIAN CLIMATE SUMMARY FOR DECEMBER 20 2014...

CLIMATE NORMAL PERIOD 1981 TO 2010
CLIMATE RECORD PERIOD 1889 TO 2014


WEATHER ITEM   OBSERVED TIME   RECORD YEAR NORMAL DEPARTURE LAST
                VALUE   (LST)  VALUE       VALUE  FROM      YEAR
                                                  NORMAL
..................................................................
TEMPERATURE (F)
 YESTERDAY
  MAXIMUM         55    336 PM  77    1990  58     -3       73
                                      1967
                                      1951
  MINIMUM         35   1159 PM  10    1901  35      0       58
  AVERAGE         45                        46     -1       66

PRECIPITATION (IN)
  YESTERDAY        T             2.08 1972   0.15  -0.15      T
  MONTH TO DATE    0.72                      3.42  -2.70     4.70
  SINCE DEC 1      0.72                      3.42  -2.70     4.70
  SINCE JAN 1     46.24                     54.52  -8.28    64.62

SNOWFALL (IN)
  YESTERDAY        0.0           0.0  2001   0.0    0.0      0.0
  MONTH TO DATE    0.0                       0.1   -0.1      0.0
  SINCE DEC 1      0.0                       0.1   -0.1      0.0
  SINCE JUL 1      0.0                       0.1   -0.1      0.0

DEGREE DAYS
 HEATING
  YESTERDAY       20                        19      1        0
  MONTH TO DATE  273                       342    -69      329
  SINCE DEC 1    273                       342    -69      329
  SINCE JUL 1    822                       792     30      830

 COOLING
  YESTERDAY        0                         0      0        1
  MONTH TO DATE    0                         0      0       17
  SINCE DEC 1      0                         0      0       17
  SINCE JAN 1   2085                      2029     56     2058
..................................................................


WIND (MPH)
  HIGHEST WIND SPEED    14   HIGHEST WIND DIRECTION    NE (40)
  HIGHEST GUST SPEED    17   HIGHEST GUST DIRECTION    NE (40)
  AVERAGE WIND SPEED     7.1


SKY COVER
  POSSIBLE SUNSHINE  MM
  AVERAGE SKY COVER 0.6


WEATHER CONDITIONS
 THE FOLLOWING WEATHER WAS RECORDED YESTERDAY.
  LIGHT RAIN
  FOG


RELATIVE HUMIDITY (PERCENT)
 HIGHEST   100           800 PM
 LOWEST     64           200 PM
 AVERAGE    82

..........................................................


THE MERIDIAN CLIMATE NORMALS FOR TODAY
                         NORMAL    RECORD    YEAR
 MAXIMUM TEMPERATURE (F)   58        79      2013
 MINIMUM TEMPERATURE (F)   35        10      1901


SUNRISE AND SUNSET
DECEMBER 21 2014......SUNRISE   652 AM CST   SUNSET   454 PM CST
DECEMBER 22 2014......SUNRISE   653 AM CST   SUNSET   455 PM CST


-  INDICATES NEGATIVE NUMBERS.
R  INDICATES RECORD WAS SET OR TIED.
MM INDICATES DATA IS MISSING.
T  INDICATES TRACE AMOUNT.




$$
