000
CDUS44 KJAN 300939
CLIMEI


CLIMATE REPORT
NATIONAL WEATHER SERVICE JACKSON MS
334 AM CST FRI JAN 30 2015


...................................

...THE MERIDIAN CLIMATE SUMMARY FOR JANUARY 29 2015...

CLIMATE NORMAL PERIOD 1981 TO 2010
CLIMATE RECORD PERIOD 1889 TO 2015


WEATHER ITEM   OBSERVED TIME   RECORD YEAR NORMAL DEPARTURE LAST
                VALUE   (LST)  VALUE       VALUE  FROM      YEAR
                                                  NORMAL
..................................................................
TEMPERATURE (F)
 YESTERDAY
  MAXIMUM         74    409 PM  82    1957  58     16       30
  MINIMUM         36    625 AM   9    1966  34      2       10
  AVERAGE         55                        46      9       20

PRECIPITATION (IN)
  YESTERDAY        0.00          2.25 1999   0.19  -0.19     0.00
  MONTH TO DATE    6.71                      4.75   1.96     2.47
  SINCE DEC 1     15.39                      9.81   5.58     9.82
  SINCE JAN 1      6.71                      4.75   1.96     2.47

SNOWFALL (IN)
  YESTERDAY        0.0           T    1966   0.0    0.0      0.0
                                      1960
                                      1949
  MONTH TO DATE    0.0                       0.2   -0.2      2.0
  SINCE DEC 1      0.0                       0.3   -0.3      2.0
  SINCE JUL 1      0.0                       0.3   -0.3      2.0

DEGREE DAYS
 HEATING
  YESTERDAY       10                        20    -10       45
  MONTH TO DATE  592                       591      1      766
  SINCE DEC 1   1036                      1149   -113     1310
  SINCE JUL 1   1585                      1599    -14     1811

 COOLING
  YESTERDAY        0                         0      0        0
  MONTH TO DATE    0                         0      0        0
  SINCE DEC 1      0                         6     -6       25
  SINCE JAN 1      0                         0      0        0
..................................................................


WIND (MPH)
  HIGHEST WIND SPEED    22   HIGHEST WIND DIRECTION     N (10)
  HIGHEST GUST SPEED    29   HIGHEST GUST DIRECTION     N (350)
  AVERAGE WIND SPEED    10.0


SKY COVER
  POSSIBLE SUNSHINE  MM
  AVERAGE SKY COVER 0.0


WEATHER CONDITIONS
 THE FOLLOWING WEATHER WAS RECORDED YESTERDAY.
  NO SIGNIFICANT WEATHER WAS OBSERVED.


RELATIVE HUMIDITY (PERCENT)
 HIGHEST    89           800 AM
 LOWEST     41           200 PM
 AVERAGE    65

..........................................................


THE MERIDIAN CLIMATE NORMALS FOR TODAY
                         NORMAL    RECORD    YEAR
 MAXIMUM TEMPERATURE (F)   58        79      1956
                                             1950
 MINIMUM TEMPERATURE (F)   34         6      2014
                                             1966


SUNRISE AND SUNSET
JANUARY 30 2015.......SUNRISE   651 AM CST   SUNSET   526 PM CST
JANUARY 31 2015.......SUNRISE   650 AM CST   SUNSET   527 PM CST


-  INDICATES NEGATIVE NUMBERS.
R  INDICATES RECORD WAS SET OR TIED.
MM INDICATES DATA IS MISSING.
T  INDICATES TRACE AMOUNT.




$$
