000
CDUS44 KJAN 240623
CLIMEI


CLIMATE REPORT
NATIONAL WEATHER SERVICE JACKSON MS
121 AM CDT TUE MAY 24 2016


...................................

...THE MERIDIAN CLIMATE SUMMARY FOR MAY 23 2016...

CLIMATE NORMAL PERIOD 1981 TO 2010
CLIMATE RECORD PERIOD 1889 TO 2016


WEATHER ITEM   OBSERVED TIME   RECORD YEAR NORMAL DEPARTURE LAST
                VALUE   (LST)  VALUE       VALUE  FROM      YEAR
                                                  NORMAL
..................................................................
TEMPERATURE (F)
 YESTERDAY
  MAXIMUM         85    402 PM  95    1996  85      0       87
  MINIMUM         51    454 AM  46    2002  61    -10       53
                                      2001
                                      1892
  AVERAGE         68                        73     -5       70

PRECIPITATION (IN)
  YESTERDAY        0.00          3.74 1943   0.15  -0.15     0.00
  MONTH TO DATE    0.96                      3.35  -2.39     0.61
  SINCE MAR 1     17.49                     13.55   3.94    10.67
  SINCE JAN 1     24.98                     24.28   0.70    21.51

SNOWFALL (IN)
  YESTERDAY        0.0           0.0    MM   0.0    0.0      0.0
  MONTH TO DATE    0.0                       0.0    0.0      0.0
  SINCE MAR 1      0.0                       0.3   -0.3       T
  SINCE JUL 1      T                         0.6   -0.6       T

DEGREE DAYS
 HEATING
  YESTERDAY        0                         0      0        0
  MONTH TO DATE    8                        16     -8        6
  SINCE MAR 1    253                       453   -200      263
  SINCE JUL 1   1815                      2550   -735     2504

 COOLING
  YESTERDAY        3                         8     -5        5
  MONTH TO DATE  100                       129    -29      143
  SINCE MAR 1    196                       205     -9      283
  SINCE JAN 1    201                       212    -11      283
..................................................................


WIND (MPH)
  HIGHEST WIND SPEED    10   HIGHEST WIND DIRECTION    SW (210)
  HIGHEST GUST SPEED    15   HIGHEST GUST DIRECTION     W (260)
  AVERAGE WIND SPEED     1.9


SKY COVER
  POSSIBLE SUNSHINE  MM
  AVERAGE SKY COVER 0.0


WEATHER CONDITIONS
 THE FOLLOWING WEATHER WAS RECORDED YESTERDAY.
  NO SIGNIFICANT WEATHER WAS OBSERVED.


RELATIVE HUMIDITY (PERCENT)
 HIGHEST    96           500 AM
 LOWEST     30          1100 AM
 AVERAGE    63

..........................................................


THE MERIDIAN CLIMATE NORMALS FOR TODAY
                         NORMAL    RECORD    YEAR
 MAXIMUM TEMPERATURE (F)   85        95      1996
 MINIMUM TEMPERATURE (F)   61        45      1892


SUNRISE AND SUNSET
MAY 24 2016...........SUNRISE   552 AM CDT   SUNSET   752 PM CDT
MAY 25 2016...........SUNRISE   551 AM CDT   SUNSET   753 PM CDT


-  INDICATES NEGATIVE NUMBERS.
R  INDICATES RECORD WAS SET OR TIED.
MM INDICATES DATA IS MISSING.
T  INDICATES TRACE AMOUNT.




$$
