189
CDUS44 KJAN 202213
CLIMEI


CLIMATE REPORT
NATIONAL WEATHER SERVICE JACKSON MS
412 PM CST TUE FEB 20 2018


...................................

...THE MERIDIAN CLIMATE SUMMARY FOR FEBRUARY 20 2018...
VALID TODAY AS OF 0400 PM LOCAL TIME.

CLIMATE NORMAL PERIOD 1981 TO 2010
CLIMATE RECORD PERIOD 1889 TO 2018


WEATHER ITEM   OBSERVED TIME   RECORD YEAR NORMAL DEPARTURE LAST
                VALUE   (LST)  VALUE       VALUE  FROM      YEAR
                                                  NORMAL
..................................................................
TEMPERATURE (F)
 TODAY
  MAXIMUM         83R   309 PM  83    2017  62     21       83
  MINIMUM         66    540 AM  17    1978  38     28       49
  AVERAGE         75                        50     25       66

PRECIPITATION (IN)
  TODAY            0.00          1.36 1937   0.19  -0.19     0.00
  MONTH TO DATE    6.38                      4.05   2.33     0.91
  SINCE DEC 1     12.95                     14.24  -1.29    12.18
  SINCE JAN 1      8.86                      9.18  -0.32     8.28

SNOWFALL (IN)
  TODAY            0.0           0.0    MM   0.0    0.0      0.0
  MONTH TO DATE    0.0                       0.0    0.0      0.0
  SINCE DEC 1      5.3                       0.3    5.0      0.8
  SINCE JUL 1      5.3                       0.3    5.0      0.8

DEGREE DAYS
 HEATING
  TODAY            0                        15    -15        0
  MONTH TO DATE  181                       347   -166      149
  SINCE DEC 1   1400                      1534   -134      879
  SINCE JUL 1   1741                      1984   -243     1088

 COOLING
  TODAY           10                         0     10        1
  MONTH TO DATE   22                         0     22       13
  SINCE DEC 1     27                         9     18       55
  SINCE JAN 1     24                         3     21       37
..................................................................


WIND (MPH)
  HIGHEST WIND SPEED    21   HIGHEST WIND DIRECTION     S (170)
  HIGHEST GUST SPEED    27   HIGHEST GUST DIRECTION     S (160)
  AVERAGE WIND SPEED    11.7


SKY COVER
  POSSIBLE SUNSHINE  MM
  AVERAGE SKY COVER 0.8


WEATHER CONDITIONS
 THE FOLLOWING WEATHER WAS RECORDED TODAY.
  NO SIGNIFICANT WEATHER WAS OBSERVED.


RELATIVE HUMIDITY (PERCENT)
 HIGHEST    93           300 AM
 LOWEST     54           200 PM
 AVERAGE    74

..........................................................


THE MERIDIAN CLIMATE NORMALS FOR TOMORROW
                         NORMAL    RECORD    YEAR
 MAXIMUM TEMPERATURE (F)   63        81      2005
                                             1981
 MINIMUM TEMPERATURE (F)   38        21      1958


SUNRISE AND SUNSET
FEBRUARY 20 2018......SUNRISE   632 AM CST   SUNSET   545 PM CST
FEBRUARY 21 2018......SUNRISE   631 AM CST   SUNSET   546 PM CST


-  INDICATES NEGATIVE NUMBERS.
R  INDICATES RECORD WAS SET OR TIED.
MM INDICATES DATA IS MISSING.
T  INDICATES TRACE AMOUNT.




$$
