000
CDUS44 KJAN 252120
CLIMEI


CLIMATE REPORT
NATIONAL WEATHER SERVICE JACKSON MS
417 PM CDT SUN SEP 25 2016


...................................

...THE MERIDIAN CLIMATE SUMMARY FOR SEPTEMBER 25 2016...
VALID TODAY AS OF 0400 PM LOCAL TIME.

CLIMATE NORMAL PERIOD 1981 TO 2010
CLIMATE RECORD PERIOD 1889 TO 2016


WEATHER ITEM   OBSERVED TIME   RECORD YEAR NORMAL DEPARTURE LAST
                VALUE   (LST)  VALUE       VALUE  FROM      YEAR
                                                  NORMAL
..................................................................
TEMPERATURE (F)
 TODAY
  MAXIMUM         99R   116 PM  96    2010  84     15       89
  MINIMUM         70    554 AM  45    1990  60     10       58
                                      1965
  AVERAGE         85                        72     13       74

PRECIPITATION (IN)
  TODAY            0.01          4.42 2002   0.11  -0.10      T
  MONTH TO DATE    0.56                      2.83  -2.27     0.94
  SINCE SEP 1      0.56                      2.83  -2.27     0.94
  SINCE JAN 1     37.89                     41.79  -3.90    36.64

SNOWFALL (IN)
  TODAY            0.0           0.0  2002   0.0    0.0      0.0
                                      2001
  MONTH TO DATE    0.0                       0.0    0.0      0.0
  SINCE SEP 1      0.0                       0.0    0.0      0.0
  SINCE JUL 1      0.0                       0.0    0.0      0.0

DEGREE DAYS
 HEATING
  TODAY            0                         1     -1        0
  MONTH TO DATE    0                         1     -1        1
  SINCE SEP 1      0                         1     -1        1
  SINCE JUL 1      0                         1     -1        1

 COOLING
  TODAY           20                         7     13        9
  MONTH TO DATE  459                       272    187      284
  SINCE SEP 1    459                       272    187      284
  SINCE JAN 1   2570                      1892    678     2109
..................................................................


WIND (MPH)
  HIGHEST WIND SPEED    12   HIGHEST WIND DIRECTION    NE (40)
  HIGHEST GUST SPEED    15   HIGHEST GUST DIRECTION    NE (50)
  AVERAGE WIND SPEED     2.2


SKY COVER
  POSSIBLE SUNSHINE  MM
  AVERAGE SKY COVER 0.2


WEATHER CONDITIONS
 THE FOLLOWING WEATHER WAS RECORDED TODAY.
  RAIN


RELATIVE HUMIDITY (PERCENT)
 HIGHEST    90           200 AM
 LOWEST     31          1200 PM
 AVERAGE    61

..........................................................


THE MERIDIAN CLIMATE NORMALS FOR TOMORROW
                         NORMAL    RECORD    YEAR
 MAXIMUM TEMPERATURE (F)   84        95      1954
 MINIMUM TEMPERATURE (F)   59        44      2001
                                             1990
                                             1899


SUNRISE AND SUNSET
SEPTEMBER 25 2016.....SUNRISE   645 AM CDT   SUNSET   647 PM CDT
SEPTEMBER 26 2016.....SUNRISE   646 AM CDT   SUNSET   646 PM CDT


-  INDICATES NEGATIVE NUMBERS.
R  INDICATES RECORD WAS SET OR TIED.
MM INDICATES DATA IS MISSING.
T  INDICATES TRACE AMOUNT.




$$
