000
CDUS44 KMEG 060735
CLIMEM


CLIMATE REPORT
NATIONAL WEATHER SERVICE MEMPHIS TN
135 AM CST SAT FEB 6 2016


...................................

...THE MEMPHIS CLIMATE SUMMARY FOR FEBRUARY 5 2016...

CLIMATE NORMAL PERIOD 1981 TO 2010
CLIMATE RECORD PERIOD 1872 TO 2016


WEATHER ITEM   OBSERVED TIME   RECORD YEAR NORMAL DEPARTURE LAST
                VALUE   (LST)  VALUE       VALUE  FROM      YEAR
                                                  NORMAL
..................................................................
TEMPERATURE (F)
 YESTERDAY
  MAXIMUM         55    206 PM  79    2008  52      3       39
  MINIMUM         27    257 AM   7    1886  34     -7       25
  AVERAGE         41                        43     -2       32

PRECIPITATION (IN)
  YESTERDAY        0.00          2.35 2004   0.16  -0.16     0.00
  MONTH TO DATE    1.74                      0.77   0.97     0.72
  SINCE DEC 1      8.78                     10.49  -1.71     4.62
  SINCE JAN 1      4.01                      4.75  -0.74     2.02

SNOWFALL (IN)
  YESTERDAY        0.0           0.6  1959   0.0    0.0      0.0
  MONTH TO DATE    0.0                       0.3   -0.3      0.0
  SINCE DEC 1      0.3                       2.4   -2.1      0.0
  SINCE JUL 1      0.3                       2.4   -2.1      0.2
  SNOW DEPTH       0

DEGREE DAYS
 HEATING
  YESTERDAY       24                        22      2       33
  MONTH TO DATE   74                       111    -37      130
  SINCE DEC 1   1158                      1514   -356     1442
  SINCE JUL 1   1459                      2013   -554     2051

 COOLING
  YESTERDAY        0                         0      0        0
  MONTH TO DATE    1                         0      1        0
  SINCE DEC 1     22                         3     19        0
  SINCE JAN 1      3                         1      2        0
..................................................................


WIND (MPH)
  HIGHEST WIND SPEED     8   HIGHEST WIND DIRECTION     W (270)
  HIGHEST GUST SPEED    17   HIGHEST GUST DIRECTION     W (260)
  AVERAGE WIND SPEED     2.0


SKY COVER
  POSSIBLE SUNSHINE  MM
  AVERAGE SKY COVER 0.5


WEATHER CONDITIONS
 THE FOLLOWING WEATHER WAS RECORDED YESTERDAY.
  NO SIGNIFICANT WEATHER WAS OBSERVED.


RELATIVE HUMIDITY (PERCENT)
 HIGHEST    75           300 AM
 LOWEST     24           100 PM
 AVERAGE    50

..........................................................


THE MEMPHIS CLIMATE NORMALS FOR TODAY
                         NORMAL    RECORD    YEAR
 MAXIMUM TEMPERATURE (F)   52        73      1928
                                             1904
 MINIMUM TEMPERATURE (F)   34        11      1988


SUNRISE AND SUNSET
FEBRUARY  6 2016......SUNRISE   655 AM CST   SUNSET   533 PM CST
FEBRUARY  7 2016......SUNRISE   654 AM CST   SUNSET   534 PM CST


-  INDICATES NEGATIVE NUMBERS.
R  INDICATES RECORD WAS SET OR TIED.
MM INDICATES DATA IS MISSING.
T  INDICATES TRACE AMOUNT.




$$
