000
CDUS44 KMEG 182252
CLIMEM


CLIMATE REPORT
NATIONAL WEATHER SERVICE MEMPHIS TN
451 PM CST THU DEC 18 2014


...................................

...THE MEMPHIS CLIMATE SUMMARY FOR DECEMBER 18 2014...
VALID TODAY AS OF 0400 PM LOCAL TIME.

CLIMATE NORMAL PERIOD 1981 TO 2010
CLIMATE RECORD PERIOD 1872 TO 2014


WEATHER ITEM   OBSERVED TIME   RECORD YEAR NORMAL DEPARTURE LAST
                VALUE   (LST)  VALUE       VALUE  FROM      YEAR
                                                  NORMAL
..................................................................
TEMPERATURE (F)
 TODAY
  MAXIMUM         46    259 PM  74    1889  51     -5       60
  MINIMUM         37    256 AM   8    1901  34      3       32
  AVERAGE         42                        43     -1       46

PRECIPITATION (IN)
  TODAY            0.09          2.03 1933   0.18  -0.09     0.00
  MONTH TO DATE    1.97                      3.51  -1.54     2.64
  SINCE DEC 1      1.97                      3.51  -1.54     2.64
  SINCE JAN 1     57.00                     51.45   5.55    57.25

SNOWFALL (IN)
  TODAY            T

DEGREE DAYS
 HEATING
  TODAY           23                        22      1       19
  MONTH TO DATE  310                       365    -55      411
  SINCE DEC 1    310                       365    -55      411
  SINCE JUL 1    919                       864     55      996

 COOLING
  TODAY            0                         0      0        0
  MONTH TO DATE    0                         0      0        3
  SINCE DEC 1      0                         0      0        3
  SINCE JAN 1   2161                      2256    -95     2245
..................................................................


WIND (MPH)
  HIGHEST WIND SPEED    12   HIGHEST WIND DIRECTION     E (90)
  HIGHEST GUST SPEED    17   HIGHEST GUST DIRECTION     E (70)
  AVERAGE WIND SPEED     2.7


SKY COVER
  POSSIBLE SUNSHINE  MM
  AVERAGE SKY COVER 0.8


WEATHER CONDITIONS
 THE FOLLOWING WEATHER WAS RECORDED TODAY.
  LIGHT RAIN
  FOG
  HAZE


RELATIVE HUMIDITY (PERCENT)
 HIGHEST    92           600 AM
 LOWEST     65           200 PM
 AVERAGE    79

..........................................................


THE MEMPHIS CLIMATE NORMALS FOR TOMORROW
                         NORMAL    RECORD    YEAR
 MAXIMUM TEMPERATURE (F)   51        74      1889
 MINIMUM TEMPERATURE (F)   34         8      1884


SUNRISE AND SUNSET
DECEMBER 18 2014......SUNRISE   703 AM CST   SUNSET   451 PM CST
DECEMBER 19 2014......SUNRISE   703 AM CST   SUNSET   451 PM CST


-  INDICATES NEGATIVE NUMBERS.
R  INDICATES RECORD WAS SET OR TIED.
MM INDICATES DATA IS MISSING.
T  INDICATES TRACE AMOUNT.




$$
