000
CDUS44 KMEG 072252
CLIMEM


CLIMATE REPORT
NATIONAL WEATHER SERVICE MEMPHIS TN
451 PM CST WED DEC 7 2016


...................................

...THE MEMPHIS CLIMATE SUMMARY FOR DECEMBER 7 2016...
VALID TODAY AS OF 0400 PM LOCAL TIME.

CLIMATE NORMAL PERIOD 1981 TO 2010
CLIMATE RECORD PERIOD 1872 TO 2016


WEATHER ITEM   OBSERVED TIME   RECORD YEAR NORMAL DEPARTURE LAST
                VALUE   (LST)  VALUE       VALUE  FROM      YEAR
                                                  NORMAL
..................................................................
TEMPERATURE (F)
 TODAY
  MAXIMUM         48    213 PM  76    1924  54     -6       63
  MINIMUM         41    814 AM  11    1950  37      4       38
  AVERAGE         45                        45      0       51

PRECIPITATION (IN)
  TODAY            0.00          2.53 1924   0.20  -0.20     0.00
  MONTH TO DATE    2.32                      1.37   0.95     0.07
  SINCE DEC 1      2.32                      1.37   0.95     0.07
  SINCE JAN 1     56.58                     49.31   7.27    47.96

SNOWFALL (IN)
  TODAY            0.0

DEGREE DAYS
 HEATING
  TODAY           20                        20      0       14
  MONTH TO DATE  132                       132      0      119
  SINCE DEC 1    132                       132      0      119
  SINCE JUL 1    402                       631   -229      420

 COOLING
  TODAY            0                         0      0        0
  MONTH TO DATE    0                         0      0        0
  SINCE DEC 1      0                         0      0        0
  SINCE JAN 1   2804                      2256    548     2460
..................................................................


WIND (MPH)
  HIGHEST WIND SPEED    14   HIGHEST WIND DIRECTION    NE (40)
  HIGHEST GUST SPEED    25   HIGHEST GUST DIRECTION    SE (130)
  AVERAGE WIND SPEED     7.8


SKY COVER
  POSSIBLE SUNSHINE  MM
  AVERAGE SKY COVER 0.9


WEATHER CONDITIONS
 THE FOLLOWING WEATHER WAS RECORDED TODAY.
  FOG
  HAZE


RELATIVE HUMIDITY (PERCENT)
 HIGHEST    89           200 AM
 LOWEST     60           200 PM
 AVERAGE    75

..........................................................


THE MEMPHIS CLIMATE NORMALS FOR TOMORROW
                         NORMAL    RECORD    YEAR
 MAXIMUM TEMPERATURE (F)   54        76      2007
 MINIMUM TEMPERATURE (F)   37         6      1917


SUNRISE AND SUNSET
DECEMBER  7 2016......SUNRISE   655 AM CST   SUNSET   448 PM CST
DECEMBER  8 2016......SUNRISE   656 AM CST   SUNSET   448 PM CST


-  INDICATES NEGATIVE NUMBERS.
R  INDICATES RECORD WAS SET OR TIED.
MM INDICATES DATA IS MISSING.
T  INDICATES TRACE AMOUNT.




$$
