000
CDUS44 KMEG 300636
CLIMEM


CLIMATE REPORT
NATIONAL WEATHER SERVICE MEMPHIS TN
136 AM CDT SAT APR 30 2016


...................................

...THE MEMPHIS CLIMATE SUMMARY FOR APRIL 29 2016...

CLIMATE NORMAL PERIOD 1981 TO 2010
CLIMATE RECORD PERIOD 1872 TO 2016


WEATHER ITEM   OBSERVED TIME   RECORD YEAR NORMAL DEPARTURE LAST
                VALUE   (LST)  VALUE       VALUE  FROM      YEAR
                                                  NORMAL
..................................................................
TEMPERATURE (F)
 YESTERDAY
  MAXIMUM         72    854 AM  91    1952  77     -5       74
  MINIMUM         61   1208 PM  39    1908  57      4       49
  AVERAGE         67                        67      0       62

PRECIPITATION (IN)
  YESTERDAY        1.58          3.29 1953   0.18   1.40     0.00
  MONTH TO DATE    5.38                      5.31   0.07     3.07
  SINCE MAR 1     21.58                     10.47  11.11     8.55
  SINCE JAN 1     29.43                     18.84  10.59    14.20

SNOWFALL (IN)
  YESTERDAY        0.0          MM      MM   0.0    0.0      0.0
  MONTH TO DATE    0.0                       0.0    0.0      0.0
  SINCE MAR 1      0.0                       0.4   -0.4      3.6
  SINCE JUL 1      0.3                       3.8   -3.5      6.1
  SNOW DEPTH       0

DEGREE DAYS
 HEATING
  YESTERDAY        0                         2     -2        3
  MONTH TO DATE   80                       135    -55       70
  SINCE MAR 1    293                       493   -200      448
  SINCE JUL 1   2164                      2943   -779     3171

 COOLING
  YESTERDAY        2                         4     -2        0
  MONTH TO DATE   76                        72      4       84
  SINCE MAR 1     97                        89      8       90
  SINCE JAN 1    100                        92      8       90
..................................................................


WIND (MPH)
  HIGHEST WIND SPEED    22   HIGHEST WIND DIRECTION    NW (300)
  HIGHEST GUST SPEED    30   HIGHEST GUST DIRECTION    NW (330)
  AVERAGE WIND SPEED     9.4


SKY COVER
  POSSIBLE SUNSHINE  MM
  AVERAGE SKY COVER 0.9


WEATHER CONDITIONS
 THE FOLLOWING WEATHER WAS RECORDED YESTERDAY.
  THUNDERSTORM
  HEAVY RAIN
  RAIN
  LIGHT RAIN
  FOG


RELATIVE HUMIDITY (PERCENT)
 HIGHEST    93           200 PM
 LOWEST     49           800 AM
 AVERAGE    71

..........................................................


THE MEMPHIS CLIMATE NORMALS FOR TODAY
                         NORMAL    RECORD    YEAR
 MAXIMUM TEMPERATURE (F)   77        91      1987
 MINIMUM TEMPERATURE (F)   58        40      1908


SUNRISE AND SUNSET
APRIL 30 2016.........SUNRISE   610 AM CDT   SUNSET   745 PM CDT
MAY  1 2016...........SUNRISE   609 AM CDT   SUNSET   746 PM CDT


-  INDICATES NEGATIVE NUMBERS.
R  INDICATES RECORD WAS SET OR TIED.
MM INDICATES DATA IS MISSING.
T  INDICATES TRACE AMOUNT.




$$
