000
CDUS44 KMEG 300634
CLIMEM


CLIMATE REPORT
NATIONAL WEATHER SERVICE MEMPHIS TN
132 AM CDT SAT MAY 30 2015


...................................

...THE MEMPHIS CLIMATE SUMMARY FOR MAY 29 2015...

CLIMATE NORMAL PERIOD 1981 TO 2010
CLIMATE RECORD PERIOD 1872 TO 2015


WEATHER ITEM   OBSERVED TIME   RECORD YEAR NORMAL DEPARTURE LAST
                VALUE   (LST)  VALUE       VALUE  FROM      YEAR
                                                  NORMAL
..................................................................
TEMPERATURE (F)
 YESTERDAY
  MAXIMUM         87    256 PM  96    1977  85      2       77
                                      1879
  MINIMUM         69    432 AM  50    1964  66      3       69
  AVERAGE         78                        75      3       73

PRECIPITATION (IN)
  YESTERDAY        T             1.10 1992   0.16  -0.16     0.40
  MONTH TO DATE    4.10                      4.95  -0.85     4.17
  SINCE MAR 1     12.65                     15.61  -2.96    17.69
  SINCE JAN 1     18.30                     23.98  -5.68    25.81

SNOWFALL (IN)
  YESTERDAY        0.0          MM      MM   0.0    0.0      0.0
  MONTH TO DATE    0.0                       0.0    0.0      0.0
  SINCE MAR 1      3.6                       0.4    3.2      0.5
  SINCE JUL 1      6.1                       3.8    2.3      0.8
  SNOW DEPTH       0

DEGREE DAYS
 HEATING
  YESTERDAY        0                         0      0        0
  MONTH TO DATE   13                        17     -4       49
  SINCE MAR 1    461                       512    -51      658
  SINCE JUL 1   3184                      2962    222     3484

 COOLING
  YESTERDAY       13                        10      3        8
  MONTH TO DATE  245                       204     41      229
  SINCE MAR 1    335                       296     39      285
  SINCE JAN 1    335                       299     36      285
..................................................................


WIND (MPH)
  HIGHEST WIND SPEED    18   HIGHEST WIND DIRECTION    SW (210)
  HIGHEST GUST SPEED    24   HIGHEST GUST DIRECTION     S (180)
  AVERAGE WIND SPEED     9.4


SKY COVER
  POSSIBLE SUNSHINE  MM
  AVERAGE SKY COVER 0.6


WEATHER CONDITIONS
 THE FOLLOWING WEATHER WAS RECORDED YESTERDAY.
  THUNDERSTORM
  LIGHT RAIN


RELATIVE HUMIDITY (PERCENT)
 HIGHEST    90           500 AM
 LOWEST     55           300 PM
 AVERAGE    73

..........................................................


THE MEMPHIS CLIMATE NORMALS FOR TODAY
                         NORMAL    RECORD    YEAR
 MAXIMUM TEMPERATURE (F)   85        99      1977
 MINIMUM TEMPERATURE (F)   66        48      1889


SUNRISE AND SUNSET
MAY 30 2015...........SUNRISE   548 AM CDT   SUNSET   807 PM CDT
MAY 31 2015...........SUNRISE   547 AM CDT   SUNSET   808 PM CDT


-  INDICATES NEGATIVE NUMBERS.
R  INDICATES RECORD WAS SET OR TIED.
MM INDICATES DATA IS MISSING.
T  INDICATES TRACE AMOUNT.




$$
