000
CDUS44 KMEG 160743
CLIMEM


CLIMATE REPORT
NATIONAL WEATHER SERVICE MEMPHIS TN
143 AM CST TUE JAN 16 2018


...................................

...THE MEMPHIS CLIMATE SUMMARY FOR JANUARY 15 2018...

CLIMATE NORMAL PERIOD 1981 TO 2010
CLIMATE RECORD PERIOD 1872 TO 2018


WEATHER ITEM   OBSERVED TIME   RECORD YEAR NORMAL DEPARTURE LAST
                VALUE   (LST)  VALUE       VALUE  FROM      YEAR
                                                  NORMAL
..................................................................
TEMPERATURE (F)
 YESTERDAY
  MAXIMUM         44    208 PM  74    1953  49     -5       60
  MINIMUM         24    644 AM   8    1927  32     -8       44
  AVERAGE         34                        41     -7       52

PRECIPITATION (IN)
  YESTERDAY        0.03          3.42 1954   0.12  -0.09     0.00
  MONTH TO DATE    2.50                      1.95   0.55     2.43
  SINCE DEC 1      9.76                      7.69   2.07     9.76
  SINCE JAN 1      2.50                      1.95   0.55     2.43

SNOWFALL (IN)
  YESTERDAY        T             4.8  1917   0.1   -0.1      0.0
  MONTH TO DATE    0.7                       0.9   -0.2      2.0
  SINCE DEC 1      0.7                       1.1   -0.4      2.0
  SINCE JUL 1      0.7                       1.1   -0.4      2.0
  SNOW DEPTH       0

DEGREE DAYS
 HEATING
  YESTERDAY       31                        24      7       13
  MONTH TO DATE  471                       360    111      308
  SINCE DEC 1   1164                      1025    139      938
  SINCE JUL 1   1610                      1524     86     1208

 COOLING
  YESTERDAY        0                         0      0        0
  MONTH TO DATE    0                         0      0        1
  SINCE DEC 1      0                         2     -2        4
  SINCE JAN 1      0                         0      0        1
..................................................................


WIND (MPH)
  HIGHEST WIND SPEED    22   HIGHEST WIND DIRECTION     N (360)
  HIGHEST GUST SPEED    28   HIGHEST GUST DIRECTION     N (340)
  AVERAGE WIND SPEED     8.4


SKY COVER
  POSSIBLE SUNSHINE  MM
  AVERAGE SKY COVER 0.6


WEATHER CONDITIONS
 THE FOLLOWING WEATHER WAS RECORDED YESTERDAY.
  LIGHT SNOW
  SLEET
  FOG


RELATIVE HUMIDITY (PERCENT)
 HIGHEST    92           900 PM
 LOWEST     53          1200 PM
 AVERAGE    73

..........................................................


THE MEMPHIS CLIMATE NORMALS FOR TODAY
                         NORMAL    RECORD    YEAR
 MAXIMUM TEMPERATURE (F)   50        77      1943
 MINIMUM TEMPERATURE (F)   32         3      1982


SUNRISE AND SUNSET
JANUARY 16 2018.......SUNRISE   707 AM CST   SUNSET   512 PM CST
JANUARY 17 2018.......SUNRISE   707 AM CST   SUNSET   513 PM CST


-  INDICATES NEGATIVE NUMBERS.
R  INDICATES RECORD WAS SET OR TIED.
MM INDICATES DATA IS MISSING.
T  INDICATES TRACE AMOUNT.




$$
