000
CDUS44 KMEG 312158
CLIMEM


CLIMATE REPORT
NATIONAL WEATHER SERVICE MEMPHIS TN
458 PM CDT THU JUL 31 2014


...................................

...THE MEMPHIS CLIMATE SUMMARY FOR JULY 31 2014...
VALID TODAY AS OF 0400 PM LOCAL TIME.

CLIMATE NORMAL PERIOD 1981 TO 2010
CLIMATE RECORD PERIOD 1872 TO 2014


WEATHER ITEM   OBSERVED TIME   RECORD YEAR NORMAL DEPARTURE LAST
                VALUE   (LST)  VALUE       VALUE  FROM      YEAR
                                                  NORMAL
..................................................................
TEMPERATURE (F)
 TODAY
  MAXIMUM         82    116 PM 104    1986  92    -10       91
  MINIMUM         71    818 AM  57    1971  74     -3       75
  AVERAGE         77                        83     -6       83

PRECIPITATION (IN)
  TODAY            T             4.14 1996   0.14  -0.14     0.30
  MONTH TO DATE    2.55                      4.59  -2.04     3.73
  SINCE JUN 1     15.95                      8.22   7.73     9.20
  SINCE JAN 1     41.91                     32.50   9.41    43.78

SNOWFALL (IN)
  TODAY            0.0

DEGREE DAYS
 HEATING
  TODAY            0                         0      0        0
  MONTH TO DATE    0                         0      0        0
  SINCE JUN 1      0                         0      0        0
  SINCE JUL 1      0                         0      0        0

 COOLING
  TODAY           12                        18     -6       18
  MONTH TO DATE  407                       549   -142      485
  SINCE JUN 1    844                       987   -143      935
  SINCE JAN 1   1155                      1308   -153     1220
..................................................................


WIND (MPH)
  HIGHEST WIND SPEED    10   HIGHEST WIND DIRECTION     N (340)
  HIGHEST GUST SPEED    16   HIGHEST GUST DIRECTION    NW (300)
  AVERAGE WIND SPEED     4.9


SKY COVER
  POSSIBLE SUNSHINE  MM
  AVERAGE SKY COVER 1.0


WEATHER CONDITIONS
 THE FOLLOWING WEATHER WAS RECORDED TODAY.
  LIGHT RAIN
  HAZE


RELATIVE HUMIDITY (PERCENT)
 HIGHEST    84           600 AM
 LOWEST     60           300 PM
 AVERAGE    72

..........................................................


THE MEMPHIS CLIMATE NORMALS FOR TOMORROW
                         NORMAL    RECORD    YEAR
 MAXIMUM TEMPERATURE (F)   92       101      1896
 MINIMUM TEMPERATURE (F)   74        60      1971


SUNRISE AND SUNSET
JULY 31 2014..........SUNRISE   608 AM CDT   SUNSET   804 PM CDT
AUGUST  1 2014........SUNRISE   609 AM CDT   SUNSET   803 PM CDT


-  INDICATES NEGATIVE NUMBERS.
R  INDICATES RECORD WAS SET OR TIED.
MM INDICATES DATA IS MISSING.
T  INDICATES TRACE AMOUNT.




$$
