755
CDUS44 KMEG 260734
CLIMEM


CLIMATE REPORT
NATIONAL WEATHER SERVICE MEMPHIS TN
133 AM CST SUN FEB 26 2017


...................................

...THE MEMPHIS CLIMATE SUMMARY FOR FEBRUARY 25 2017...

CLIMATE NORMAL PERIOD 1981 TO 2010
CLIMATE RECORD PERIOD 1872 TO 2017


WEATHER ITEM   OBSERVED TIME   RECORD YEAR NORMAL DEPARTURE LAST
                VALUE   (LST)  VALUE       VALUE  FROM      YEAR
                                                  NORMAL
..................................................................
TEMPERATURE (F)
 YESTERDAY
  MAXIMUM         50   1208 AM  80    1918  58     -8       50
  MINIMUM         34   1122 PM  14    1967  39     -5       36
                                      1965
  AVERAGE         42                        48     -6       43

PRECIPITATION (IN)
  YESTERDAY        0.00          2.26 1948   0.16  -0.16      T
  MONTH TO DATE    1.14                      3.90  -2.76     5.58
  SINCE DEC 1     12.73                     13.62  -0.89    12.62
  SINCE JAN 1      5.40                      7.88  -2.48     7.85

SNOWFALL (IN)
  YESTERDAY        0.0           3.0  1894   0.0    0.0      0.0
  MONTH TO DATE    0.0                       1.2   -1.2      0.0
  SINCE DEC 1      2.0                       3.3   -1.3      0.3
  SINCE JUL 1      2.0                       3.3   -1.3      0.3
  SNOW DEPTH       0

DEGREE DAYS
 HEATING
  YESTERDAY       23                        17      6       22
  MONTH TO DATE  270                       499   -229      438
  SINCE DEC 1   1403                      1902   -499     1522
  SINCE JUL 1   1673                      2401   -728     1823

 COOLING
  YESTERDAY        0                         0      0        0
  MONTH TO DATE   18                         0     18        1
  SINCE DEC 1     23                         3     20       22
  SINCE JAN 1     20                         1     19        3
..................................................................


WIND (MPH)
  HIGHEST WIND SPEED    25   HIGHEST WIND DIRECTION    NW (320)
  HIGHEST GUST SPEED    32   HIGHEST GUST DIRECTION    NW (320)
  AVERAGE WIND SPEED    10.7


SKY COVER
  POSSIBLE SUNSHINE  MM
  AVERAGE SKY COVER 0.1


WEATHER CONDITIONS
 THE FOLLOWING WEATHER WAS RECORDED YESTERDAY.
  NO SIGNIFICANT WEATHER WAS OBSERVED.


RELATIVE HUMIDITY (PERCENT)
 HIGHEST    64           600 AM
 LOWEST     37           100 PM
 AVERAGE    51

..........................................................


THE MEMPHIS CLIMATE NORMALS FOR TODAY
                         NORMAL    RECORD    YEAR
 MAXIMUM TEMPERATURE (F)   58        80      1917
 MINIMUM TEMPERATURE (F)   39        16      1894


SUNRISE AND SUNSET
FEBRUARY 26 2017......SUNRISE   633 AM CST   SUNSET   553 PM CST
FEBRUARY 27 2017......SUNRISE   632 AM CST   SUNSET   554 PM CST


-  INDICATES NEGATIVE NUMBERS.
R  INDICATES RECORD WAS SET OR TIED.
MM INDICATES DATA IS MISSING.
T  INDICATES TRACE AMOUNT.




$$
