000
CDUS41 KCLE 230545
CLIMFD


CLIMATE REPORT
NATIONAL WEATHER SERVICE CLEVELAND OH
145 AM EDT FRI JUN 23 2017


...................................

...THE MANSFIELD OH CLIMATE SUMMARY FOR JUNE 22 2017...

CLIMATE NORMAL PERIOD 1981 TO 2010
CLIMATE RECORD PERIOD 1916 TO 2017


WEATHER ITEM   OBSERVED TIME   RECORD YEAR NORMAL DEPARTURE LAST
                VALUE   (LST)  VALUE       VALUE  FROM      YEAR
                                                  NORMAL
..................................................................
TEMPERATURE (F)
 YESTERDAY
  MAXIMUM         87    252 PM  95    1988  80      7       81
  MINIMUM         64    333 AM  38    1992  59      5       56
  AVERAGE         76                        70      6       69

PRECIPITATION (IN)
  YESTERDAY        T                         0.16  -0.16     0.44
  MONTH TO DATE    4.43                      3.56   0.87     1.45
  SINCE JUN 1      4.43                      3.56   0.87     1.45
  SINCE JAN 1     25.58                     20.89   4.69    17.85

SNOWFALL (IN)
  YESTERDAY        0.0                       0.0    0.0      0.0
  MONTH TO DATE    0.0                       0.0    0.0      0.0
  SINCE JUN 1      0.0                       0.0    0.0      0.0
  SINCE JUL 1     36.6                      48.3  -11.7     27.6
  SNOW DEPTH       0

DEGREE DAYS
 HEATING
  YESTERDAY        0                         1     -1        0
  MONTH TO DATE   24                        47    -23       13
  SINCE JUN 1     24                        47    -23       13
  SINCE JUL 1   5020                      6264  -1244     5175

 COOLING
  YESTERDAY       11                         6      5        4
  MONTH TO DATE  144                        87     57      135
  SINCE JUN 1    144                        87     57      135
  SINCE JAN 1    201                       133     68      197
..................................................................


WIND (MPH)
  HIGHEST WIND SPEED    23   HIGHEST WIND DIRECTION    SW (210)
  HIGHEST GUST SPEED    28   HIGHEST GUST DIRECTION    SW (220)
  AVERAGE WIND SPEED    11.3


SKY COVER
  POSSIBLE SUNSHINE  MM
  AVERAGE SKY COVER 0.5


WEATHER CONDITIONS
 THE FOLLOWING WEATHER WAS RECORDED YESTERDAY.
  NO SIGNIFICANT WEATHER WAS OBSERVED.


RELATIVE HUMIDITY (PERCENT)
 HIGHEST    93           600 AM
 LOWEST     50           300 PM
 AVERAGE    72

..........................................................


THE MANSFIELD OH CLIMATE NORMALS FOR TODAY
                         NORMAL    RECORD    YEAR
 MAXIMUM TEMPERATURE (F)   80        91      1964
 MINIMUM TEMPERATURE (F)   59        41      1918


SUNRISE AND SUNSET
JUNE 23 2017..........SUNRISE   559 AM EDT   SUNSET   905 PM EDT
JUNE 24 2017..........SUNRISE   600 AM EDT   SUNSET   906 PM EDT


-  INDICATES NEGATIVE NUMBERS.
R  INDICATES RECORD WAS SET OR TIED.
MM INDICATES DATA IS MISSING.
T  INDICATES TRACE AMOUNT.




$$
