000
CDUS41 KCLE 242212
CLIMFD


CLIMATE REPORT
NATIONAL WEATHER SERVICE CLEVELAND OH
511 PM EST SAT FEB 24 2018


...................................

...THE MANSFIELD OH CLIMATE SUMMARY FOR FEBRUARY 24 2018...
VALID TODAY AS OF 0500 PM LOCAL TIME.

CLIMATE NORMAL PERIOD 1981 TO 2010
CLIMATE RECORD PERIOD 1916 TO 2018


WEATHER ITEM   OBSERVED TIME   RECORD YEAR NORMAL DEPARTURE LAST
                VALUE   (LST)  VALUE       VALUE  FROM      YEAR
                                                  NORMAL
..................................................................
TEMPERATURE (F)
 TODAY
  MAXIMUM         47    459 PM  74    2017  39      8       74
  MINIMUM         39    759 AM  -8    2015  22     17       56
  AVERAGE         43                        30     13       65

PRECIPITATION (IN)
  TODAY            0.59                      0.09   0.50     0.52
  MONTH TO DATE    3.94                      2.03   1.91     1.87
  SINCE DEC 1      8.30                      8.19   0.11    10.92
  SINCE JAN 1      6.45                      4.90   1.55     7.78

SNOWFALL (IN)
  TODAY            0.0                       0.4   -0.4      0.0
  MONTH TO DATE    8.1                       9.8   -1.7      3.8
  SINCE DEC 1     29.9                      33.6   -3.7     21.4
  SINCE JUL 1     30.0                      36.3   -6.3     21.6
  SNOW DEPTH       0

DEGREE DAYS
 HEATING
  TODAY           22                        35    -13        0
  MONTH TO DATE  759                       891   -132      594
  SINCE DEC 1   3160                      3210    -50     2696
  SINCE JUL 1   4242                      4491   -249     3573

 COOLING
  TODAY            0                         0      0        0
  MONTH TO DATE    1                         0      1        0
  SINCE DEC 1      1                         0      1        0
  SINCE JAN 1      1                         0      1        0
..................................................................


WIND (MPH)
  HIGHEST WIND SPEED    15   HIGHEST WIND DIRECTION     N (20)
  HIGHEST GUST SPEED    20   HIGHEST GUST DIRECTION     N (20)


SKY COVER
  POSSIBLE SUNSHINE  MM
  AVERAGE SKY COVER 1.0


WEATHER CONDITIONS
 THE FOLLOWING WEATHER WAS RECORDED TODAY.
  LIGHT RAIN
  FOG


RELATIVE HUMIDITY (PERCENT)
 HIGHEST   100           600 AM
 LOWEST     86           200 AM
 AVERAGE    93

..........................................................


THE MANSFIELD OH CLIMATE NORMALS FOR TOMORROW
                         NORMAL    RECORD    YEAR
 MAXIMUM TEMPERATURE (F)   39        69      2000
 MINIMUM TEMPERATURE (F)   23        -3      1963


SUNRISE AND SUNSET
FEBRUARY 24 2018......SUNRISE   712 AM EST   SUNSET   615 PM EST
FEBRUARY 25 2018......SUNRISE   710 AM EST   SUNSET   617 PM EST


-  INDICATES NEGATIVE NUMBERS.
R  INDICATES RECORD WAS SET OR TIED.
MM INDICATES DATA IS MISSING.
T  INDICATES TRACE AMOUNT.




$$
