787
CDUS44 KBRO 250647
CLIMFE


CLIMATE REPORT
NATIONAL WEATHER SERVICE BROWNSVILLE TX
146 AM CDT MON JUL 25 2016


...................................

...THE MCALLEN CLIMATE SUMMARY FOR JULY 24 2016...

CLIMATE NORMAL PERIOD 1981 TO 2010
CLIMATE RECORD PERIOD 1961 TO 2016


WEATHER ITEM   OBSERVED TIME   RECORD YEAR NORMAL DEPARTURE LAST
                VALUE   (LST)  VALUE       VALUE  FROM      YEAR
                                                  NORMAL
..................................................................
TEMPERATURE (F)
 YESTERDAY
  MAXIMUM        104    221 PM 105    2009  98      6      101
  MINIMUM         80    617 AM  70    1976  77      3       83
  AVERAGE         92                        87      5

PRECIPITATION (IN)
  YESTERDAY        0.00          0.37 1976   0.05  -0.05     0.00
  MONTH TO DATE    0.25                      1.66  -1.41     0.25
  SINCE JUN 1      0.49                      4.24  -3.75     5.64
  SINCE JAN 1      8.46                     11.02  -2.56    17.11

SNOWFALL (IN)
  YESTERDAY        0.0
  MONTH TO DATE    0.0
  SINCE JUN 1      0.0
  SINCE JUL 1      0.0

DEGREE DAYS
 HEATING
  YESTERDAY        0                         0      0        0
  MONTH TO DATE    0                         0      0        0
  SINCE JUN 1      0                         0      0        0
  SINCE JUL 1      0                         0      0        0

 COOLING
  YESTERDAY       27                        22      5       27
  MONTH TO DATE  633                       518    115      568
  SINCE JUN 1   1290                      1146    144     1209
  SINCE JAN 1   2908                      2401    507     2454
..................................................................


WIND (MPH)
  HIGHEST WIND SPEED    24   HIGHEST WIND DIRECTION    SE (130)
  HIGHEST GUST SPEED    31   HIGHEST GUST DIRECTION    SE (140)
  AVERAGE WIND SPEED    15.0



WEATHER CONDITIONS
 THE FOLLOWING WEATHER WAS RECORDED YESTERDAY.
  NO SIGNIFICANT WEATHER WAS OBSERVED.


RELATIVE HUMIDITY (PERCENT)
 HIGHEST    85
 LOWEST     34
 AVERAGE    60

..........................................................


THE MCALLEN CLIMATE NORMALS FOR TODAY
                         NORMAL    RECORD    YEAR
 MAXIMUM TEMPERATURE (F)   98       105      2009
 MINIMUM TEMPERATURE (F)   77        69      1976


SUNRISE AND SUNSET
JULY 25 2016..........SUNRISE   655 AM CDT   SUNSET   823 PM CDT
JULY 26 2016..........SUNRISE   656 AM CDT   SUNSET   823 PM CDT


-  INDICATES NEGATIVE NUMBERS.
R  INDICATES RECORD WAS SET OR TIED.
MM INDICATES DATA IS MISSING.
T  INDICATES TRACE AMOUNT.




$$
