000
CDUS44 KBRO 240628
CLIMFE


CLIMATE REPORT
NATIONAL WEATHER SERVICE BROWNSVILLE TX
126 AM CDT TUE MAY 24 2016


...................................

...THE MCALLEN CLIMATE SUMMARY FOR MAY 23 2016...

CLIMATE NORMAL PERIOD 1981 TO 2010
CLIMATE RECORD PERIOD 1961 TO 2016


WEATHER ITEM   OBSERVED TIME   RECORD YEAR NORMAL DEPARTURE LAST
                VALUE   (LST)  VALUE       VALUE  FROM      YEAR
                                                  NORMAL
..................................................................
TEMPERATURE (F)
 YESTERDAY
  MAXIMUM         94    124 PM 102    2008  93      1       90
  MINIMUM         80    355 AM  59    1967  73      7       73
  AVERAGE         87                        83      4

PRECIPITATION (IN)
  YESTERDAY        0.00          0.61 2015   0.06  -0.06     0.61
                                      1964
  MONTH TO DATE    4.39                      1.64   2.75     3.31
  SINCE MAR 1      5.01                      4.01   1.00     9.29
  SINCE JAN 1      5.41                      6.17  -0.76     9.88

DEGREE DAYS
 HEATING
  YESTERDAY        0                         0      0        0
  MONTH TO DATE    0                         0      0        0
  SINCE MAR 1      7                        46    -39       66
  SINCE JUL 1    318                       579   -261      756

 COOLING
  YESTERDAY       22                        18      4       17
  MONTH TO DATE  419                       372     47      414
  SINCE MAR 1   1241                       944    297     1010
  SINCE JAN 1   1446                      1103    343     1095
..................................................................


WIND (MPH)
  HIGHEST WIND SPEED    26   HIGHEST WIND DIRECTION    SE (130)
  HIGHEST GUST SPEED    31   HIGHEST GUST DIRECTION    SE (120)
  AVERAGE WIND SPEED    12.2



WEATHER CONDITIONS
 THE FOLLOWING WEATHER WAS RECORDED YESTERDAY.
  FOG
  HAZE


RELATIVE HUMIDITY (PERCENT)
 HIGHEST    91
 LOWEST     56
 AVERAGE    74

..........................................................


THE MCALLEN CLIMATE NORMALS FOR TODAY
                         NORMAL    RECORD    YEAR
 MAXIMUM TEMPERATURE (F)   93        99      2011
                                             2008
 MINIMUM TEMPERATURE (F)   74        60      1967


SUNRISE AND SUNSET
MAY 24 2016...........SUNRISE   642 AM CDT   SUNSET   817 PM CDT
MAY 25 2016...........SUNRISE   642 AM CDT   SUNSET   818 PM CDT


-  INDICATES NEGATIVE NUMBERS.
R  INDICATES RECORD WAS SET OR TIED.
MM INDICATES DATA IS MISSING.
T  INDICATES TRACE AMOUNT.

$$
