000
CDUS44 KBRO 272227
CLIMFE


CLIMATE REPORT
NATIONAL WEATHER SERVICE BROWNSVILLE TX
427 PM CST TUE JAN 27 2015


...................................

...THE MCALLEN CLIMATE SUMMARY FOR JANUARY 27 2015...
VALID TODAY AS OF 0400 PM LOCAL TIME.

CLIMATE NORMAL PERIOD 1981 TO 2010
CLIMATE RECORD PERIOD 1941 TO 2015


WEATHER ITEM   OBSERVED TIME   RECORD YEAR NORMAL DEPARTURE LAST
                VALUE   (LST)  VALUE       VALUE  FROM      YEAR
                                                  NORMAL
..................................................................
TEMPERATURE (F)
 TODAY
  MAXIMUM         81    300 PM  91    1947  72      9       85
  MINIMUM         49    741 AM  30    1966  51     -2       52
  AVERAGE         65                        62      3       69

PRECIPITATION (IN)
  TODAY            0.00          0.05 1989   0.04  -0.04     0.00
  MONTH TO DATE    0.17                      0.92  -0.75     0.10
  SINCE DEC 1      1.02                      2.11  -1.09     3.13
  SINCE JAN 1      0.17                      0.92  -0.75     0.10

SNOWFALL (IN)
  TODAY            0.0
  MONTH TO DATE    0.0
  SINCE DEC 1      0.0
  SINCE JUL 1      0.0
  SNOW DEPTH       0

DEGREE DAYS
 HEATING
  TODAY            0                         5     -5        0
  MONTH TO DATE  301                       171    130      184
  SINCE DEC 1    406                       348     58      423
  SINCE JUL 1    535                       408    127      549

 COOLING
  TODAY            0                         2     -2        4
  MONTH TO DATE    5                        54    -49       16
  SINCE DEC 1     88                       137    -49       62
  SINCE JAN 1      5                        54    -49       16
..................................................................


WIND (MPH)
  HIGHEST WIND SPEED    10   HIGHEST WIND DIRECTION    SW (210)
  HIGHEST GUST SPEED    25   HIGHEST GUST DIRECTION    SW (210)
  AVERAGE WIND SPEED     2.7



WEATHER CONDITIONS
 THE FOLLOWING WEATHER WAS RECORDED TODAY.
  NO SIGNIFICANT WEATHER WAS OBSERVED.


..........................................................


THE MCALLEN CLIMATE NORMALS FOR TOMORROW
                         NORMAL    RECORD    YEAR
 MAXIMUM TEMPERATURE (F)   72        86      2013
                                             1956
 MINIMUM TEMPERATURE (F)   52        28      1948


SUNRISE AND SUNSET
JANUARY 27 2015.......SUNRISE   719 AM CST   SUNSET   612 PM CST
JANUARY 28 2015.......SUNRISE   719 AM CST   SUNSET   613 PM CST


-  INDICATES NEGATIVE NUMBERS.
R  INDICATES RECORD WAS SET OR TIED.
MM INDICATES DATA IS MISSING.
T  INDICATES TRACE AMOUNT.




$$
