000
CDUS44 KBRO 220628
CLIMFE


CLIMATE REPORT
NATIONAL WEATHER SERVICE BROWNSVILLE TX
128 AM CDT WED OCT 22 2014


...................................

...THE MCALLEN CLIMATE SUMMARY FOR OCTOBER 21 2014...

CLIMATE NORMAL PERIOD 1981 TO 2010
CLIMATE RECORD PERIOD 1941 TO 2014


WEATHER ITEM   OBSERVED TIME   RECORD YEAR NORMAL DEPARTURE LAST
                VALUE   (LST)  VALUE       VALUE  FROM      YEAR
                                                  NORMAL
..................................................................
TEMPERATURE (F)
 YESTERDAY
  MAXIMUM         83   1146 AM  95    2004  87     -4       86
                                      1984
  MINIMUM         71    653 AM  45    1964  66      5       71
  AVERAGE         77                        76      1

PRECIPITATION (IN)
  YESTERDAY        0.51          1.05 1974   0.06   0.45     0.11
  MONTH TO DATE    0.62                      1.50  -0.88     0.14
  SINCE SEP 1     11.85                      5.97   5.88     6.36
  SINCE JAN 1     18.71                     19.54  -0.83    12.30

SNOWFALL (IN)
  YESTERDAY        0.0
  MONTH TO DATE    0.0
  SINCE SEP 1      0.0
  SINCE JUL 1      0.0

DEGREE DAYS
 HEATING
  YESTERDAY        0                         0      0        0
  MONTH TO DATE    0                         0      0        0
  SINCE SEP 1      0                         0      0        0
  SINCE JUL 1      0                         0      0        0

 COOLING
  YESTERDAY       12                        11      1       14
  MONTH TO DATE  321                       280     41      302
  SINCE SEP 1    848                       828     20      847
  SINCE JAN 1   4043                      4079    -36     4234
..................................................................


WIND (MPH)
  HIGHEST WIND SPEED    16   HIGHEST WIND DIRECTION    NE (60)
  HIGHEST GUST SPEED    22   HIGHEST GUST DIRECTION    NE (30)
  AVERAGE WIND SPEED     6.1



WEATHER CONDITIONS
 THE FOLLOWING WEATHER WAS RECORDED YESTERDAY.
  HEAVY RAIN
  RAIN
  LIGHT RAIN
  FOG


RELATIVE HUMIDITY (PERCENT)
 HIGHEST    93
 LOWEST     69
 AVERAGE    81

..........................................................


THE MCALLEN CLIMATE NORMALS FOR TODAY
                         NORMAL    RECORD    YEAR
 MAXIMUM TEMPERATURE (F)   87        95      1950
                                             1957
 MINIMUM TEMPERATURE (F)   66        46      1976


SUNRISE AND SUNSET
OCTOBER 22 2014.......SUNRISE   736 AM CDT   SUNSET   659 PM CDT
OCTOBER 23 2014.......SUNRISE   736 AM CDT   SUNSET   658 PM CDT


-  INDICATES NEGATIVE NUMBERS.
R  INDICATES RECORD WAS SET OR TIED.
MM INDICATES DATA IS MISSING.
T  INDICATES TRACE AMOUNT.




$$
