000
CDUS44 KBRO 220631
CLIMFE


CLIMATE REPORT
NATIONAL WEATHER SERVICE BROWNSVILLE TX
130 AM CDT FRI SEP 22 2017


...................................

...THE MCALLEN CLIMATE SUMMARY FOR SEPTEMBER 21 2017...

CLIMATE NORMAL PERIOD 1981 TO 2010
CLIMATE RECORD PERIOD 1961 TO 2017


WEATHER ITEM   OBSERVED TIME   RECORD YEAR NORMAL DEPARTURE LAST
                VALUE   (LST)  VALUE       VALUE  FROM      YEAR
                                                  NORMAL
..................................................................
TEMPERATURE (F)
 YESTERDAY
  MAXIMUM        101    234 PM 102    2016  92      9      102
  MINIMUM         81    708 AM  59    1983  72      9       76
  AVERAGE         91                        82      9

PRECIPITATION (IN)
  YESTERDAY        0.00          0.38 1993   0.14  -0.14     0.00
  MONTH TO DATE    0.47                      3.35  -2.88     0.68
  SINCE SEP 1      0.47                      3.35  -2.88     0.68
  SINCE JAN 1      7.26                     16.92  -9.66     9.98

SNOWFALL (IN)
  YESTERDAY        0.0
  MONTH TO DATE    0.0
  SINCE SEP 1      0.0
  SINCE JUL 1      0.0

DEGREE DAYS
 HEATING
  YESTERDAY        0                         0      0        0
  MONTH TO DATE    0                         0      0        0
  SINCE SEP 1      0                         0      0        0
  SINCE JUL 1      0                         0      0        0

 COOLING
  YESTERDAY       26                        17      9       24
  MONTH TO DATE  459                       403     56      528
  SINCE SEP 1    459                       403     56      528
  SINCE JAN 1   4725                      3654   1071     4430
..................................................................


WIND (MPH)
  HIGHEST WIND SPEED    25   HIGHEST WIND DIRECTION    SE (130)
  HIGHEST GUST SPEED    31   HIGHEST GUST DIRECTION    SE (130)
  AVERAGE WIND SPEED    15.0



WEATHER CONDITIONS
 THE FOLLOWING WEATHER WAS RECORDED YESTERDAY.
  NO SIGNIFICANT WEATHER WAS OBSERVED.


RELATIVE HUMIDITY (PERCENT)
 HIGHEST    91
 LOWEST     40
 AVERAGE    66

..........................................................


THE MCALLEN CLIMATE NORMALS FOR TODAY
                         NORMAL    RECORD    YEAR
 MAXIMUM TEMPERATURE (F)   92       101      2009
 MINIMUM TEMPERATURE (F)   72        57      1995


SUNRISE AND SUNSET
SEPTEMBER 22 2017.....SUNRISE   722 AM CDT   SUNSET   729 PM CDT
SEPTEMBER 23 2017.....SUNRISE   722 AM CDT   SUNSET   728 PM CDT


-  INDICATES NEGATIVE NUMBERS.
R  INDICATES RECORD WAS SET OR TIED.
MM INDICATES DATA IS MISSING.
T  INDICATES TRACE AMOUNT.




$$
