000
CDUS44 KBRO 270633
CLIMFE


CLIMATE REPORT
NATIONAL WEATHER SERVICE BROWNSVILLE TX
130 AM CDT FRI MAR 27 2015


...................................

...THE MCALLEN CLIMATE SUMMARY FOR MARCH 26 2015...

CLIMATE NORMAL PERIOD 1981 TO 2010
CLIMATE RECORD PERIOD 1941 TO 2015


WEATHER ITEM   OBSERVED TIME   RECORD YEAR NORMAL DEPARTURE LAST
                VALUE   (LST)  VALUE       VALUE  FROM      YEAR
                                                  NORMAL
..................................................................
TEMPERATURE (F)
 YESTERDAY
  MAXIMUM         90   1143 AM  99    1950  84      6       71
                                      1971
  MINIMUM         60   1156 PM  40    1955  62     -2       60
  AVERAGE         75                        73      2

PRECIPITATION (IN)
  YESTERDAY        0.31R         0.16 2003   0.03   0.28     0.15
  MONTH TO DATE    1.39                      0.87   0.52     1.17
  SINCE MAR 1      1.39                      0.87   0.52     1.17
  SINCE JAN 1      1.98                      3.03  -1.05     2.05

DEGREE DAYS
 HEATING
  YESTERDAY        0                         1     -1        0
  MONTH TO DATE   66                        37     29       98
  SINCE MAR 1     66                        37     29       98
  SINCE JUL 1    756                       570    186      874

 COOLING
  YESTERDAY       10                         9      1        1
  MONTH TO DATE  122                       172    -50       80
  SINCE MAR 1    122                       172    -50       80
  SINCE JAN 1    207                       331   -124      208
..................................................................


WIND (MPH)
  HIGHEST WIND SPEED    40   HIGHEST WIND DIRECTION     N (340)
  HIGHEST GUST SPEED    49   HIGHEST GUST DIRECTION     N (340)
  AVERAGE WIND SPEED     8.3



WEATHER CONDITIONS
 THE FOLLOWING WEATHER WAS RECORDED YESTERDAY.
  THUNDERSTORM
  HEAVY RAIN
  RAIN
  LIGHT RAIN
  FOG
  HAZE


RELATIVE HUMIDITY (PERCENT)
 HIGHEST    93
 LOWEST     50
 AVERAGE    72

..........................................................


THE MCALLEN CLIMATE NORMALS FOR TODAY
                         NORMAL    RECORD    YEAR
 MAXIMUM TEMPERATURE (F)   84       102      2009
 MINIMUM TEMPERATURE (F)   62        39      1955


SUNRISE AND SUNSET
MARCH 27 2015.........SUNRISE   730 AM CDT   SUNSET   747 PM CDT
MARCH 28 2015.........SUNRISE   729 AM CDT   SUNSET   748 PM CDT


-  INDICATES NEGATIVE NUMBERS.
R  INDICATES RECORD WAS SET OR TIED.
MM INDICATES DATA IS MISSING.
T  INDICATES TRACE AMOUNT.

$$
