000
CDUS44 KBRO 200625
CLIMFE


CLIMATE REPORT
NATIONAL WEATHER SERVICE BROWNSVILLE TX
125 AM CDT SUN APR 20 2014


...................................

...THE MCALLEN CLIMATE SUMMARY FOR APRIL 19 2014...

CLIMATE NORMAL PERIOD 1981 TO 2010
CLIMATE RECORD PERIOD 1941 TO 2014


WEATHER ITEM   OBSERVED TIME   RECORD YEAR NORMAL DEPARTURE LAST
                VALUE   (LST)  VALUE       VALUE  FROM      YEAR
                                                  NORMAL
..................................................................
TEMPERATURE (F)
 YESTERDAY
  MAXIMUM         82   1251 PM  98    2011  88     -6       73
  MINIMUM         61   1223 AM  53    2008  67     -6       54
  AVERAGE         72                        77     -5

PRECIPITATION (IN)
  YESTERDAY        0.00          1.87 1974   0.06  -0.06     0.00
  MONTH TO DATE    0.03                      0.71  -0.68      T
  SINCE MAR 1      1.20                      1.74  -0.54      T
  SINCE JAN 1      2.08                      3.90  -1.82     0.99

SNOWFALL (IN)
  YESTERDAY        0.0
  MONTH TO DATE    0.0
  SINCE MAR 1      0.0
  SINCE JUL 1      0.0

DEGREE DAYS
 HEATING
  YESTERDAY        0                         0      0        1
  MONTH TO DATE    9                         3      6        1
  SINCE MAR 1    107                        41     66       17
  SINCE JUL 1    883                       574    309      313

 COOLING
  YESTERDAY        7                        12     -5        0
  MONTH TO DATE  168                       209    -41      228
  SINCE MAR 1    304                       427   -123      447
  SINCE JAN 1    432                       586   -154      696
..................................................................


WIND (MPH)
  HIGHEST WIND SPEED    21   HIGHEST WIND DIRECTION    SE (130)
  HIGHEST GUST SPEED    24   HIGHEST GUST DIRECTION    SE (130)
  AVERAGE WIND SPEED    10.3



WEATHER CONDITIONS
 THE FOLLOWING WEATHER WAS RECORDED YESTERDAY.
  NO SIGNIFICANT WEATHER WAS OBSERVED.


RELATIVE HUMIDITY (PERCENT)
 HIGHEST    93
 LOWEST     54
 AVERAGE    74

..........................................................


THE MCALLEN CLIMATE NORMALS FOR TODAY
                         NORMAL    RECORD    YEAR
 MAXIMUM TEMPERATURE (F)   88       101      1973
 MINIMUM TEMPERATURE (F)   67        50      2013


SUNRISE AND SUNSET
APRIL 20 2014.........SUNRISE   705 AM CDT   SUNSET   759 PM CDT
APRIL 21 2014.........SUNRISE   704 AM CDT   SUNSET   800 PM CDT


-  INDICATES NEGATIVE NUMBERS.
R  INDICATES RECORD WAS SET OR TIED.
MM INDICATES DATA IS MISSING.
T  INDICATES TRACE AMOUNT.




$$
