000
CDUS44 KBRO 300629
CLIMFE


CLIMATE REPORT
NATIONAL WEATHER SERVICE BROWNSVILLE TX
128 AM CDT WED JUL 30 2014


...................................

...THE MCALLEN CLIMATE SUMMARY FOR JULY 29 2014...

CLIMATE NORMAL PERIOD 1981 TO 2010
CLIMATE RECORD PERIOD 1941 TO 2014


WEATHER ITEM   OBSERVED TIME   RECORD YEAR NORMAL DEPARTURE LAST
                VALUE   (LST)  VALUE       VALUE  FROM      YEAR
                                                  NORMAL
..................................................................
TEMPERATURE (F)
 YESTERDAY
  MAXIMUM        102    422 PM 106    1979  98      4      101
  MINIMUM         75    617 AM  69    1968  77     -2       80
                                      1974
  AVERAGE         89                        87      2

PRECIPITATION (IN)
  YESTERDAY        0.00          0.05 1947   0.05  -0.05     0.00
  MONTH TO DATE    0.60                      1.91  -1.31     1.16
  SINCE JUN 1      0.90                      4.49  -3.59     2.04
  SINCE JAN 1      3.78                     11.27  -7.49     5.46

SNOWFALL (IN)
  YESTERDAY        0.0
  MONTH TO DATE    0.0
  SINCE JUN 1      0.0
  SINCE JUL 1      0.0

DEGREE DAYS
 HEATING
  YESTERDAY        0                         0      0        0
  MONTH TO DATE    0                         0      0        0
  SINCE JUN 1      0                         0      0        0
  SINCE JUL 1      0                         0      0        0

 COOLING
  YESTERDAY       24                        22      2       26
  MONTH TO DATE  661                       628     33      648
  SINCE JUN 1   1331                      1256     75     1325
  SINCE JAN 1   2387                      2511   -124     2621
..................................................................


WIND (MPH)
  HIGHEST WIND SPEED    21   HIGHEST WIND DIRECTION    SE (130)
  HIGHEST GUST SPEED    26   HIGHEST GUST DIRECTION    SE (120)
  AVERAGE WIND SPEED    10.4



WEATHER CONDITIONS
 THE FOLLOWING WEATHER WAS RECORDED YESTERDAY.
  FOG


RELATIVE HUMIDITY (PERCENT)
 HIGHEST   100
 LOWEST     27
 AVERAGE    64

..........................................................


THE MCALLEN CLIMATE NORMALS FOR TODAY
                         NORMAL    RECORD    YEAR
 MAXIMUM TEMPERATURE (F)   98       106      2009
 MINIMUM TEMPERATURE (F)   77        65      1974


SUNRISE AND SUNSET
JULY 30 2014..........SUNRISE   658 AM CDT   SUNSET   821 PM CDT
JULY 31 2014..........SUNRISE   658 AM CDT   SUNSET   820 PM CDT


-  INDICATES NEGATIVE NUMBERS.
R  INDICATES RECORD WAS SET OR TIED.
MM INDICATES DATA IS MISSING.
T  INDICATES TRACE AMOUNT.




$$
