000
CDUS44 KBRO 242208
CLIMFE


CLIMATE REPORT
NATIONAL WEATHER SERVICE BROWNSVILLE TX
506 PM CDT WED AUG 24 2016


...................................

...THE MCALLEN CLIMATE SUMMARY FOR AUGUST 24 2016...
VALID TODAY AS OF 0400 PM LOCAL TIME.

CLIMATE NORMAL PERIOD 1981 TO 2010
CLIMATE RECORD PERIOD 1961 TO 2016


WEATHER ITEM   OBSERVED TIME   RECORD YEAR NORMAL DEPARTURE LAST
                VALUE   (LST)  VALUE       VALUE  FROM      YEAR
                                                  NORMAL
..................................................................
TEMPERATURE (F)
 TODAY
  MAXIMUM        103    245 PM 104    2009  98      5       99
  MINIMUM         76    647 AM  69    1976  77     -1       80
                                      1973
  AVERAGE         90                        87      3       90

PRECIPITATION (IN)
  TODAY            0.00          1.03 1967   0.09  -0.09     0.26
  MONTH TO DATE    0.79                      1.44  -0.65     2.65
  SINCE JUN 1      1.28                      6.02  -4.74     8.29
  SINCE JAN 1      9.25                     12.80  -3.55    19.76

SNOWFALL (IN)
  TODAY            0.0
  MONTH TO DATE    0.0
  SINCE JUN 1      0.0
  SINCE JUL 1      0.0
  SNOW DEPTH       0

DEGREE DAYS
 HEATING
  TODAY            0                         0      0        0
  MONTH TO DATE    0                         0      0        0
  SINCE JUN 1      0                         0      0        0
  SINCE JUL 1      0                         0      0        0

 COOLING
  TODAY           25                        22      3       25
  MONTH TO DATE  632                       546     86      631
  SINCE JUN 1   2110                      1848    262     2025
  SINCE JAN 1   3728                      3103    625     3270
..................................................................


WIND (MPH)
  HIGHEST WIND SPEED    23   HIGHEST WIND DIRECTION    SE (150)
  HIGHEST GUST SPEED    29   HIGHEST GUST DIRECTION    SE (140)
  AVERAGE WIND SPEED    11.7



WEATHER CONDITIONS
 THE FOLLOWING WEATHER WAS RECORDED TODAY.
  NO SIGNIFICANT WEATHER WAS OBSERVED.


..........................................................


THE MCALLEN CLIMATE NORMALS FOR TOMORROW
                         NORMAL    RECORD    YEAR
 MAXIMUM TEMPERATURE (F)   98       103      2002
 MINIMUM TEMPERATURE (F)   77        70      1966


SUNRISE AND SUNSET
AUGUST 24 2016........SUNRISE   710 AM CDT   SUNSET   800 PM CDT
AUGUST 25 2016........SUNRISE   710 AM CDT   SUNSET   759 PM CDT


-  INDICATES NEGATIVE NUMBERS.
R  INDICATES RECORD WAS SET OR TIED.
MM INDICATES DATA IS MISSING.
T  INDICATES TRACE AMOUNT.




$$
