000
CDUS44 KBRO 222235
CLIMFE


CLIMATE REPORT
NATIONAL WEATHER SERVICE BROWNSVILLE TX
433 PM CST MON DEC 22 2014


...................................

...THE MCALLEN CLIMATE SUMMARY FOR DECEMBER 22 2014...
VALID TODAY AS OF 0400 PM LOCAL TIME.

CLIMATE NORMAL PERIOD 1981 TO 2010
CLIMATE RECORD PERIOD 1941 TO 2014


WEATHER ITEM   OBSERVED TIME   RECORD YEAR NORMAL DEPARTURE LAST
                VALUE   (LST)  VALUE       VALUE  FROM      YEAR
                                                  NORMAL
..................................................................
TEMPERATURE (F)
 TODAY
  MAXIMUM         76    359 PM  87    1990  71      5       79
  MINIMUM         56    313 AM  28    1989  51      5       56
  AVERAGE         66                        61      5       68

PRECIPITATION (IN)
  TODAY            0.00          0.72 1995   0.04  -0.04     0.00
  MONTH TO DATE    0.47                      0.82  -0.35     0.02
  SINCE DEC 1      0.47                      0.82  -0.35     0.02
  SINCE JAN 1     19.74                     21.83  -2.09    15.49

SNOWFALL (IN)
  TODAY            0.0
  MONTH TO DATE    0.0
  SINCE DEC 1      0.0
  SINCE JUL 1      0.0
  SNOW DEPTH       0

DEGREE DAYS
 HEATING
  TODAY            0                         6     -6        0
  MONTH TO DATE   34                       115    -81      149
  SINCE DEC 1     34                       115    -81      149
  SINCE JUL 1    163                       175    -12      275

 COOLING
  TODAY            1                         2     -1        3
  MONTH TO DATE   75                        64     11       46
  SINCE DEC 1     75                        64     11       46
  SINCE JAN 1   4309                      4433   -124     4581
..................................................................


WIND (MPH)
  HIGHEST WIND SPEED    10   HIGHEST WIND DIRECTION     S (190)
  HIGHEST GUST SPEED    15   HIGHEST GUST DIRECTION     S (180)
  AVERAGE WIND SPEED     4.7



WEATHER CONDITIONS
 THE FOLLOWING WEATHER WAS RECORDED TODAY.
  FOG


..........................................................


THE MCALLEN CLIMATE NORMALS FOR TOMORROW
                         NORMAL    RECORD    YEAR
 MAXIMUM TEMPERATURE (F)   71        87      1948
                                             1970
                                             1981
 MINIMUM TEMPERATURE (F)   51        19      1989


SUNRISE AND SUNSET
DECEMBER 22 2014......SUNRISE   717 AM CST   SUNSET   547 PM CST
DECEMBER 23 2014......SUNRISE   717 AM CST   SUNSET   547 PM CST


-  INDICATES NEGATIVE NUMBERS.
R  INDICATES RECORD WAS SET OR TIED.
MM INDICATES DATA IS MISSING.
T  INDICATES TRACE AMOUNT.




$$
