000
CDUS44 KBRO 230626
CLIMFE


CLIMATE REPORT
NATIONAL WEATHER SERVICE BROWNSVILLE TX
126 AM CDT THU MAR 23 2017


...................................

...THE MCALLEN CLIMATE SUMMARY FOR MARCH 22 2017...

CLIMATE NORMAL PERIOD 1981 TO 2010
CLIMATE RECORD PERIOD 1961 TO 2017


WEATHER ITEM   OBSERVED TIME   RECORD YEAR NORMAL DEPARTURE LAST
                VALUE   (LST)  VALUE       VALUE  FROM      YEAR
                                                  NORMAL
..................................................................
TEMPERATURE (F)
 YESTERDAY
  MAXIMUM         89    255 PM  99    1991  83      6       84
  MINIMUM         66    649 AM  39    1968  61      5       52
  AVERAGE         78                        72      6

PRECIPITATION (IN)
  YESTERDAY        0.00          0.42 1976   0.03  -0.03     0.00
  MONTH TO DATE    2.52                      0.72   1.80     0.03
  SINCE MAR 1      2.52                      0.72   1.80     0.03
  SINCE JAN 1      4.15                      2.88   1.27     0.43

SNOWFALL (IN)
  YESTERDAY        0.0
  MONTH TO DATE    0.0
  SINCE MAR 1      0.0
  SINCE JUL 1      0.0

DEGREE DAYS
 HEATING
  YESTERDAY        0                         1     -1        0
  MONTH TO DATE    1                        33    -32        6
  SINCE MAR 1      1                        33    -32        6
  SINCE JUL 1    189                       566   -377      317

 COOLING
  YESTERDAY       13                         8      5        3
  MONTH TO DATE  222                       139     83      243
  SINCE MAR 1    222                       139     83      243
  SINCE JAN 1    703                       298    405      448
..................................................................


WIND (MPH)
  HIGHEST WIND SPEED    24   HIGHEST WIND DIRECTION    SE (130)
  HIGHEST GUST SPEED    29   HIGHEST GUST DIRECTION    SE (150)
  AVERAGE WIND SPEED    13.3



WEATHER CONDITIONS
 THE FOLLOWING WEATHER WAS RECORDED YESTERDAY.
  FOG


RELATIVE HUMIDITY (PERCENT)
 HIGHEST    93
 LOWEST     43
 AVERAGE    68

..........................................................


THE MCALLEN CLIMATE NORMALS FOR TODAY
                         NORMAL    RECORD    YEAR
 MAXIMUM TEMPERATURE (F)   84       102      2013
 MINIMUM TEMPERATURE (F)   61        42      1968


SUNRISE AND SUNSET
MARCH 23 2017.........SUNRISE   733 AM CDT   SUNSET   746 PM CDT
MARCH 24 2017.........SUNRISE   732 AM CDT   SUNSET   746 PM CDT


-  INDICATES NEGATIVE NUMBERS.
R  INDICATES RECORD WAS SET OR TIED.
MM INDICATES DATA IS MISSING.
T  INDICATES TRACE AMOUNT.




$$
