000
CDUS44 KBRO 260629
CLIMFE


CLIMATE REPORT
NATIONAL WEATHER SERVICE BROWNSVILLE TX
129 AM CDT FRI MAY 26 2017


...................................

...THE MCALLEN CLIMATE SUMMARY FOR MAY 25 2017...

CLIMATE NORMAL PERIOD 1981 TO 2010
CLIMATE RECORD PERIOD 1961 TO 2017


WEATHER ITEM   OBSERVED TIME   RECORD YEAR NORMAL DEPARTURE LAST
                VALUE   (LST)  VALUE       VALUE  FROM      YEAR
                                                  NORMAL
..................................................................
TEMPERATURE (F)
 YESTERDAY
  MAXIMUM         97    257 PM 103    1989  94      3       94
  MINIMUM         67    539 AM  62    1967  74     -7       77
  AVERAGE         82                        84     -2

PRECIPITATION (IN)
  YESTERDAY        0.00          0.59 2016   0.08  -0.08     0.59
  MONTH TO DATE    0.31                      1.79  -1.48     4.98
  SINCE MAR 1      3.56                      4.16  -0.60     5.60
  SINCE JAN 1      5.19                      6.32  -1.13     6.00

SNOWFALL (IN)
  YESTERDAY        0.0
  MONTH TO DATE    0.0
  SINCE MAR 1      0.0
  SINCE JUL 1      0.0

DEGREE DAYS
 HEATING
  YESTERDAY        0                         0      0        0
  MONTH TO DATE    0                         0      0        0
  SINCE MAR 1      1                        46    -45        7
  SINCE JUL 1    189                       579   -390      318

 COOLING
  YESTERDAY       17                        19     -2       21
  MONTH TO DATE  475                       409     66      462
  SINCE MAR 1   1323                       981    342     1284
  SINCE JAN 1   1804                      1140    664     1489
..................................................................


WIND (MPH)
  HIGHEST WIND SPEED    25   HIGHEST WIND DIRECTION    SE (130)
  HIGHEST GUST SPEED    32   HIGHEST GUST DIRECTION    SE (140)
  AVERAGE WIND SPEED    14.0



WEATHER CONDITIONS
 THE FOLLOWING WEATHER WAS RECORDED YESTERDAY.
  HAZE


RELATIVE HUMIDITY (PERCENT)
 HIGHEST    87
 LOWEST     48
 AVERAGE    68

..........................................................


THE MCALLEN CLIMATE NORMALS FOR TODAY
                         NORMAL    RECORD    YEAR
 MAXIMUM TEMPERATURE (F)   94        99      2000
 MINIMUM TEMPERATURE (F)   74        66      1967


SUNRISE AND SUNSET
MAY 26 2017...........SUNRISE   642 AM CDT   SUNSET   818 PM CDT
MAY 27 2017...........SUNRISE   642 AM CDT   SUNSET   819 PM CDT


-  INDICATES NEGATIVE NUMBERS.
R  INDICATES RECORD WAS SET OR TIED.
MM INDICATES DATA IS MISSING.
T  INDICATES TRACE AMOUNT.




$$
