000
CDUS46 KMFR 301202
CLIMFR

CLIMATE REPORT
NATIONAL WEATHER SERVICE MEDFORD, OR
500 AM PDT SAT MAY 30 2015


...................................

...THE MEDFORD OR CLIMATE SUMMARY FOR MAY 29 2015...

CLIMATE NORMAL PERIOD 1981 TO 2010
CLIMATE RECORD PERIOD 1911 TO 2015


WEATHER ITEM   OBSERVED TIME   RECORD YEAR NORMAL DEPARTURE LAST
                VALUE   (LST)  VALUE       VALUE  FROM      YEAR
                                                  NORMAL
..................................................................
TEMPERATURE (F)
 YESTERDAY
  MAXIMUM         91    413 PM  98    1984  77     14       80
                                      1973
                                      1931
  MINIMUM         58    528 AM  30    1979  49      9       41
  AVERAGE         75                        63     12       61

PRECIPITATION (IN)
  YESTERDAY        0.00          0.71 1932   0.04  -0.04     0.00
  MONTH TO DATE    0.31                      1.23  -0.92     0.47
  SINCE OCT 1     13.66                     16.40  -2.74    11.80
  SINCE JAN 1      6.81                      8.76  -1.95    10.12

SNOWFALL (IN)
  YESTERDAY        0.0                       0.0    0.0      0.0
  MONTH TO DATE    0.0                       0.0    0.0      0.0
  SINCE JUL 1      T                         4.1   -4.1      3.4
  SNOW DEPTH       0

DEGREE DAYS
 HEATING
  YESTERDAY        0                         4     -4        4
  MONTH TO DATE  107                       189    -82      107
  SINCE MAR 1    796                      1074   -278      787
  SINCE JUL 1   3236                      4188   -952     4157

 COOLING
  YESTERDAY       10                         2      8        0
  MONTH TO DATE   25                        34     -9       50
  SINCE MAR 1     25                        37    -12       54
  SINCE JAN 1     25                        37    -12       54
..................................................................


WIND (MPH)
  HIGHEST WIND SPEED    16   HIGHEST WIND DIRECTION    NW (310)
  HIGHEST GUST SPEED    21   HIGHEST GUST DIRECTION     W (290)
  AVERAGE WIND SPEED     5.2


SKY COVER
  POSSIBLE SUNSHINE  MM
  AVERAGE SKY COVER 0.1


WEATHER CONDITIONS
 THE FOLLOWING WEATHER WAS RECORDED YESTERDAY.
  NO SIGNIFICANT WEATHER WAS OBSERVED.


RELATIVE HUMIDITY (PERCENT)
 HIGHEST    75           500 AM
 LOWEST     22           600 PM
 AVERAGE    49

..........................................................


THE MEDFORD OR CLIMATE NORMALS FOR TODAY
                         NORMAL    RECORD    YEAR
 MAXIMUM TEMPERATURE (F)   77       103      1986
 MINIMUM TEMPERATURE (F)   49        34      1979


SUNRISE AND SUNSET
MAY 30 2015...........SUNRISE   538 AM PDT   SUNSET   840 PM PDT
MAY 31 2015...........SUNRISE   538 AM PDT   SUNSET   841 PM PDT


-  INDICATES NEGATIVE NUMBERS.
R  INDICATES RECORD WAS SET OR TIED.
MM INDICATES DATA IS MISSING.
T  INDICATES TRACE AMOUNT.

&&

LOW TEMPERATURE THIS MORNING...64 DEGREES
24-HOUR PRECIPITATION..........0

$$
