000
CDUS46 KMFR 230839
CLIMFR


CLIMATE REPORT
NATIONAL WEATHER SERVICE MEDFORD, OR
1239 AM PST TUE JAN 23 2018


...................................

...THE MEDFORD OR CLIMATE SUMMARY FOR JANUARY 22 2018...

CLIMATE NORMAL PERIOD 1981 TO 2010
CLIMATE RECORD PERIOD 1911 TO 2018


WEATHER ITEM   OBSERVED TIME   RECORD YEAR NORMAL DEPARTURE LAST
                VALUE   (LST)  VALUE       VALUE  FROM      YEAR
                                                  NORMAL
..................................................................
TEMPERATURE (F)
 YESTERDAY
  MAXIMUM         49    428 PM  70    1970  49      0       49
  MINIMUM         32   1046 PM   0    1962  33     -1       35
  AVERAGE         41                        41      0       42

PRECIPITATION (IN)
  YESTERDAY        0.05          1.34 1972   0.07  -0.02     0.26
  MONTH TO DATE    1.24                      1.84  -0.60     4.88
  SINCE OCT 1      5.85                      9.48  -3.63    16.57
  SINCE JAN 1      1.24                      1.84  -0.60     4.88

SNOWFALL (IN)
  YESTERDAY        0.0                       0.1   -0.1      0.0
  MONTH TO DATE    0.0                       1.0   -1.0     11.4
  SINCE JUL 1      0.0                       2.7   -2.7     11.8
  SNOW DEPTH       0

DEGREE DAYS
 HEATING
  YESTERDAY       24                        24      0       23
  MONTH TO DATE  481                       555    -74      636
  SINCE DEC 1   1307                      1352    -45     1488
  SINCE JUL 1   2242                      2321    -79     2261

 COOLING
  YESTERDAY        0                         0      0        0
  MONTH TO DATE    0                         0      0        0
  SINCE DEC 1      0                         0      0        0
  SINCE JAN 1      0                         0      0        0
..................................................................


WIND (MPH)
  HIGHEST WIND SPEED     6   HIGHEST WIND DIRECTION     E (80)
  HIGHEST GUST SPEED     7   HIGHEST GUST DIRECTION    NE (60)
  AVERAGE WIND SPEED     0.8


SKY COVER
  POSSIBLE SUNSHINE  MM
  AVERAGE SKY COVER 0.6


WEATHER CONDITIONS
 THE FOLLOWING WEATHER WAS RECORDED YESTERDAY.
  LIGHT RAIN
  FOG
  FOG W/VISIBILITY <= 1/4 MILE


RELATIVE HUMIDITY (PERCENT)
 HIGHEST   100          1200 AM
 LOWEST     66           300 PM
 AVERAGE    83

..........................................................


THE MEDFORD OR CLIMATE NORMALS FOR TODAY
                         NORMAL    RECORD    YEAR
 MAXIMUM TEMPERATURE (F)   49        67      2014
 MINIMUM TEMPERATURE (F)   33         5      1962


SUNRISE AND SUNSET
JANUARY 23 2018.......SUNRISE   733 AM PST   SUNSET   514 PM PST
JANUARY 24 2018.......SUNRISE   732 AM PST   SUNSET   515 PM PST


-  INDICATES NEGATIVE NUMBERS.
R  INDICATES RECORD WAS SET OR TIED.
MM INDICATES DATA IS MISSING.
T  INDICATES TRACE AMOUNT.




$$
