000
CDUS46 KMFR 211208
CLIMFR

CLIMATE REPORT
NATIONAL WEATHER SERVICE MEDFORD, OR
405 AM PST SUN DEC 21 2014


...................................

...THE MEDFORD OR CLIMATE SUMMARY FOR DECEMBER 20 2014...

CLIMATE NORMAL PERIOD 1981 TO 2010
CLIMATE RECORD PERIOD 1911 TO 2014


WEATHER ITEM   OBSERVED TIME   RECORD YEAR NORMAL DEPARTURE LAST
                VALUE   (LST)  VALUE       VALUE  FROM      YEAR
                                                  NORMAL
..................................................................
TEMPERATURE (F)
 YESTERDAY
  MAXIMUM         49   1159 PM  61    2005  45      4       38
  MINIMUM         44    906 AM   8    1990  32     12       26
  AVERAGE         47                        39      8       32

PRECIPITATION (IN)
  YESTERDAY        0.20          1.01 1964   0.12   0.08     0.01
  MONTH TO DATE    1.38                      2.33  -0.95     0.35
  SINCE SEP 1      7.96                      7.05   0.91     4.43
  SINCE JAN 1     19.35                     17.19   2.16     8.98

SNOWFALL (IN)
  YESTERDAY        0.0                       0.1   -0.1      0.0
  MONTH TO DATE    0.0                       0.8   -0.8      3.4
  SINCE JUL 1      0.0                       1.0   -1.0      3.4
  SNOW DEPTH       0

DEGREE DAYS
 HEATING
  YESTERDAY       18                        26     -8       33
  MONTH TO DATE  355                       508   -153      720
  SINCE DEC 1    355                       508   -153      720
  SINCE JUL 1   1029                      1477   -448     1771

 COOLING
  YESTERDAY        0                         0      0        0
  MONTH TO DATE    0                         0      0        0
  SINCE DEC 1      0                         0      0        0
  SINCE JAN 1   1238                       829    409     1057
..................................................................


WIND (MPH)
  HIGHEST WIND SPEED     9   HIGHEST WIND DIRECTION     N (20)
  HIGHEST GUST SPEED    13   HIGHEST GUST DIRECTION     W (250)
  AVERAGE WIND SPEED     1.8


SKY COVER
  POSSIBLE SUNSHINE  MM
  AVERAGE SKY COVER 1.0


WEATHER CONDITIONS
 THE FOLLOWING WEATHER WAS RECORDED YESTERDAY.
  LIGHT RAIN
  FOG
  FOG W/VISIBILITY <= 1/4 MILE


RELATIVE HUMIDITY (PERCENT)
 HIGHEST   100           900 PM
 LOWEST     92          1200 AM
 AVERAGE    96

..........................................................


THE MEDFORD OR CLIMATE NORMALS FOR TODAY
                         NORMAL    RECORD    YEAR
 MAXIMUM TEMPERATURE (F)   45        63      1940
                                             1919
 MINIMUM TEMPERATURE (F)   32        -4      1990


SUNRISE AND SUNSET
DECEMBER 21 2014......SUNRISE   737 AM PST   SUNSET   442 PM PST
DECEMBER 22 2014......SUNRISE   738 AM PST   SUNSET   442 PM PST


-  INDICATES NEGATIVE NUMBERS.
R  INDICATES RECORD WAS SET OR TIED.
MM INDICATES DATA IS MISSING.
T  INDICATES TRACE AMOUNT.

&&

LOW TEMPERATURE THIS MORNING...49 DEGREES
24-HOUR PRECIPITATION..........0.30 INCHES

$$
