000
CDUS46 KMFR 180835
CLIMFR


CLIMATE REPORT
NATIONAL WEATHER SERVICE MEDFORD, OR
135 AM PDT WED OCT 18 2017


...................................

...THE MEDFORD OR CLIMATE SUMMARY FOR OCTOBER 17 2017...

CLIMATE NORMAL PERIOD 1981 TO 2010
CLIMATE RECORD PERIOD 1911 TO 2017


WEATHER ITEM   OBSERVED TIME   RECORD YEAR NORMAL DEPARTURE LAST
                VALUE   (LST)  VALUE       VALUE  FROM      YEAR
                                                  NORMAL
..................................................................
TEMPERATURE (F)
 YESTERDAY
  MAXIMUM         78    413 PM  87    1936  70      8       59
  MINIMUM         39    558 AM  26    1917  42     -3       47
  AVERAGE         59                        56      3       53

PRECIPITATION (IN)
  YESTERDAY        0.00          0.49 2004   0.03  -0.03     0.17
  MONTH TO DATE    T                         0.44  -0.44     3.90
  SINCE OCT 1      T                         0.44  -0.44     3.90
  SINCE JAN 1     13.52                     11.15   2.37    13.92

SNOWFALL (IN)
  YESTERDAY        0.0                       0.0    0.0      0.0
  MONTH TO DATE    0.0                       0.0    0.0      0.0
  SINCE JUL 1      0.0                       0.0    0.0      0.0
  SNOW DEPTH       0

DEGREE DAYS
 HEATING
  YESTERDAY        6                        10     -4       12
  MONTH TO DATE  179                       115     64      114
  SINCE SEP 1    252                       174     78      153
  SINCE JUL 1    252                       184     68      155

 COOLING
  YESTERDAY        0                         0      0        0
  MONTH TO DATE    0                         8     -8        4
  SINCE SEP 1    156                       120     36      113
  SINCE JAN 1   1281                       827    454     1058
..................................................................


WIND (MPH)
  HIGHEST WIND SPEED    10   HIGHEST WIND DIRECTION     S (180)
  HIGHEST GUST SPEED    12   HIGHEST GUST DIRECTION     S (190)
  AVERAGE WIND SPEED     2.3


SKY COVER
  POSSIBLE SUNSHINE  MM
  AVERAGE SKY COVER 0.0


WEATHER CONDITIONS
 THE FOLLOWING WEATHER WAS RECORDED YESTERDAY.
  NO SIGNIFICANT WEATHER WAS OBSERVED.


RELATIVE HUMIDITY (PERCENT)
 HIGHEST    79           400 AM
 LOWEST     19           400 PM
 AVERAGE    49

..........................................................


THE MEDFORD OR CLIMATE NORMALS FOR TODAY
                         NORMAL    RECORD    YEAR
 MAXIMUM TEMPERATURE (F)   69        85      1940
 MINIMUM TEMPERATURE (F)   41        26      1919


SUNRISE AND SUNSET
OCTOBER 18 2017.......SUNRISE   728 AM PDT   SUNSET   624 PM PDT
OCTOBER 19 2017.......SUNRISE   729 AM PDT   SUNSET   623 PM PDT


-  INDICATES NEGATIVE NUMBERS.
R  INDICATES RECORD WAS SET OR TIED.
MM INDICATES DATA IS MISSING.
T  INDICATES TRACE AMOUNT.




$$
