985
CDUS46 KMFR 250037
CLIMFR


CLIMATE REPORT
NATIONAL WEATHER SERVICE MEDFORD, OR
537 PM PDT WED MAY 24 2017


...................................

...THE MEDFORD OR CLIMATE SUMMARY FOR MAY 24 2017...
VALID TODAY AS OF 0500 PM LOCAL TIME.

CLIMATE NORMAL PERIOD 1981 TO 2010
CLIMATE RECORD PERIOD 1911 TO 2017


WEATHER ITEM   OBSERVED TIME   RECORD YEAR NORMAL DEPARTURE LAST
                VALUE   (LST)  VALUE       VALUE  FROM      YEAR
                                                  NORMAL
..................................................................
TEMPERATURE (F)
 TODAY
  MAXIMUM         80    212 PM  98    1928  76      4       76
  MINIMUM         54    459 AM  31    1918  48      6       48
  AVERAGE         67                        62      5       62

PRECIPITATION (IN)
  TODAY            0.00          1.21 1945   0.04  -0.04      T
  MONTH TO DATE    0.58                      1.03  -0.45     0.33
  SINCE OCT 1     24.27                     16.20   8.07    18.75
  SINCE JAN 1     12.58                      8.56   4.02     8.99

SNOWFALL (IN)
  TODAY            0.0                       0.0    0.0      0.0
  MONTH TO DATE    0.0                       0.0    0.0      0.0
  SINCE JUL 1     11.8                       4.1    7.7      1.9
  SNOW DEPTH       0

DEGREE DAYS
 HEATING
  TODAY            0                         5     -5        3
  MONTH TO DATE  128                       167    -39       76
  SINCE MAR 1    971                      1052    -81      731
  SINCE JUL 1   4016                      4166   -150     3405

 COOLING
  TODAY            2                         2      0        0
  MONTH TO DATE   53                        24     29       31
  SINCE MAR 1     53                        27     26       48
  SINCE JAN 1     53                        27     26       48
..................................................................


WIND (MPH)
  HIGHEST WIND SPEED    17   HIGHEST WIND DIRECTION     W (280)
  HIGHEST GUST SPEED    23   HIGHEST GUST DIRECTION     W (270)
  AVERAGE WIND SPEED     7.4


SKY COVER
  POSSIBLE SUNSHINE  MM
  AVERAGE SKY COVER 0.0


WEATHER CONDITIONS
 THE FOLLOWING WEATHER WAS RECORDED TODAY.
  HAZE


RELATIVE HUMIDITY (PERCENT)
 HIGHEST    77           500 AM
 LOWEST     18           400 PM
 AVERAGE    48

..........................................................


THE MEDFORD OR CLIMATE NORMALS FOR TOMORROW
                         NORMAL    RECORD    YEAR
 MAXIMUM TEMPERATURE (F)   76        97      1936
 MINIMUM TEMPERATURE (F)   48        30      1920


SUNRISE AND SUNSET
MAY 24 2017...........SUNRISE   542 AM PDT   SUNSET   835 PM PDT
MAY 25 2017...........SUNRISE   541 AM PDT   SUNSET   836 PM PDT


-  INDICATES NEGATIVE NUMBERS.
R  INDICATES RECORD WAS SET OR TIED.
MM INDICATES DATA IS MISSING.
T  INDICATES TRACE AMOUNT.




$$
