000
CDUS46 KMFR 011357
CLIMFR

CLIMATE REPORT
NATIONAL WEATHER SERVICE MEDFORD, OR
656 AM PDT SUN MAY 1 2016


...................................

...THE MEDFORD OR CLIMATE SUMMARY FOR APRIL 30 2016...

CLIMATE NORMAL PERIOD 1981 TO 2010
CLIMATE RECORD PERIOD 1911 TO 2016


WEATHER ITEM   OBSERVED TIME   RECORD YEAR NORMAL DEPARTURE LAST
                VALUE   (LST)  VALUE       VALUE  FROM      YEAR
                                                  NORMAL
..................................................................
TEMPERATURE (F)
 YESTERDAY
  MAXIMUM         71    531 PM  92    2014  69      2       81
  MINIMUM         44    533 AM  26    1972  43      1       39
                                      1911
  AVERAGE         58                        56      2       60

PRECIPITATION (IN)
  YESTERDAY        T             0.41 1989   0.04  -0.04     0.00
  MONTH TO DATE    0.96                      1.38  -0.42     0.60
  SINCE OCT 1     18.42                     15.17   3.25    13.35
  SINCE JAN 1      8.66                      7.53   1.13     6.50

SNOWFALL (IN)
  YESTERDAY        0.0                       0.0    0.0      0.0
  MONTH TO DATE    0.0                       0.0    0.0      0.0
  SINCE JUL 1      1.9                       4.1   -2.2       T
  SNOW DEPTH       0

DEGREE DAYS
 HEATING
  YESTERDAY        7                         9     -2        5
  MONTH TO DATE  210                       366   -156      334
  SINCE MAR 1    655                       885   -230      689
  SINCE JUL 1   3329                      3999   -670     3129

 COOLING
  YESTERDAY        0                         0      0        0
  MONTH TO DATE   17                         3     14        0
  SINCE MAR 1     17                         3     14        0
  SINCE JAN 1     17                         3     14        0
..................................................................


WIND (MPH)
  HIGHEST WIND SPEED    13   HIGHEST WIND DIRECTION     N (340)
  HIGHEST GUST SPEED    16   HIGHEST GUST DIRECTION     N (20)
  AVERAGE WIND SPEED     4.3


SKY COVER
  POSSIBLE SUNSHINE  MM
  AVERAGE SKY COVER 0.2


WEATHER CONDITIONS
 THE FOLLOWING WEATHER WAS RECORDED YESTERDAY.
  LIGHT RAIN


RELATIVE HUMIDITY (PERCENT)
 HIGHEST    93           300 AM
 LOWEST     36           300 PM
 AVERAGE    65

..........................................................


THE MEDFORD OR CLIMATE NORMALS FOR TODAY
                         NORMAL    RECORD    YEAR
 MAXIMUM TEMPERATURE (F)   69        92      1946
 MINIMUM TEMPERATURE (F)   43        28      1954


SUNRISE AND SUNSET
MAY  1 2016...........SUNRISE   606 AM PDT   SUNSET   812 PM PDT
MAY  2 2016...........SUNRISE   605 AM PDT   SUNSET   813 PM PDT


-  INDICATES NEGATIVE NUMBERS.
R  INDICATES RECORD WAS SET OR TIED.
MM INDICATES DATA IS MISSING.
T  INDICATES TRACE AMOUNT.

&&

LOW TEMPERATURE THIS MORNING...40 DEGREES
24-HOUR PRECIPITATION..........0

$$
