000
CDUS46 KMFR 240035
CLIMFR


CLIMATE REPORT
NATIONAL WEATHER SERVICE MEDFORD, OR
535 PM PDT TUE AUG 23 2016


...................................

...THE MEDFORD OR CLIMATE SUMMARY FOR AUGUST 23 2016...
VALID TODAY AS OF 0500 PM LOCAL TIME.

CLIMATE NORMAL PERIOD 1981 TO 2010
CLIMATE RECORD PERIOD 1911 TO 2016


WEATHER ITEM   OBSERVED TIME   RECORD YEAR NORMAL DEPARTURE LAST
                VALUE   (LST)  VALUE       VALUE  FROM      YEAR
                                                  NORMAL
..................................................................
TEMPERATURE (F)
 TODAY
  MAXIMUM         93    342 PM 105    1917  90      3       93
  MINIMUM         51    556 AM  44    1971  56     -5       63
  AVERAGE         72                        73     -1       78

PRECIPITATION (IN)
  TODAY            0.00          0.42 1983   0.01  -0.01     0.00
  MONTH TO DATE    0.00                      0.28  -0.28     0.01
  SINCE OCT 1     19.77                     17.66   2.11    14.29
  SINCE JAN 1     10.01                     10.02  -0.01     7.44

SNOWFALL (IN)
  TODAY            0.0                       0.0    0.0      0.0
  MONTH TO DATE    0.0                       0.0    0.0      0.0
  SINCE JUL 1      0.0                       0.0    0.0      0.0
  SNOW DEPTH       0

DEGREE DAYS
 HEATING
  TODAY            0                         0      0        0
  MONTH TO DATE    0                         0      0        0
  SINCE JUN 1     42                        60    -18       10
  SINCE JUL 1      2                         6     -4        0

 COOLING
  TODAY            7                         8     -1       13
  MONTH TO DATE  309                       221     88      280
  SINCE JUN 1    803                       615    188     1016
  SINCE JAN 1    864                       653    211     1061
..................................................................


WIND (MPH)
  HIGHEST WIND SPEED     8   HIGHEST WIND DIRECTION    NW (320)
  HIGHEST GUST SPEED    14   HIGHEST GUST DIRECTION    NW (310)
  AVERAGE WIND SPEED     1.6


SKY COVER
  POSSIBLE SUNSHINE  MM
  AVERAGE SKY COVER 0.0


WEATHER CONDITIONS
 THE FOLLOWING WEATHER WAS RECORDED TODAY.
  NO SIGNIFICANT WEATHER WAS OBSERVED.


RELATIVE HUMIDITY (PERCENT)
 HIGHEST    59           600 AM
 LOWEST      8           300 PM
 AVERAGE    34

..........................................................


THE MEDFORD OR CLIMATE NORMALS FOR TOMORROW
                         NORMAL    RECORD    YEAR
 MAXIMUM TEMPERATURE (F)   89       105      1916
 MINIMUM TEMPERATURE (F)   56        40      1925


SUNRISE AND SUNSET
AUGUST 23 2016........SUNRISE   628 AM PDT   SUNSET   759 PM PDT
AUGUST 24 2016........SUNRISE   629 AM PDT   SUNSET   758 PM PDT


-  INDICATES NEGATIVE NUMBERS.
R  INDICATES RECORD WAS SET OR TIED.
MM INDICATES DATA IS MISSING.
T  INDICATES TRACE AMOUNT.




$$
