000
CDUS44 KBMX 280647
CLIMGM


CLIMATE REPORT
NATIONAL WEATHER SERVICE BIRMINGHAM, AL
145 AM CDT THU MAY 28 2015


...................................

...THE MONTGOMERY CLIMATE SUMMARY FOR MAY 27 2015...

CLIMATE NORMAL PERIOD 1981 TO 2010
CLIMATE RECORD PERIOD 1994 TO 2015


WEATHER ITEM   OBSERVED TIME   RECORD YEAR NORMAL DEPARTURE LAST
                VALUE   (LST)  VALUE       VALUE  FROM      YEAR
                                                  NORMAL
..................................................................
TEMPERATURE (F)
 YESTERDAY
  MAXIMUM         89    230 PM  99    1916  87      2       87
  MINIMUM         67    116 AM  44    1961  64      3       68
  AVERAGE         78                        75      3       78

PRECIPITATION (IN)
  YESTERDAY        0.24          2.39 1885   0.10   0.14     0.05
  MONTH TO DATE    3.41                      3.09   0.32     4.77
  SINCE MAR 1     11.91                     13.06  -1.15    20.44
  SINCE JAN 1     19.57                     22.99  -3.42    28.11

DEGREE DAYS
 COOLING
  YESTERDAY       13                        10      3       13
  MONTH TO DATE  262                       193     69      217
  SINCE MAR 1    483                       288    195      309
  SINCE JAN 1    483                       294    189      316
..................................................................


WIND (MPH)
  HIGHEST WIND SPEED    25   HIGHEST WIND DIRECTION     S (180)
  HIGHEST GUST SPEED    33   HIGHEST GUST DIRECTION     S (170)
  AVERAGE WIND SPEED     4.1


SKY COVER
  AVERAGE SKY COVER 0.6


WEATHER CONDITIONS
 THE FOLLOWING WEATHER WAS RECORDED YESTERDAY.
  THUNDERSTORM
  HEAVY RAIN
  RAIN
  LIGHT RAIN
  FOG


RELATIVE HUMIDITY (PERCENT)
 HIGHEST    90          1200 AM
 LOWEST     55          1200 PM
 AVERAGE    73

..........................................................


THE MONTGOMERY CLIMATE NORMALS FOR TODAY
                         NORMAL    RECORD    YEAR
 MAXIMUM TEMPERATURE (F)   87        97      1916
 MINIMUM TEMPERATURE (F)   64        43      1961


SUNRISE AND SUNSET
MAY 28 2015...........SUNRISE   541 AM CDT   SUNSET   745 PM CDT
MAY 29 2015...........SUNRISE   541 AM CDT   SUNSET   746 PM CDT


-  INDICATES NEGATIVE NUMBERS.
R  INDICATES RECORD WAS SET OR TIED.
MM INDICATES DATA IS MISSING.
T  INDICATES TRACE AMOUNT.




$$
