000
CDUS44 KBMX 260735
CLIMGM


CLIMATE REPORT
NATIONAL WEATHER SERVICE BIRMINGHAM, AL
234 AM CDT FRI MAY 26 2017


...................................

...THE MONTGOMERY CLIMATE SUMMARY FOR MAY 25 2017...

CLIMATE NORMAL PERIOD 1981 TO 2010
CLIMATE RECORD PERIOD 1872 TO 2017


WEATHER ITEM   OBSERVED TIME   RECORD YEAR NORMAL DEPARTURE LAST
                VALUE   (LST)  VALUE       VALUE  FROM      YEAR
                                                  NORMAL
..................................................................
TEMPERATURE (F)
 YESTERDAY
  MAXIMUM         78    420 PM  96    1915  86     -8       89
  MINIMUM         57    538 AM  51    1983  63     -6       61
  AVERAGE         68                        75     -7       75

PRECIPITATION (IN)
  YESTERDAY        0.00          1.10 1909   0.11  -0.11     0.00
  MONTH TO DATE   12.28                      2.88   9.40     0.73
  SINCE MAR 1     18.76                     12.85   5.91    11.57
  SINCE JAN 1     33.46                     22.78  10.68    22.23

DEGREE DAYS
 COOLING
  YESTERDAY        3                        10     -7       10
  MONTH TO DATE  194                       173     21      183
  SINCE MAR 1    463                       268    195      356
  SINCE JAN 1    509                       274    235      369
..................................................................


WIND (MPH)
  HIGHEST WIND SPEED    17   HIGHEST WIND DIRECTION     W (290)
  HIGHEST GUST SPEED    23   HIGHEST GUST DIRECTION     W (280)
  AVERAGE WIND SPEED     7.1


SKY COVER
  AVERAGE SKY COVER 0.3


WEATHER CONDITIONS
 THE FOLLOWING WEATHER WAS RECORDED YESTERDAY.
  NO SIGNIFICANT WEATHER WAS OBSERVED.


RELATIVE HUMIDITY (PERCENT)
 HIGHEST    80           300 AM
 LOWEST     33           500 PM
 AVERAGE    57

..........................................................


THE MONTGOMERY CLIMATE NORMALS FOR TODAY
                         NORMAL    RECORD    YEAR
 MAXIMUM TEMPERATURE (F)   86        97      1916
 MINIMUM TEMPERATURE (F)   64        43      1979


SUNRISE AND SUNSET
MAY 26 2017...........SUNRISE   542 AM CDT   SUNSET   744 PM CDT
MAY 27 2017...........SUNRISE   541 AM CDT   SUNSET   745 PM CDT


-  INDICATES NEGATIVE NUMBERS.
R  INDICATES RECORD WAS SET OR TIED.
MM INDICATES DATA IS MISSING.
T  INDICATES TRACE AMOUNT.




$$
