000
CDUS44 KBMX 040800
CLIMGM


CLIMATE REPORT
NATIONAL WEATHER SERVICE BIRMINGHAM, AL
300 AM CDT WED MAY 4 2016


...................................

...THE MONTGOMERY CLIMATE SUMMARY FOR MAY 3 2016...

CLIMATE NORMAL PERIOD 1981 TO 2010
CLIMATE RECORD PERIOD 1872 TO 2016


WEATHER ITEM   OBSERVED TIME   RECORD YEAR NORMAL DEPARTURE LAST
                VALUE   (LST)  VALUE       VALUE  FROM      YEAR
                                                  NORMAL
..................................................................
TEMPERATURE (F)
 YESTERDAY
  MAXIMUM         76    249 PM  94    1990  81     -5       84
  MINIMUM         62   1159 PM  46    1995  57      5       52
                                      1876
  AVERAGE         69                        69      0       68

PRECIPITATION (IN)
  YESTERDAY        0.00          3.66 1957   0.11  -0.11     0.00
  MONTH TO DATE    0.12                      0.33  -0.21     0.00
  SINCE MAR 1     10.96                     10.30   0.66     8.50
  SINCE JAN 1     21.62                     20.23   1.39    16.16

DEGREE DAYS
 COOLING
  YESTERDAY        4                         5     -1        3
  MONTH TO DATE   25                        13     12        3
  SINCE MAR 1    198                       108     90      224
  SINCE JAN 1    211                       114     97      224
..................................................................


WIND (MPH)
  HIGHEST WIND SPEED    10   HIGHEST WIND DIRECTION     W (270)
  HIGHEST GUST SPEED    13   HIGHEST GUST DIRECTION     W (290)
  AVERAGE WIND SPEED     6.2


SKY COVER
  AVERAGE SKY COVER 0.8


WEATHER CONDITIONS
 THE FOLLOWING WEATHER WAS RECORDED YESTERDAY.
  FOG


RELATIVE HUMIDITY (PERCENT)
 HIGHEST    87          1200 AM
 LOWEST     64           300 PM
 AVERAGE    76

..........................................................


THE MONTGOMERY CLIMATE NORMALS FOR TODAY
                         NORMAL    RECORD    YEAR
 MAXIMUM TEMPERATURE (F)   81        93      1902
 MINIMUM TEMPERATURE (F)   57        40      1971


SUNRISE AND SUNSET
MAY  4 2016...........SUNRISE   556 AM CDT   SUNSET   729 PM CDT
MAY  5 2016...........SUNRISE   555 AM CDT   SUNSET   730 PM CDT


-  INDICATES NEGATIVE NUMBERS.
R  INDICATES RECORD WAS SET OR TIED.
MM INDICATES DATA IS MISSING.
T  INDICATES TRACE AMOUNT.




$$
