000
CDUS44 KBMX 230938
CLIMGM


CLIMATE REPORT
NATIONAL WEATHER SERVICE BIRMINGHAM, AL
438 AM CDT THU OCT 23 2014


...................................

...THE MONTGOMERY CLIMATE SUMMARY FOR OCTOBER 22 2014...

CLIMATE NORMAL PERIOD 1981 TO 2010
CLIMATE RECORD PERIOD 1872 TO 2014


WEATHER ITEM   OBSERVED TIME   RECORD YEAR NORMAL DEPARTURE LAST
                VALUE   (LST)  VALUE       VALUE  FROM      YEAR
                                                  NORMAL
..................................................................
TEMPERATURE (F)
 YESTERDAY
  MAXIMUM         74    302 PM  90    1984  77     -3       80
  MINIMUM         49    313 AM  30    1987  51     -2       54
  AVERAGE         62                        64     -2       67

PRECIPITATION (IN)
  YESTERDAY        0.00          2.47 1933   0.09  -0.09      T
  MONTH TO DATE    2.12                      2.04   0.08     0.43
  SINCE SEP 1      2.74                      6.01  -3.27     1.91
  SINCE JAN 1     42.49                     42.72  -0.23    44.92

SNOWFALL (IN)
  YESTERDAY        0.0                       0.0    0.0      0.0
  MONTH TO DATE    0.0                       0.0    0.0      0.0
  SINCE SEP 1      0.0                       0.0    0.0      0.0
  SINCE JUL 1      0.0                       0.0    0.0      0.0
  SNOW DEPTH       0

DEGREE DAYS
 HEATING
  YESTERDAY        3                         4     -1        0
  MONTH TO DATE   21                        45    -24       13
  SINCE SEP 1     21                        49    -28       13
  SINCE JUL 1     21                        49    -28       13

 COOLING
  YESTERDAY        0                         3     -3        2
  MONTH TO DATE  129                        97     32      140
  SINCE SEP 1    574                       438    136      542
  SINCE JAN 1   2473                      2227    246     2364
..................................................................


WIND (MPH)
  HIGHEST WIND SPEED    14   HIGHEST WIND DIRECTION     N (10)
  HIGHEST GUST SPEED    18   HIGHEST GUST DIRECTION    NE (30)
  AVERAGE WIND SPEED     6.1


SKY COVER
  AVERAGE SKY COVER 0.0


WEATHER CONDITIONS
 THE FOLLOWING WEATHER WAS RECORDED YESTERDAY.
  FOG


RELATIVE HUMIDITY (PERCENT)
 HIGHEST    96           400 AM
 LOWEST     31           300 PM
 AVERAGE    64

..........................................................


THE MONTGOMERY CLIMATE NORMALS FOR TODAY
                         NORMAL    RECORD    YEAR
 MAXIMUM TEMPERATURE (F)   76        90      1941
 MINIMUM TEMPERATURE (F)   51        34      1987


SUNRISE AND SUNSET
OCTOBER 23 2014.......SUNRISE   655 AM CDT   SUNSET   604 PM CDT
OCTOBER 24 2014.......SUNRISE   656 AM CDT   SUNSET   603 PM CDT


-  INDICATES NEGATIVE NUMBERS.
R  INDICATES RECORD WAS SET OR TIED.
MM INDICATES DATA IS MISSING.
T  INDICATES TRACE AMOUNT.




$$
