000
CDUS44 KBMX 020710
CLIMGM


CLIMATE REPORT
NATIONAL WEATHER SERVICE BIRMINGHAM, AL
209 AM CDT SUN AUG 2 2015


...................................

...THE MONTGOMERY CLIMATE SUMMARY FOR AUGUST 1 2015...

CLIMATE NORMAL PERIOD 1981 TO 2010
CLIMATE RECORD PERIOD 1994 TO 2015


WEATHER ITEM   OBSERVED TIME   RECORD YEAR NORMAL DEPARTURE LAST
                VALUE   (LST)  VALUE       VALUE  FROM      YEAR
                                                  NORMAL
..................................................................
TEMPERATURE (F)
 YESTERDAY
  MAXIMUM         96    416 PM 101    2010  92      4       88
                                      1897
  MINIMUM         72    521 AM  62    1993  72      0       74
  AVERAGE         84                        82      2       81

PRECIPITATION (IN)
  YESTERDAY        0.00          1.72 1942   0.14  -0.14     0.00
  MONTH TO DATE    0.00                      0.14  -0.14     0.00
  SINCE JUN 1      8.96                      9.45  -0.49     7.45
  SINCE JAN 1     29.46                     32.89  -3.43    36.34

DEGREE DAYS
 COOLING
  YESTERDAY       19                        17      2       16
  MONTH TO DATE   19                        17      2       16
  SINCE JUN 1   1134                       957    177      996
  SINCE JAN 1   1672                      1296    376     1362
..................................................................


WIND (MPH)
  HIGHEST WIND SPEED    13   HIGHEST WIND DIRECTION     N (20)
  HIGHEST GUST SPEED    18   HIGHEST GUST DIRECTION    NW (330)
  AVERAGE WIND SPEED     6.5


SKY COVER
  AVERAGE SKY COVER 0.1


WEATHER CONDITIONS
 THE FOLLOWING WEATHER WAS RECORDED YESTERDAY.
  NO SIGNIFICANT WEATHER WAS OBSERVED.


RELATIVE HUMIDITY (PERCENT)
 HIGHEST    85          1200 AM
 LOWEST     43           300 PM
 AVERAGE    64

..........................................................


THE MONTGOMERY CLIMATE NORMALS FOR TODAY
                         NORMAL    RECORD    YEAR
 MAXIMUM TEMPERATURE (F)   92       100      2010
                                             1897
 MINIMUM TEMPERATURE (F)   72        66      1992
                                             1925


SUNRISE AND SUNSET
AUGUST  2 2015........SUNRISE   601 AM CDT   SUNSET   742 PM CDT
AUGUST  3 2015........SUNRISE   602 AM CDT   SUNSET   742 PM CDT


-  INDICATES NEGATIVE NUMBERS.
R  INDICATES RECORD WAS SET OR TIED.
MM INDICATES DATA IS MISSING.
T  INDICATES TRACE AMOUNT.




$$
