000
CDUS44 KBMX 040731
CLIMGM


CLIMATE REPORT
NATIONAL WEATHER SERVICE BIRMINGHAM, AL
228 AM CDT FRI SEP 4 2015


...................................

...THE MONTGOMERY CLIMATE SUMMARY FOR SEPTEMBER 3 2015...

CLIMATE NORMAL PERIOD 1981 TO 2010
CLIMATE RECORD PERIOD 1994 TO 2015


WEATHER ITEM   OBSERVED TIME   RECORD YEAR NORMAL DEPARTURE LAST
                VALUE   (LST)  VALUE       VALUE  FROM      YEAR
                                                  NORMAL
..................................................................
TEMPERATURE (F)
 YESTERDAY
  MAXIMUM         96    202 PM  99    1990  90      6       94
                                      1951
                                      1925
  MINIMUM         73   1159 PM  60    1967  69      4       74
                                      1952
                                      1915
  AVERAGE         85                        80      5       84

PRECIPITATION (IN)
  YESTERDAY        0.15          1.87 1976   0.15   0.00     0.01
  MONTH TO DATE    0.15                      0.42  -0.27     0.01
  SINCE SEP 1      0.15                      0.42  -0.27     0.01
  SINCE JAN 1     31.25                     37.13  -5.88    39.76

DEGREE DAYS
 HEATING
  YESTERDAY        0                         0      0        0
  MONTH TO DATE    0                         0      0        0
  SINCE SEP 1      0                         0      0        0
  SINCE JUL 1      0                         0      0        0

 COOLING
  YESTERDAY       20                        15      5       19
  MONTH TO DATE   59                        45     14       58
  SINCE SEP 1     59                        45     14       58
  SINCE JAN 1   2280                      1834    446     1957
..................................................................


WIND (MPH)
  HIGHEST WIND SPEED    16   HIGHEST WIND DIRECTION     W (270)
  HIGHEST GUST SPEED    21   HIGHEST GUST DIRECTION     W (270)
  AVERAGE WIND SPEED     3.5


SKY COVER
  AVERAGE SKY COVER 0.1


WEATHER CONDITIONS
 THE FOLLOWING WEATHER WAS RECORDED YESTERDAY.
  THUNDERSTORM
  HEAVY RAIN
  LIGHT RAIN
  FOG
  HAZE


RELATIVE HUMIDITY (PERCENT)
 HIGHEST    93          1000 PM
 LOWEST     38           200 PM
 AVERAGE    66

..........................................................


THE MONTGOMERY CLIMATE NORMALS FOR TODAY
                         NORMAL    RECORD    YEAR
 MAXIMUM TEMPERATURE (F)   90       103      1925
 MINIMUM TEMPERATURE (F)   69        56      1952


SUNRISE AND SUNSET
SEPTEMBER  4 2015.....SUNRISE   622 AM CDT   SUNSET   706 PM CDT
SEPTEMBER  5 2015.....SUNRISE   623 AM CDT   SUNSET   705 PM CDT


-  INDICATES NEGATIVE NUMBERS.
R  INDICATES RECORD WAS SET OR TIED.
MM INDICATES DATA IS MISSING.
T  INDICATES TRACE AMOUNT.




$$
