000
CDUS44 KBMX 240715
CLIMGM


CLIMATE REPORT
NATIONAL WEATHER SERVICE BIRMINGHAM, AL
214 AM CDT TUE MAY 24 2016


...................................

...THE MONTGOMERY CLIMATE SUMMARY FOR MAY 23 2016...

CLIMATE NORMAL PERIOD 1981 TO 2010
CLIMATE RECORD PERIOD 1872 TO 2016


WEATHER ITEM   OBSERVED TIME   RECORD YEAR NORMAL DEPARTURE LAST
                VALUE   (LST)  VALUE       VALUE  FROM      YEAR
                                                  NORMAL
..................................................................
TEMPERATURE (F)
 YESTERDAY
  MAXIMUM         86    244 PM  96    1941  86      0       86
  MINIMUM         56    425 AM  44    1883  63     -7       60
  AVERAGE         71                        74     -3       73

PRECIPITATION (IN)
  YESTERDAY        0.00          1.89 1955   0.11  -0.11     0.00
  MONTH TO DATE    0.73                      2.66  -1.93     1.71
  SINCE MAR 1     11.57                     12.63  -1.06    10.21
  SINCE JAN 1     22.23                     22.56  -0.33    17.87

DEGREE DAYS
 COOLING
  YESTERDAY        6                         9     -3        8
  MONTH TO DATE  164                       153     11      217
  SINCE MAR 1    337                       248     89      438
  SINCE JAN 1    350                       254     96      438
..................................................................


WIND (MPH)
  HIGHEST WIND SPEED     9   HIGHEST WIND DIRECTION    SW (220)
  HIGHEST GUST SPEED    12   HIGHEST GUST DIRECTION    SW (230)
  AVERAGE WIND SPEED     2.4


SKY COVER
  AVERAGE SKY COVER 0.0


WEATHER CONDITIONS
 THE FOLLOWING WEATHER WAS RECORDED YESTERDAY.
  NO SIGNIFICANT WEATHER WAS OBSERVED.


RELATIVE HUMIDITY (PERCENT)
 HIGHEST    90           600 AM
 LOWEST     31           100 PM
 AVERAGE    61

..........................................................


THE MONTGOMERY CLIMATE NORMALS FOR TODAY
                         NORMAL    RECORD    YEAR
 MAXIMUM TEMPERATURE (F)   86        96      1996
 MINIMUM TEMPERATURE (F)   63        47      1892


SUNRISE AND SUNSET
MAY 24 2016...........SUNRISE   542 AM CDT   SUNSET   743 PM CDT
MAY 25 2016...........SUNRISE   542 AM CDT   SUNSET   744 PM CDT


-  INDICATES NEGATIVE NUMBERS.
R  INDICATES RECORD WAS SET OR TIED.
MM INDICATES DATA IS MISSING.
T  INDICATES TRACE AMOUNT.




$$
