277
CDUS41 KPBZ 240726
CLIMGW


CLIMATE REPORT
NATIONAL WEATHER SERVICE PITTSBURGH PA
326 AM EDT SUN JUL 24 2016


...................................

...THE MORGANTOWN WV CLIMATE SUMMARY FOR JULY 23 2016...

CLIMATE NORMAL PERIOD 1981 TO 2010
CLIMATE RECORD PERIOD 1948 TO 2016


WEATHER ITEM   OBSERVED TIME   RECORD YEAR NORMAL DEPARTURE LAST
                VALUE   (LST)  VALUE       VALUE  FROM      YEAR
                                                  NORMAL
..................................................................
TEMPERATURE (F)
 YESTERDAY
  MAXIMUM         94    318 PM  95    1991  83     11       84
  MINIMUM         70    552 AM  50    1954  63      7       61
  AVERAGE         82                        73      9       73

PRECIPITATION (IN)
  YESTERDAY        0.00         MM      MM   0.15  -0.15     0.00
  MONTH TO DATE    1.70                      3.53  -1.83     3.37
  SINCE JUN 1      6.18                      7.64  -1.46     9.52
  SINCE JAN 1     22.22                     24.83  -2.61    26.77

DEGREE DAYS
 HEATING
  YESTERDAY        0                         0      0        0
  MONTH TO DATE    0                         0      0        0
  SINCE JUN 1     10                        31    -21       13
  SINCE JUL 1      0                         0      0        0

 COOLING
  YESTERDAY       17                         8      9        8
  MONTH TO DATE  236                       184     52      227
  SINCE JUN 1    458                       346    112      449
  SINCE JAN 1    532                       413    119      633
..................................................................


WIND (MPH)
  HIGHEST WIND SPEED    13   HIGHEST WIND DIRECTION     N (10)
  HIGHEST GUST SPEED    17   HIGHEST GUST DIRECTION     N (360)
  AVERAGE WIND SPEED     3.3


SKY COVER
  POSSIBLE SUNSHINE  MM
  AVERAGE SKY COVER 0.4


WEATHER CONDITIONS
 THE FOLLOWING WEATHER WAS RECORDED YESTERDAY.
  THUNDERSTORM
  FOG


RELATIVE HUMIDITY (PERCENT)
 HIGHEST    93           100 AM
 LOWEST     41           400 PM
 AVERAGE    67

..........................................................


THE MORGANTOWN WV CLIMATE NORMALS FOR TODAY
                         NORMAL    RECORD    YEAR
 MAXIMUM TEMPERATURE (F)   83        94      2010
 MINIMUM TEMPERATURE (F)   63        49      1954


SUNRISE AND SUNSET
JULY 24 2016..........SUNRISE   612 AM EDT   SUNSET   840 PM EDT
JULY 25 2016..........SUNRISE   613 AM EDT   SUNSET   839 PM EDT


-  INDICATES NEGATIVE NUMBERS.
R  INDICATES RECORD WAS SET OR TIED.
MM INDICATES DATA IS MISSING.
T  INDICATES TRACE AMOUNT.




$$
