000
CDUS41 KPBZ 302115
CLIMGW


CLIMATE REPORT
NATIONAL WEATHER SERVICE PITTSBURGH PA
513 PM EDT MON MAY 30 2016


...................................

...THE MORGANTOWN WV CLIMATE SUMMARY FOR MAY 30 2016...
VALID TODAY AS OF 0500 PM LOCAL TIME.

CLIMATE NORMAL PERIOD 1981 TO 2010
CLIMATE RECORD PERIOD 1948 TO 2016


WEATHER ITEM   OBSERVED TIME   RECORD YEAR NORMAL DEPARTURE LAST
                VALUE   (LST)  VALUE       VALUE  FROM      YEAR
                                                  NORMAL
..................................................................
TEMPERATURE (F)
 TODAY
  MAXIMUM         84    157 PM  93    2006  75      9       84
  MINIMUM         61    509 AM  35    1961  54      7       66
  AVERAGE         73                        65      8       75

PRECIPITATION (IN)
  TODAY            0.00         MM      MM   0.15  -0.15     0.00
  MONTH TO DATE    5.21                      4.45   0.76     1.18
  SINCE JUN 1     39.58                     41.67  -2.09    43.44
  SINCE JAN 1     16.04                     17.03  -0.99    17.21

DEGREE DAYS
 HEATING
  TODAY            0                         3     -3        0
  MONTH TO DATE  171                       167      4       84
  SINCE MAR 1    942                      1261   -319     1158
  SINCE JUL 1   4036                      5150  -1114     5282

 COOLING
  TODAY            8                         3      5       10
  MONTH TO DATE   61                        49     12      165
  SINCE MAR 1     67                        65      2      173
  SINCE JAN 1     67                        65      2      173
..................................................................


WIND (MPH)
  RESULTANT WIND SPEED   1   RESULTANT WIND DIRECTION   S (180)
  HIGHEST WIND SPEED    10   HIGHEST WIND DIRECTION     W (280)
  HIGHEST GUST SPEED    13   HIGHEST GUST DIRECTION     W (280)
  AVERAGE WIND SPEED     2.2


SKY COVER
  POSSIBLE SUNSHINE  MM
  AVERAGE SKY COVER 0.3


WEATHER CONDITIONS
 THE FOLLOWING WEATHER WAS RECORDED TODAY.
  FOG
  HAZE


RELATIVE HUMIDITY (PERCENT)
 HIGHEST    84           200 AM
 LOWEST     45           300 PM
 AVERAGE    65

..........................................................


THE MORGANTOWN WV CLIMATE NORMALS FOR TOMORROW
                         NORMAL    RECORD    YEAR
 MAXIMUM TEMPERATURE (F)   76        93      2011
 MINIMUM TEMPERATURE (F)   55        37      2001


SUNRISE AND SUNSET
MAY 30 2016...........SUNRISE   555 AM EDT   SUNSET   840 PM EDT
MAY 31 2016...........SUNRISE   554 AM EDT   SUNSET   841 PM EDT


-  INDICATES NEGATIVE NUMBERS.
R  INDICATES RECORD WAS SET OR TIED.
MM INDICATES DATA IS MISSING.
T  INDICATES TRACE AMOUNT.




$$
