000
CDUS41 KPBZ 270717
CLIMGW


CLIMATE REPORT
NATIONAL WEATHER SERVICE PITTSBURGH PA
316 AM EDT THU APR 27 2017


...................................

...THE MORGANTOWN WV CLIMATE SUMMARY FOR APRIL 26 2017...

CLIMATE NORMAL PERIOD 1981 TO 2010
CLIMATE RECORD PERIOD 1948 TO 2017


WEATHER ITEM   OBSERVED TIME   RECORD YEAR NORMAL DEPARTURE LAST
                VALUE   (LST)  VALUE       VALUE  FROM      YEAR
                                                  NORMAL
..................................................................
TEMPERATURE (F)
 YESTERDAY
  MAXIMUM         80    546 PM  87    2009  68     12       74
                                      1990
  MINIMUM         46    556 AM  25    1972  45      1       58
  AVERAGE         63                        56      7       66

PRECIPITATION (IN)
  YESTERDAY        0.00         MM      MM   0.12  -0.12     0.30
  MONTH TO DATE    4.53                      3.05   1.48     2.64
  SINCE JUN 1     46.12                     36.75   9.37    33.40
  SINCE JAN 1     16.71                     12.11   4.60     9.86

DEGREE DAYS
 HEATING
  YESTERDAY        2                        10     -8        0
  MONTH TO DATE  196                       345   -149      307
  SINCE MAR 1    854                      1057   -203      755
  SINCE JUL 1   3867                      4946  -1079     3849

 COOLING
  YESTERDAY        0                         1     -1        1
  MONTH TO DATE   18                         8     10        5
  SINCE MAR 1     20                        10     10        6
  SINCE JAN 1     23                        10     13        6
..................................................................


WIND (MPH)
  HIGHEST WIND SPEED    10   HIGHEST WIND DIRECTION    SE (150)
  HIGHEST GUST SPEED    13   HIGHEST GUST DIRECTION    SE (150)
  AVERAGE WIND SPEED     2.4


SKY COVER
  POSSIBLE SUNSHINE  MM
  AVERAGE SKY COVER 0.0


WEATHER CONDITIONS
 THE FOLLOWING WEATHER WAS RECORDED YESTERDAY.
  FOG


RELATIVE HUMIDITY (PERCENT)
 HIGHEST    93           400 AM
 LOWEST     42           300 PM
 AVERAGE    68

..........................................................


THE MORGANTOWN WV CLIMATE NORMALS FOR TODAY
                         NORMAL    RECORD    YEAR
 MAXIMUM TEMPERATURE (F)   68        89      2009
 MINIMUM TEMPERATURE (F)   45        28      1971


SUNRISE AND SUNSET
APRIL 27 2017.........SUNRISE   625 AM EDT   SUNSET   810 PM EDT
APRIL 28 2017.........SUNRISE   624 AM EDT   SUNSET   811 PM EDT


-  INDICATES NEGATIVE NUMBERS.
R  INDICATES RECORD WAS SET OR TIED.
MM INDICATES DATA IS MISSING.
T  INDICATES TRACE AMOUNT.




$$
