000
CDUS41 KPBZ 190730
CLIMGW


CLIMATE REPORT
NATIONAL WEATHER SERVICE PITTSBURGH PA
330 AM EDT SAT APR 19 2014


...................................

...THE MORGANTOWN WV CLIMATE SUMMARY FOR APRIL 18 2014...

CLIMATE NORMAL PERIOD 1981 TO 2010
CLIMATE RECORD PERIOD 1948 TO 2014


WEATHER ITEM   OBSERVED TIME   RECORD YEAR NORMAL DEPARTURE LAST
                VALUE   (LST)  VALUE       VALUE  FROM      YEAR
                                                  NORMAL
..................................................................
TEMPERATURE (F)
 YESTERDAY
  MAXIMUM         72    451 PM  92    1976  65      7       85
  MINIMUM         44    642 AM  26    1951  42      2       64
  AVERAGE         58                        54      4       75

PRECIPITATION (IN)
  YESTERDAY        0.00         MM      MM   0.11  -0.11     0.04
  MONTH TO DATE    2.02                      2.10  -0.08     1.21
  SINCE JUN 1     38.38                     35.80   2.58    31.18
  SINCE JAN 1      9.95                     11.16  -1.21     8.16

DEGREE DAYS
 HEATING
  YESTERDAY        7                        12     -5        0
  MONTH TO DATE  204                       261    -57      171
  SINCE MAR 1   1067                       973     94      952
  SINCE JUL 1   5193                      4862    331     4643

 COOLING
  YESTERDAY        0                         0      0       10
  MONTH TO DATE   18                         0     18       36
  SINCE MAR 1     18                         2     16       36
  SINCE JAN 1     18                         2     16       36
..................................................................


WIND (MPH)
  HIGHEST WIND SPEED    10   HIGHEST WIND DIRECTION     S (160)
  HIGHEST GUST SPEED    14   HIGHEST GUST DIRECTION     W (280)
  AVERAGE WIND SPEED     4.0


SKY COVER
  POSSIBLE SUNSHINE  MM
  AVERAGE SKY COVER 0.0


WEATHER CONDITIONS
 THE FOLLOWING WEATHER WAS RECORDED YESTERDAY.
  NO SIGNIFICANT WEATHER WAS OBSERVED.


RELATIVE HUMIDITY (PERCENT)
 HIGHEST    49           700 AM
 LOWEST     17           500 PM
 AVERAGE    33

..........................................................


THE MORGANTOWN WV CLIMATE NORMALS FOR TODAY
                         NORMAL    RECORD    YEAR
 MAXIMUM TEMPERATURE (F)   65        88      2002
 MINIMUM TEMPERATURE (F)   43        23      1983


SUNRISE AND SUNSET
APRIL 19 2014.........SUNRISE   636 AM EDT   SUNSET   802 PM EDT
APRIL 20 2014.........SUNRISE   635 AM EDT   SUNSET   803 PM EDT


-  INDICATES NEGATIVE NUMBERS.
R  INDICATES RECORD WAS SET OR TIED.
MM INDICATES DATA IS MISSING.
T  INDICATES TRACE AMOUNT.




$$
