000
CDUS41 KPBZ 272118
CLIMGW


CLIMATE REPORT
NATIONAL WEATHER SERVICE PITTSBURGH PA
517 PM EDT TUE JUN 27 2017


...................................

...THE MORGANTOWN WV CLIMATE SUMMARY FOR JUNE 27 2017...
VALID TODAY AS OF 0500 PM LOCAL TIME.

CLIMATE NORMAL PERIOD 1981 TO 2010
CLIMATE RECORD PERIOD 1872 TO 2017


WEATHER ITEM   OBSERVED TIME   RECORD YEAR NORMAL DEPARTURE LAST
                VALUE   (LST)  VALUE       VALUE  FROM      YEAR
                                                  NORMAL
..................................................................
TEMPERATURE (F)
 TODAY
  MAXIMUM         71    359 PM  94    1969  83    -12       86
                                      1934
  MINIMUM         54    515 AM  43    1927  61     -7       70
  AVERAGE         63                        72     -9       78

PRECIPITATION (IN)
  TODAY            0.18          1.52 2002   0.14   0.04     0.13
  MONTH TO DATE    3.99                      3.67   0.32     4.48
  SINCE JUN 1      3.99                      3.67   0.32     4.48
  SINCE JAN 1     27.08                     20.86   6.22    20.52

DEGREE DAYS
 HEATING
  TODAY            2                         0      2        0
  MONTH TO DATE   15                        29    -14       10
  SINCE JUN 1     15                        29    -14       10
  SINCE JUL 1   4034                      5182  -1148     4046

 COOLING
  TODAY            0                         7     -7       13
  MONTH TO DATE  160                       138     22      208
  SINCE JUN 1    160                       138     22      208
  SINCE JAN 1    267                       205     62      282
..................................................................


WIND (MPH)
  RESULTANT WIND SPEED   4   RESULTANT WIND DIRECTION  SW (240)
  HIGHEST WIND SPEED    14   HIGHEST WIND DIRECTION     W (270)
  HIGHEST GUST SPEED    20   HIGHEST GUST DIRECTION     W (260)
  AVERAGE WIND SPEED     5.8


SKY COVER
  POSSIBLE SUNSHINE  MM
  AVERAGE SKY COVER 0.5


WEATHER CONDITIONS
 THE FOLLOWING WEATHER WAS RECORDED TODAY.
  THUNDERSTORM
  LIGHT RAIN
  FOG


RELATIVE HUMIDITY (PERCENT)
 HIGHEST    93           500 AM
 LOWEST     40           200 PM
 AVERAGE    67

..........................................................


THE MORGANTOWN WV CLIMATE NORMALS FOR TOMORROW
                         NORMAL    RECORD    YEAR
 MAXIMUM TEMPERATURE (F)   83        97      1971
                                             1934
 MINIMUM TEMPERATURE (F)   62        46      1988


SUNRISE AND SUNSET
JUNE 27 2017..........SUNRISE   554 AM EDT   SUNSET   851 PM EDT
JUNE 28 2017..........SUNRISE   554 AM EDT   SUNSET   851 PM EDT


-  INDICATES NEGATIVE NUMBERS.
R  INDICATES RECORD WAS SET OR TIED.
MM INDICATES DATA IS MISSING.
T  INDICATES TRACE AMOUNT.




$$
