000
CDUS43 KFSD 220633
CLIMHE


CLIMATE REPORT
NATIONAL WEATHER SERVICE SIOUX FALLS SD
133 AM CDT SUN OCT 22 2017


...................................

...THE MITCHELL SD CLIMATE SUMMARY FOR OCTOBER 21 2017...

CLIMATE NORMAL PERIOD 1981 TO 2010
CLIMATE RECORD PERIOD 1893 TO 2017


WEATHER ITEM   OBSERVED TIME   RECORD YEAR NORMAL DEPARTURE LAST
                VALUE   (LST)  VALUE       VALUE  FROM      YEAR
                                                  NORMAL
..................................................................
TEMPERATURE (F)
 YESTERDAY
  MAXIMUM         69    105 AM  91    1927  60      9       68
  MINIMUM         43   1159 PM  10    1913  36      7       36
  AVERAGE         56                        48      8       52

PRECIPITATION (IN)
  YESTERDAY        T             0.97 1959   0.05  -0.05     0.00
  MONTH TO DATE    3.06                      1.26   1.80     1.94
  SINCE SEP 1      5.67                      3.58   2.09     4.09
  SINCE JAN 1     19.49                     19.93  -0.44    23.50

SNOWFALL (IN)
  YESTERDAY       MM             1.0  1936  MM     MM        0.0
  MONTH TO DATE    0.0                      MM     MM         T
  SINCE SEP 1      0.0                      MM     MM         T
  SINCE JUL 1      0.0                      MM     MM         T
  SNOW DEPTH       0

DEGREE DAYS
 HEATING
  YESTERDAY        9                        17     -8       13
  MONTH TO DATE  225                       285    -60      240
  SINCE SEP 1    319                       426   -107      316
  SINCE JUL 1    321                       443   -122      324

 COOLING
  YESTERDAY        0                         0      0        0
  MONTH TO DATE    7                         7      0        4
  SINCE SEP 1    120                        79     41      103
  SINCE JAN 1    890                       824     66     1035
..................................................................


WIND (MPH)
  HIGHEST WIND SPEED    33   HIGHEST WIND DIRECTION    NW (310)
  HIGHEST GUST SPEED    40   HIGHEST GUST DIRECTION    NW (300)
  AVERAGE WIND SPEED    14.8


SKY COVER
  POSSIBLE SUNSHINE  MM
  AVERAGE SKY COVER 0.4


WEATHER CONDITIONS
 THE FOLLOWING WEATHER WAS RECORDED YESTERDAY.
  LIGHT RAIN


RELATIVE HUMIDITY (PERCENT)
 HIGHEST    90           700 AM
 LOWEST     50           600 PM
 AVERAGE    70

..........................................................


THE MITCHELL SD CLIMATE NORMALS FOR TODAY
                         NORMAL    RECORD    YEAR
 MAXIMUM TEMPERATURE (F)   59        86      2003
 MINIMUM TEMPERATURE (F)   36        16      1937
                                             1936


SUNRISE AND SUNSET
OCTOBER 22 2017.......SUNRISE   756 AM CDT   SUNSET   637 PM CDT
OCTOBER 23 2017.......SUNRISE   757 AM CDT   SUNSET   635 PM CDT


-  INDICATES NEGATIVE NUMBERS.
R  INDICATES RECORD WAS SET OR TIED.
MM INDICATES DATA IS MISSING.
T  INDICATES TRACE AMOUNT.




$$
