000
CDUS43 KFSD 210702
CLIMHE


CLIMATE REPORT
NATIONAL WEATHER SERVICE SIOUX FALLS SD
201 AM CDT SUN SEP 21 2014


...................................

...THE MITCHELL SD CLIMATE SUMMARY FOR SEPTEMBER 20 2014...

CLIMATE NORMAL PERIOD 1981 TO 2010
CLIMATE RECORD PERIOD 1893 TO 2014


WEATHER ITEM   OBSERVED TIME   RECORD YEAR NORMAL DEPARTURE LAST
                VALUE   (LST)  VALUE       VALUE  FROM      YEAR
                                                  NORMAL
..................................................................
TEMPERATURE (F)
 YESTERDAY
  MAXIMUM         85    333 PM  93    2010  74     11       69
                                      2007
                                      1941
  MINIMUM         53    946 PM  22    1896  47      6       44
  AVERAGE         69                        61      8       57

PRECIPITATION (IN)
  YESTERDAY        T             1.20 1906   0.08  -0.08     0.00
  MONTH TO DATE    0.88                      1.57  -0.69     1.18
  SINCE SEP 1      0.88                      1.57  -0.69     1.18
  SINCE JAN 1     15.98                     17.92  -1.94    19.67

SNOWFALL (IN)
  YESTERDAY        0.0           0.0    MM  MM     MM        0.0
  MONTH TO DATE    0.0                      MM     MM        0.0
  SINCE SEP 1      0.0                      MM     MM        0.0
  SINCE JUL 1      0.0                      MM     MM        0.0
  SNOW DEPTH       0

DEGREE DAYS
 HEATING
  YESTERDAY        0                         6     -6        8
  MONTH TO DATE  104                        65     39       22
  SINCE SEP 1    104                        65     39       22
  SINCE JUL 1    116                        82     34       45

 COOLING
  YESTERDAY        4                         1      3        0
  MONTH TO DATE   40                        63    -23      130
  SINCE SEP 1     40                        63    -23      130
  SINCE JAN 1    686                       808   -122      911
..................................................................


WIND (MPH)
  HIGHEST WIND SPEED    30   HIGHEST WIND DIRECTION    NW (320)
  HIGHEST GUST SPEED    39   HIGHEST GUST DIRECTION    NW (320)
  AVERAGE WIND SPEED    10.9


SKY COVER
  POSSIBLE SUNSHINE  MM
  AVERAGE SKY COVER 0.2


WEATHER CONDITIONS
 THE FOLLOWING WEATHER WAS RECORDED YESTERDAY.
  LIGHT RAIN
  FOG


RELATIVE HUMIDITY (PERCENT)
 HIGHEST    90           600 AM
 LOWEST     27           300 PM
 AVERAGE    59

..........................................................


THE MITCHELL SD CLIMATE NORMALS FOR TODAY
                         NORMAL    RECORD    YEAR
 MAXIMUM TEMPERATURE (F)   74        97      1937
                                             1936
                                             1922
 MINIMUM TEMPERATURE (F)   47        25      1918


SUNRISE AND SUNSET
SEPTEMBER 21 2014.....SUNRISE   718 AM CDT   SUNSET   731 PM CDT
SEPTEMBER 22 2014.....SUNRISE   719 AM CDT   SUNSET   729 PM CDT


-  INDICATES NEGATIVE NUMBERS.
R  INDICATES RECORD WAS SET OR TIED.
MM INDICATES DATA IS MISSING.
T  INDICATES TRACE AMOUNT.




$$
