000
CDUS43 KFSD 280631
CLIMHE


CLIMATE REPORT
NATIONAL WEATHER SERVICE SIOUX FALLS SD
1230 AM CST SAT FEB 28 2015


...................................

...THE MITCHELL SD CLIMATE SUMMARY FOR FEBRUARY 27 2015...

CLIMATE NORMAL PERIOD 1981 TO 2010
CLIMATE RECORD PERIOD 1893 TO 2015


WEATHER ITEM   OBSERVED TIME   RECORD YEAR NORMAL DEPARTURE LAST
                VALUE   (LST)  VALUE       VALUE  FROM      YEAR
                                                  NORMAL
..................................................................
TEMPERATURE (F)
 YESTERDAY
  MAXIMUM         24    449 PM  64    1926  38    -14       10
                                      1921
  MINIMUM         -7    723 AM -21    1962  18    -25      -10
  AVERAGE          9                        28    -19        0

PRECIPITATION (IN)
  YESTERDAY        0.00          0.89 1958   0.01  -0.01     0.00
  MONTH TO DATE    0.24                      0.33  -0.09     0.33
  SINCE DEC 1      1.99                      1.00   0.99     1.15
  SINCE JAN 1      0.77                      0.55   0.22     0.50

SNOWFALL (IN)
  YESTERDAY        0.0           3.0  1996  MM     MM        0.0
                                      1919
  MONTH TO DATE    2.8                      MM     MM        6.0
  SINCE DEC 1     16.3                      MM     MM       18.2
  SINCE JUL 1     21.9                      MM     MM       22.2
  SNOW DEPTH       T

DEGREE DAYS
 HEATING
  YESTERDAY       56                        37     19       65
  MONTH TO DATE 1252                      1118    134     1336
  SINCE DEC 1   3790                      3917   -127     4391
  SINCE JUL 1   5446                      5485    -39     5899

 COOLING
  YESTERDAY        0                         0      0        0
  MONTH TO DATE    0                         0      0        0
  SINCE DEC 1      0                         0      0        0
  SINCE JAN 1      0                         0      0        0
..................................................................


WIND (MPH)
  HIGHEST WIND SPEED    16   HIGHEST WIND DIRECTION     S (160)
  HIGHEST GUST SPEED    20   HIGHEST GUST DIRECTION     S (160)
  AVERAGE WIND SPEED     8.1


SKY COVER
  POSSIBLE SUNSHINE  MM
  AVERAGE SKY COVER 0.0


WEATHER CONDITIONS
 THE FOLLOWING WEATHER WAS RECORDED YESTERDAY.
  NO SIGNIFICANT WEATHER WAS OBSERVED.


RELATIVE HUMIDITY (PERCENT)
 HIGHEST    82           400 AM
 LOWEST     32           400 PM
 AVERAGE    57

..........................................................


THE MITCHELL SD CLIMATE NORMALS FOR TODAY
                         NORMAL    RECORD    YEAR
 MAXIMUM TEMPERATURE (F)   38        67      1905
 MINIMUM TEMPERATURE (F)   18       -35      1962


SUNRISE AND SUNSET
FEBRUARY 28 2015......SUNRISE   711 AM CST   SUNSET   619 PM CST
MARCH  1 2015.........SUNRISE   709 AM CST   SUNSET   620 PM CST


-  INDICATES NEGATIVE NUMBERS.
R  INDICATES RECORD WAS SET OR TIED.
MM INDICATES DATA IS MISSING.
T  INDICATES TRACE AMOUNT.




$$
