000
CDUS43 KTOP 240652
CLIMHK


CLIMATE REPORT
NATIONAL WEATHER SERVICE TOPEKA KS
1252 AM CST FRI FEB 24 2017


...................................

...THE MANHATTAN KS CLIMATE SUMMARY FOR FEBRUARY 23 2017...

CLIMATE NORMAL PERIOD 1981 TO 2010
CLIMATE RECORD PERIOD 9999 TO 9999


WEATHER ITEM   OBSERVED NORMAL DEPARTURE LAST
                VALUE   VALUE  FROM      YEAR
                               NORMAL
...............................................
TEMPERATURE (F)
 YESTERDAY
  MAXIMUM         61     48     13       53
  MINIMUM         41     23     18       35
  AVERAGE         51     35     16       44

PRECIPITATION (IN)
  YESTERDAY        T      0.04  -0.04     0.00
  MONTH TO DATE    0.41   0.87  -0.46     0.41
  SINCE DEC 1      2.73   2.54   0.19     4.06
  SINCE JAN 1      1.79   1.52   0.27     0.97

DEGREE DAYS
 HEATING
  YESTERDAY       14     30    -16       21
  MONTH TO DATE  489    751   -262      595
  SINCE DEC 1   2548   2942   -394     2417
  SINCE JUL 1   3158   4017   -859     3156

 COOLING
  YESTERDAY        0      0      0        0
  MONTH TO DATE    0      0      0        0
  SINCE DEC 1      0      0      0        0
  SINCE JAN 1      0      0      0        0
...............................................


WIND (MPH)
  HIGHEST WIND SPEED    26   HIGHEST WIND DIRECTION     E (90)
  HIGHEST GUST SPEED    36   HIGHEST GUST DIRECTION     N (360)
  AVERAGE WIND SPEED    14.9


SKY COVER
  AVERAGE SKY COVER 0.5


WEATHER CONDITIONS
 THE FOLLOWING WEATHER WAS RECORDED YESTERDAY.
  LIGHT RAIN


RELATIVE HUMIDITY (PERCENT)
 HIGHEST    86
 LOWEST     54
 AVERAGE    70

..........................................................


THE MANHATTAN KS CLIMATE NORMALS FOR TODAY
                         NORMAL
 MAXIMUM TEMPERATURE (F)   48
 MINIMUM TEMPERATURE (F)   23


SUNRISE AND SUNSET
FEBRUARY 24 2017......SUNRISE   706 AM CST   SUNSET   614 PM CST
FEBRUARY 25 2017......SUNRISE   705 AM CST   SUNSET   615 PM CST


-  INDICATES NEGATIVE NUMBERS.
R  INDICATES RECORD WAS SET OR TIED.
MM INDICATES DATA IS MISSING.
T  INDICATES TRACE AMOUNT.




$$
