000
CDUS43 KTOP 250636
CLIMHK


CLIMATE REPORT
NATIONAL WEATHER SERVICE TOPEKA KS
136 AM CDT MON MAY 25 2015


...................................

...THE MANHATTAN KS CLIMATE SUMMARY FOR MAY 24 2015...

CLIMATE NORMAL PERIOD 1981 TO 2010
CLIMATE RECORD PERIOD 9999 TO 9999


WEATHER ITEM   OBSERVED NORMAL DEPARTURE LAST
                VALUE   VALUE  FROM      YEAR
                               NORMAL
...............................................
TEMPERATURE (F)
 YESTERDAY
  MAXIMUM         71     79     -8       74
  MINIMUM         60     54      6       64
  AVERAGE         66     66      0       69

PRECIPITATION (IN)
  YESTERDAY        0.05   0.18  -0.13     0.07
  MONTH TO DATE    8.51   3.29   5.22     1.88
  SINCE MAR 1     11.29   8.29   3.00     4.36
  SINCE JAN 1     12.75  10.01   2.74     5.58

DEGREE DAYS
 HEATING
  YESTERDAY        0      2     -2        0
  MONTH TO DATE  101    112    -11      118
  SINCE MAR 1    926   1133   -207     1210
  SINCE JUL 1   5120   5293   -173     5741

 COOLING
  YESTERDAY        1      4     -3        4
  MONTH TO DATE   54     52      2      103
  SINCE MAR 1     62     69     -7      133
  SINCE JAN 1     62     69     -7      133
...............................................


WIND (MPH)
  HIGHEST WIND SPEED    15   HIGHEST WIND DIRECTION     S (180)
  HIGHEST GUST SPEED    20   HIGHEST GUST DIRECTION     S (170)
  AVERAGE WIND SPEED     5.9


SKY COVER
  AVERAGE SKY COVER 0.7


WEATHER CONDITIONS
 THE FOLLOWING WEATHER WAS RECORDED YESTERDAY.
  LIGHT RAIN
  FOG
  FOG W/VISIBILITY <= 1/4 MILE


RELATIVE HUMIDITY (PERCENT)
 HIGHEST   100
 LOWEST     78
 AVERAGE    89

..........................................................


THE MANHATTAN KS CLIMATE NORMALS FOR TODAY
                         NORMAL
 MAXIMUM TEMPERATURE (F)   79
 MINIMUM TEMPERATURE (F)   54


SUNRISE AND SUNSET
MAY 25 2015...........SUNRISE   606 AM CDT   SUNSET   841 PM CDT
MAY 26 2015...........SUNRISE   606 AM CDT   SUNSET   842 PM CDT


-  INDICATES NEGATIVE NUMBERS.
R  INDICATES RECORD WAS SET OR TIED.
MM INDICATES DATA IS MISSING.
T  INDICATES TRACE AMOUNT.




$$
