000
CDUS43 KTOP 100631
CLIMHK


CLIMATE REPORT
NATIONAL WEATHER SERVICE TOPEKA KS
131 AM CDT THU JUL 10 2014


...................................

...THE MANHATTAN KS CLIMATE SUMMARY FOR JULY 9 2014...

CLIMATE NORMAL PERIOD 1981 TO 2010
CLIMATE RECORD PERIOD 9999 TO 9999


WEATHER ITEM   OBSERVED NORMAL DEPARTURE LAST
                VALUE   VALUE  FROM      YEAR
                               NORMAL
...............................................
TEMPERATURE (F)
 YESTERDAY
  MAXIMUM         91     91      0      107
  MINIMUM         57     67    -10       73
  AVERAGE         74     79     -5       90

PRECIPITATION (IN)
  YESTERDAY        0.17   0.14   0.03     0.35
  MONTH TO DATE    0.27   1.32  -1.05     0.37
  SINCE JUN 1      7.09   6.41   0.68     3.55
  SINCE JAN 1     12.94  17.61  -4.67    13.16

DEGREE DAYS
 HEATING
  YESTERDAY        0      0      0        0
  MONTH TO DATE    0      0      0        0
  SINCE JUN 1      0     11    -11        9
  SINCE JUL 1      0      0      0        0

 COOLING
  YESTERDAY        9     14     -5       25
  MONTH TO DATE  104    120    -16      124
  SINCE JUN 1    409    390     19      442
  SINCE JAN 1    612    490    122      578
...............................................


WIND (MPH)
  HIGHEST WIND SPEED    15   HIGHEST WIND DIRECTION     E (70)
  HIGHEST GUST SPEED    19   HIGHEST GUST DIRECTION     E (70)
  AVERAGE WIND SPEED     4.5


SKY COVER
  AVERAGE SKY COVER 0.1


WEATHER CONDITIONS
 THE FOLLOWING WEATHER WAS RECORDED YESTERDAY.
  RAIN
  LIGHT RAIN
  FOG


RELATIVE HUMIDITY (PERCENT)
 HIGHEST   100
 LOWEST     31
 AVERAGE    66

..........................................................


THE MANHATTAN KS CLIMATE NORMALS FOR TODAY
                         NORMAL
 MAXIMUM TEMPERATURE (F)   91
 MINIMUM TEMPERATURE (F)   67


SUNRISE AND SUNSET
JULY 10 2014..........SUNRISE   609 AM CDT   SUNSET   854 PM CDT
JULY 11 2014..........SUNRISE   610 AM CDT   SUNSET   854 PM CDT


-  INDICATES NEGATIVE NUMBERS.
R  INDICATES RECORD WAS SET OR TIED.
MM INDICATES DATA IS MISSING.
T  INDICATES TRACE AMOUNT.




$$
