000
CDUS43 KTOP 232148
CLIMHK


CLIMATE REPORT
NATIONAL WEATHER SERVICE TOPEKA KS
447 PM CDT MON OCT 23 2017


...................................

...THE MANHATTAN KS CLIMATE SUMMARY FOR OCTOBER 23 2017...
VALID TODAY AS OF 430 PM LOCAL TIME.

CLIMATE NORMAL PERIOD 1981 TO 2010
CLIMATE RECORD PERIOD 9999 TO 9999


WEATHER ITEM   OBSERVED NORMAL DEPARTURE LAST
                VALUE   VALUE  FROM      YEAR
                               NORMAL
...............................................
TEMPERATURE (F)
 TODAY
  MAXIMUM         69     65      4       76
  MINIMUM         39     40     -1       43
  AVERAGE         54     52      2       60

PRECIPITATION (IN)
  TODAY            0.00   0.06  -0.06     0.00
  MONTH TO DATE    3.37   1.73   1.64     1.64
  SINCE SEP 1      4.24   4.90  -0.66     5.26
  SINCE JAN 1     27.80  29.44  -1.64    32.42

DEGREE DAYS
 HEATING
  TODAY           11     13     -2        5
  MONTH TO DATE  108    213   -105      121
  SINCE SEP 1    127    280   -153      146
  SINCE JUL 1    127    283   -156      146

 COOLING
  TODAY            0      0      0        0
  MONTH TO DATE   56     21     35       29
  SINCE SEP 1    310    175    135      272
  SINCE JAN 1   1565   1358    207     1728
...............................................


WIND (MPH)
  HIGHEST WIND SPEED    21   HIGHEST WIND DIRECTION     N (360)
  HIGHEST GUST SPEED    34   HIGHEST GUST DIRECTION    NW (330)
  AVERAGE WIND SPEED     7.6



WEATHER CONDITIONS
 THE FOLLOWING WEATHER WAS RECORDED TODAY.
  NO SIGNIFICANT WEATHER WAS OBSERVED.


RELATIVE HUMIDITY (PERCENT)
 HIGHEST    89
 LOWEST     24
 AVERAGE    57

..........................................................


THE MANHATTAN KS CLIMATE NORMALS FOR TOMORROW
                         NORMAL
 MAXIMUM TEMPERATURE (F)   65
 MINIMUM TEMPERATURE (F)   39


SUNRISE AND SUNSET
OCTOBER 23 2017.......SUNRISE   745 AM CDT   SUNSET   636 PM CDT
OCTOBER 24 2017.......SUNRISE   746 AM CDT   SUNSET   635 PM CDT


-  INDICATES NEGATIVE NUMBERS.
R  INDICATES RECORD WAS SET OR TIED.
MM INDICATES DATA IS MISSING.
T  INDICATES TRACE AMOUNT.




$$
