000
CDUS43 KTOP 202233
CLIMHK


CLIMATE REPORT
NATIONAL WEATHER SERVICE TOPEKA KS
432 PM CST SAT JAN 20 2018


...................................

...THE MANHATTAN KS CLIMATE SUMMARY FOR JANUARY 20 2018...
VALID TODAY AS OF 0400 PM LOCAL TIME.

CLIMATE NORMAL PERIOD 1981 TO 2010
CLIMATE RECORD PERIOD 9999 TO 9999


WEATHER ITEM   OBSERVED NORMAL DEPARTURE LAST
                VALUE   VALUE  FROM      YEAR
                               NORMAL
...............................................
TEMPERATURE (F)
 TODAY
  MAXIMUM         57     41     16       51
  MINIMUM         37     17     20       37
  AVERAGE         47     29     18       44

PRECIPITATION (IN)
  TODAY            0.00   0.02  -0.02      T
  MONTH TO DATE    0.32   0.29   0.03     1.36
  SINCE DEC 1      0.43   1.31  -0.88     2.30
  SINCE JAN 1      0.32   0.29   0.03     1.36

DEGREE DAYS
 HEATING
  TODAY           18     36    -18       21
  MONTH TO DATE  748    735     13      706
  SINCE DEC 1   1731   1801    -70     1783
  SINCE JUL 1   2613   2876   -263     2393

 COOLING
  TODAY            0      0      0        0
  MONTH TO DATE    0      0      0        0
  SINCE DEC 1      0      0      0        0
  SINCE JAN 1      0      0      0        0
...............................................


WIND (MPH)
  HIGHEST WIND SPEED    17   HIGHEST WIND DIRECTION     S (200)
  HIGHEST GUST SPEED    22   HIGHEST GUST DIRECTION     S (200)
  AVERAGE WIND SPEED     7.6



WEATHER CONDITIONS
 THE FOLLOWING WEATHER WAS RECORDED TODAY.
  NO SIGNIFICANT WEATHER WAS OBSERVED.


RELATIVE HUMIDITY (PERCENT)
 HIGHEST    89
 LOWEST     57
 AVERAGE    73

..........................................................


THE MANHATTAN KS CLIMATE NORMALS FOR TOMORROW
                         NORMAL
 MAXIMUM TEMPERATURE (F)   41
 MINIMUM TEMPERATURE (F)   17


SUNRISE AND SUNSET
JANUARY 20 2018.......SUNRISE   742 AM CST   SUNSET   534 PM CST
JANUARY 21 2018.......SUNRISE   741 AM CST   SUNSET   535 PM CST


-  INDICATES NEGATIVE NUMBERS.
R  INDICATES RECORD WAS SET OR TIED.
MM INDICATES DATA IS MISSING.
T  INDICATES TRACE AMOUNT.




$$
