000
CDUS43 KTOP 020659
CLIMHK


CLIMATE REPORT
NATIONAL WEATHER SERVICE TOPEKA KS
159 AM CDT MON MAY 2 2016


...................................

...THE MANHATTAN KS CLIMATE SUMMARY FOR MAY 1 2016...

CLIMATE NORMAL PERIOD 1981 TO 2010
CLIMATE RECORD PERIOD 9999 TO 9999


WEATHER ITEM   OBSERVED NORMAL DEPARTURE LAST
                VALUE   VALUE  FROM      YEAR
                               NORMAL
...............................................
TEMPERATURE (F)
 YESTERDAY
  MAXIMUM         58     71    -13       78
  MINIMUM         47     46      1       45
  AVERAGE         53     59     -6       62

PRECIPITATION (IN)
  YESTERDAY        T      0.15  -0.15     0.00
  MONTH TO DATE    T      0.15  -0.15     0.00
  SINCE MAR 1      8.42   5.15   3.27     2.78
  SINCE JAN 1      9.40   6.87   2.53     4.24

DEGREE DAYS
 HEATING
  YESTERDAY       12      7      5        3
  MONTH TO DATE   12      7      5        3
  SINCE MAR 1    716   1028   -312      828
  SINCE JUL 1   4013   5188  -1175     5022

 COOLING
  YESTERDAY        0      1     -1        0
  MONTH TO DATE    0      1     -1        0
  SINCE MAR 1     28     18     10        8
  SINCE JAN 1     28     18     10        8
...............................................


WIND (MPH)
  HIGHEST WIND SPEED    15   HIGHEST WIND DIRECTION     N (10)
  HIGHEST GUST SPEED    23   HIGHEST GUST DIRECTION    NW (330)
  AVERAGE WIND SPEED     6.3


SKY COVER
  AVERAGE SKY COVER 1.0


WEATHER CONDITIONS
 THE FOLLOWING WEATHER WAS RECORDED YESTERDAY.
  FOG
  HAZE


RELATIVE HUMIDITY (PERCENT)
 HIGHEST    83
 LOWEST     66
 AVERAGE    75

..........................................................


THE MANHATTAN KS CLIMATE NORMALS FOR TODAY
                         NORMAL
 MAXIMUM TEMPERATURE (F)   72
 MINIMUM TEMPERATURE (F)   47


SUNRISE AND SUNSET
MAY  2 2016...........SUNRISE   627 AM CDT   SUNSET   821 PM CDT
MAY  3 2016...........SUNRISE   625 AM CDT   SUNSET   822 PM CDT


-  INDICATES NEGATIVE NUMBERS.
R  INDICATES RECORD WAS SET OR TIED.
MM INDICATES DATA IS MISSING.
T  INDICATES TRACE AMOUNT.




$$
