800
CDUS46 KMFR 080838
CLIMHS


CLIMATE REPORT
NATIONAL WEATHER SERVICE MEDFORD, OR
1238 AM PST MON FEB 8 2016


...................................

...THE MT SHASTA CITY CA CLIMATE SUMMARY FOR FEBRUARY 7 2016...

CLIMATE NORMAL PERIOD 1981 TO 2010
CLIMATE RECORD PERIOD 1908 TO 2016


WEATHER ITEM   OBSERVED TIME   RECORD YEAR NORMAL DEPARTURE LAST
                VALUE   (LST)  VALUE       VALUE  FROM      YEAR
                                                  NORMAL
..................................................................
TEMPERATURE (F)
 YESTERDAY
  MAXIMUM         62    215 PM  65    1970  47     15       51
  MINIMUM         34    745 AM  -1    1989  27      7       45
  AVERAGE         48                        37     11       48

PRECIPITATION (IN)
  YESTERDAY        0.00          2.36 1978   0.24  -0.24     0.37
  MONTH TO DATE    0.13                      1.70  -1.57     6.74
  SINCE OCT 1     22.62                     23.97  -1.35    26.74
  SINCE JAN 1     13.13                      8.76   4.37     7.22

SNOWFALL (IN)
  YESTERDAY       MM                         0.7   MM       MM
  MONTH TO DATE   MM                         4.8   MM       MM
  SINCE JUL 1     MM                        58.1   MM       MM
  SNOW DEPTH      MM

DEGREE DAYS
 HEATING
  YESTERDAY       17                        28    -11       17
  MONTH TO DATE  184                       196    -12      131
  SINCE DEC 1   1956                      2025    -69     1545
  SINCE JUL 1   3088                      3422   -334     2555

 COOLING
  YESTERDAY        0                         0      0        0
  MONTH TO DATE    0                         0      0        0
  SINCE DEC 1      0                         0      0        0
  SINCE JAN 1      0                         0      0        0
..................................................................


WIND (MPH)
  HIGHEST WIND SPEED     9   HIGHEST WIND DIRECTION    NW (300)
  HIGHEST GUST SPEED    15   HIGHEST GUST DIRECTION     W (290)
  AVERAGE WIND SPEED     2.5


SKY COVER
  POSSIBLE SUNSHINE  MM
  AVERAGE SKY COVER 0.0


WEATHER CONDITIONS
 THE FOLLOWING WEATHER WAS RECORDED YESTERDAY.
  FOG
  HAZE


RELATIVE HUMIDITY (PERCENT)
 HIGHEST    89
 LOWEST     46           200 PM

..........................................................


THE MT SHASTA CITY CA CLIMATE NORMALS FOR TODAY
                         NORMAL    RECORD    YEAR
 MAXIMUM TEMPERATURE (F)   48        63      1987
 MINIMUM TEMPERATURE (F)   27        -2      1929


SUNRISE AND SUNSET
FEBRUARY  8 2016......SUNRISE   713 AM PST   SUNSET   534 PM PST
FEBRUARY  9 2016......SUNRISE   712 AM PST   SUNSET   535 PM PST


-  INDICATES NEGATIVE NUMBERS.
R  INDICATES RECORD WAS SET OR TIED.
MM INDICATES DATA IS MISSING.
T  INDICATES TRACE AMOUNT.




$$
