000
CDUS46 KMFR 270838
CLIMHS


CLIMATE REPORT
NATIONAL WEATHER SERVICE MEDFORD, OR
1238 AM PST FRI FEB 27 2015


...................................

...THE MT SHASTA CITY CA CLIMATE SUMMARY FOR FEBRUARY 26 2015...

CLIMATE NORMAL PERIOD 1981 TO 2010
CLIMATE RECORD PERIOD 1908 TO 2015


WEATHER ITEM   OBSERVED TIME   RECORD YEAR NORMAL DEPARTURE LAST
                VALUE   (LST)  VALUE       VALUE  FROM      YEAR
                                                  NORMAL
..................................................................
TEMPERATURE (F)
 YESTERDAY
  MAXIMUM         58    144 PM  77    1916  51      7       47
  MINIMUM         38    608 AM   6    1962  29      9       34
  AVERAGE         48                        40      8       41

PRECIPITATION (IN)
  YESTERDAY        T             2.46 2010   0.27  -0.27     1.37
  MONTH TO DATE   10.10                      6.69   3.41     4.73
  SINCE OCT 1     30.10                     28.96   1.14     6.05
  SINCE JAN 1     10.58                     13.75  -3.17     4.94

SNOWFALL (IN)
  YESTERDAY       MM                         0.6   MM       MM
  MONTH TO DATE   MM                        18.2   MM       MM
  SINCE JUL 1     MM                        71.5   MM        0.0
  SNOW DEPTH      MM

DEGREE DAYS
 HEATING
  YESTERDAY       17                        25     -8       24
  MONTH TO DATE  496                       699   -203      626
  SINCE DEC 1   1910                      2528   -618     2331
  SINCE JUL 1   2920                      3925  -1005     3568

 COOLING
  YESTERDAY        0                         0      0        0
  MONTH TO DATE    0                         0      0        0
  SINCE DEC 1      0                         0      0        0
  SINCE JAN 1      0                         0      0        0
..................................................................


WIND (MPH)
  HIGHEST WIND SPEED    16   HIGHEST WIND DIRECTION    NW (300)
  HIGHEST GUST SPEED    27   HIGHEST GUST DIRECTION    NW (330)
  AVERAGE WIND SPEED     7.9


SKY COVER
  POSSIBLE SUNSHINE  MM
  AVERAGE SKY COVER 0.5


WEATHER CONDITIONS
 THE FOLLOWING WEATHER WAS RECORDED YESTERDAY.
  LIGHT RAIN


RELATIVE HUMIDITY (PERCENT)
 HIGHEST    92          1100 PM
 LOWEST     32           300 PM

..........................................................


THE MT SHASTA CITY CA CLIMATE NORMALS FOR TODAY
                         NORMAL    RECORD    YEAR
 MAXIMUM TEMPERATURE (F)   51        71      1953
 MINIMUM TEMPERATURE (F)   29         3      1962


SUNRISE AND SUNSET
FEBRUARY 27 2015......SUNRISE   647 AM PST   SUNSET   558 PM PST
FEBRUARY 28 2015......SUNRISE   645 AM PST   SUNSET   559 PM PST


-  INDICATES NEGATIVE NUMBERS.
R  INDICATES RECORD WAS SET OR TIED.
MM INDICATES DATA IS MISSING.
T  INDICATES TRACE AMOUNT.




$$
