000
CDUS46 KMFR 290841
CLIMHS


CLIMATE REPORT
NATIONAL WEATHER SERVICE MEDFORD, OR
140 AM PDT THU SEP 29 2016


...................................

...THE MT SHASTA CITY CA CLIMATE SUMMARY FOR SEPTEMBER 28 2016...

CLIMATE NORMAL PERIOD 1981 TO 2010
CLIMATE RECORD PERIOD 1908 TO 2016


WEATHER ITEM   OBSERVED TIME   RECORD YEAR NORMAL DEPARTURE LAST
                VALUE   (LST)  VALUE       VALUE  FROM      YEAR
                                                  NORMAL
..................................................................
TEMPERATURE (F)
 YESTERDAY
  MAXIMUM         88    229 PM  90    2003  74     14       83
                                      1967
  MINIMUM         47    627 AM  22    1929  41      6       43
  AVERAGE         68                        58     10       63

PRECIPITATION (IN)
  YESTERDAY        0.00          0.75 1938   0.03  -0.03     0.00
  MONTH TO DATE    0.08                      0.61  -0.53     0.28
  SINCE OCT 1     42.39                     43.15  -0.76    36.70
  SINCE JAN 1     32.90                     27.94   4.96    17.18

SNOWFALL (IN)
  YESTERDAY       MM                         0.0   MM       MM
  MONTH TO DATE   MM                         0.0   MM       MM
  SINCE JUL 1     MM                         0.0   MM       MM
  SNOW DEPTH      MM

DEGREE DAYS
 HEATING
  YESTERDAY        0                         8     -8        2
  MONTH TO DATE   93                       145    -52      109
  SINCE SEP 1     93                       145    -52      109
  SINCE JUL 1    108                       220   -112      120

 COOLING
  YESTERDAY        3                         0      3        0
  MONTH TO DATE   35                        25     10       45
  SINCE SEP 1     35                        25     10       45
  SINCE JAN 1    513                       285    228      539
..................................................................


WIND (MPH)
  HIGHEST WIND SPEED     7   HIGHEST WIND DIRECTION    SE (130)
  HIGHEST GUST SPEED    14   HIGHEST GUST DIRECTION    SE (130)
  AVERAGE WIND SPEED     1.2


SKY COVER
  POSSIBLE SUNSHINE  MM
  AVERAGE SKY COVER 0.0


WEATHER CONDITIONS
 THE FOLLOWING WEATHER WAS RECORDED YESTERDAY.
  NO SIGNIFICANT WEATHER WAS OBSERVED.


RELATIVE HUMIDITY (PERCENT)
 HIGHEST    77           700 AM
 LOWEST     18           300 PM

..........................................................


THE MT SHASTA CITY CA CLIMATE NORMALS FOR TODAY
                         NORMAL    RECORD    YEAR
 MAXIMUM TEMPERATURE (F)   74        89      1915
                                             2008
                                             1980
 MINIMUM TEMPERATURE (F)   40        27      1929


SUNRISE AND SUNSET
SEPTEMBER 29 2016.....SUNRISE   705 AM PDT   SUNSET   653 PM PDT
SEPTEMBER 30 2016.....SUNRISE   706 AM PDT   SUNSET   652 PM PDT


-  INDICATES NEGATIVE NUMBERS.
R  INDICATES RECORD WAS SET OR TIED.
MM INDICATES DATA IS MISSING.
T  INDICATES TRACE AMOUNT.




$$
