000
CDUS46 KMFR 200839
CLIMHS


CLIMATE REPORT
NATIONAL WEATHER SERVICE MEDFORD, OR
138 AM PDT SAT SEP 20 2014


...................................

...THE MT SHASTA CITY CA CLIMATE SUMMARY FOR SEPTEMBER 19 2014...

CLIMATE NORMAL PERIOD 1981 TO 2010
CLIMATE RECORD PERIOD 1908 TO 2014


WEATHER ITEM   OBSERVED TIME   RECORD YEAR NORMAL DEPARTURE LAST
                VALUE   (LST)  VALUE       VALUE  FROM      YEAR
                                                  NORMAL
..................................................................
TEMPERATURE (F)
 YESTERDAY
  MAXIMUM         83    304 PM  93    1974  77      6       83
  MINIMUM         51    621 AM  26    1965  42      9       36
  AVERAGE         67                        60      7       60

PRECIPITATION (IN)
  YESTERDAY        0.00          1.08 1977   0.03  -0.03     0.00
  MONTH TO DATE    0.14                      0.38  -0.24     0.04
  SINCE SEP 1      0.14                      0.38  -0.24     0.04
  SINCE JAN 1     12.42                     27.71 -15.29     7.22

SNOWFALL (IN)
  YESTERDAY       MM                         0.0   MM       MM
  MONTH TO DATE   MM                         0.0   MM       MM
  SINCE JUL 1     MM                         0.0   MM       MM
  SNOW DEPTH      MM

DEGREE DAYS
 HEATING
  YESTERDAY        0                         6     -6        5
  MONTH TO DATE    9                        82    -73       29
  SINCE SEP 1      9                        82    -73       29
  SINCE JUL 1     14                       157   -143       41

 COOLING
  YESTERDAY        2                         1      1        0
  MONTH TO DATE   38                        20     18       47
  SINCE SEP 1     38                        20     18       47
  SINCE JAN 1    536                       280    256      474
..................................................................


WIND (MPH)
  HIGHEST WIND SPEED    12   HIGHEST WIND DIRECTION    NW (300)
  HIGHEST GUST SPEED    21   HIGHEST GUST DIRECTION     W (280)
  AVERAGE WIND SPEED     3.4


SKY COVER
  POSSIBLE SUNSHINE  MM
  AVERAGE SKY COVER 0.0


WEATHER CONDITIONS
 THE FOLLOWING WEATHER WAS RECORDED YESTERDAY.
  NO SIGNIFICANT WEATHER WAS OBSERVED.


RELATIVE HUMIDITY (PERCENT)
 HIGHEST    89           500 AM
 LOWEST     31           300 PM

..........................................................


THE MT SHASTA CITY CA CLIMATE NORMALS FOR TODAY
                         NORMAL    RECORD    YEAR
 MAXIMUM TEMPERATURE (F)   77        93      1952
 MINIMUM TEMPERATURE (F)   42        31      1972


SUNRISE AND SUNSET
SEPTEMBER 20 2014.....SUNRISE   655 AM PDT   SUNSET   710 PM PDT
SEPTEMBER 21 2014.....SUNRISE   656 AM PDT   SUNSET   708 PM PDT


-  INDICATES NEGATIVE NUMBERS.
R  INDICATES RECORD WAS SET OR TIED.
MM INDICATES DATA IS MISSING.
T  INDICATES TRACE AMOUNT.




$$
