000
CDUS46 KMFR 070841
CLIMHS


CLIMATE REPORT
NATIONAL WEATHER SERVICE MEDFORD, OR
1241 AM PST WED DEC 7 2016


...................................

...THE MT SHASTA CITY CA CLIMATE SUMMARY FOR DECEMBER 6 2016...

CLIMATE NORMAL PERIOD 1981 TO 2010
CLIMATE RECORD PERIOD 1908 TO 2016


WEATHER ITEM   OBSERVED TIME   RECORD YEAR NORMAL DEPARTURE LAST
                VALUE   (LST)  VALUE       VALUE  FROM      YEAR
                                                  NORMAL
..................................................................
TEMPERATURE (F)
 YESTERDAY
  MAXIMUM         41    217 PM  65    1944  45     -4       44
  MINIMUM         22   1159 PM   9    1956  27     -5       33
  AVERAGE         32                        36     -4       39

PRECIPITATION (IN)
  YESTERDAY        T             4.08 1952   0.24  -0.24     0.99
  MONTH TO DATE    0.01                      1.37  -1.36     2.57
  SINCE OCT 1     16.48                      8.73   7.75     4.60
  SINCE JAN 1     49.38                     36.73  12.65    21.78

SNOWFALL (IN)
  YESTERDAY       MM                         0.6   MM       MM
  MONTH TO DATE   MM                         3.2   MM       MM
  SINCE JUL 1     MM                        11.0   MM       MM
  SNOW DEPTH      MM

DEGREE DAYS
 HEATING
  YESTERDAY       33                        29      4       26
  MONTH TO DATE  170                       173     -3      158
  SINCE DEC 1    170                       173     -3      158
  SINCE JUL 1   1355                      1570   -215     1290

 COOLING
  YESTERDAY        0                         0      0        0
  MONTH TO DATE    0                         0      0        0
  SINCE DEC 1      0                         0      0        0
  SINCE JAN 1    513                       288    225      544
..................................................................


WIND (MPH)
  HIGHEST WIND SPEED    12   HIGHEST WIND DIRECTION    NW (320)
  HIGHEST GUST SPEED    20   HIGHEST GUST DIRECTION     N (340)
  AVERAGE WIND SPEED     2.6


SKY COVER
  POSSIBLE SUNSHINE  MM
  AVERAGE SKY COVER 0.6


WEATHER CONDITIONS
 THE FOLLOWING WEATHER WAS RECORDED YESTERDAY.
  FOG
  HAZE


RELATIVE HUMIDITY (PERCENT)
 HIGHEST    81           200 AM
 LOWEST     40           200 PM

..........................................................


THE MT SHASTA CITY CA CLIMATE NORMALS FOR TODAY
                         NORMAL    RECORD    YEAR
 MAXIMUM TEMPERATURE (F)   45        64      1940
 MINIMUM TEMPERATURE (F)   26         5      2013


SUNRISE AND SUNSET
DECEMBER  7 2016......SUNRISE   722 AM PST   SUNSET   440 PM PST
DECEMBER  8 2016......SUNRISE   723 AM PST   SUNSET   440 PM PST


-  INDICATES NEGATIVE NUMBERS.
R  INDICATES RECORD WAS SET OR TIED.
MM INDICATES DATA IS MISSING.
T  INDICATES TRACE AMOUNT.




$$
