000
CDUS46 KMFR 180844
CLIMHS


CLIMATE REPORT
NATIONAL WEATHER SERVICE MEDFORD, OR
1243 AM PST SUN FEB 18 2018


...................................

...THE MT SHASTA CITY CA CLIMATE SUMMARY FOR FEBRUARY 17 2018...

CLIMATE NORMAL PERIOD 1981 TO 2010
CLIMATE RECORD PERIOD 1908 TO 2018


WEATHER ITEM   OBSERVED TIME   RECORD YEAR NORMAL DEPARTURE LAST
                VALUE   (LST)  VALUE       VALUE  FROM      YEAR
                                                  NORMAL
..................................................................
TEMPERATURE (F)
 YESTERDAY
  MAXIMUM         60    319 PM  67    2015  49     11       43
  MINIMUM         28    635 AM   3    1938  28      0       36
  AVERAGE         44                        38      6       40

PRECIPITATION (IN)
  YESTERDAY        0.00          3.88 2004   0.28  -0.28     0.43
  MONTH TO DATE    0.08                      4.22  -4.14     8.63
  SINCE OCT 1     10.19                     26.49 -16.30    40.89
  SINCE JAN 1      4.36                     11.28  -6.92    19.73

SNOWFALL (IN)
  YESTERDAY       MM                         0.7   MM       MM
  MONTH TO DATE   MM                        11.7   MM       MM
  SINCE JUL 1     MM                        65.0   MM       MM
  SNOW DEPTH      MM

DEGREE DAYS
 HEATING
  YESTERDAY       21                        27     -6       25
  MONTH TO DATE  360                       467   -107      390
  SINCE DEC 1   1972                      2296   -324     2380
  SINCE JUL 1   3223                      3693   -470     3565

 COOLING
  YESTERDAY        0                         0      0        0
  MONTH TO DATE    0                         0      0        0
  SINCE DEC 1      0                         0      0        0
  SINCE JAN 1      0                         0      0        0
..................................................................


WIND (MPH)
  HIGHEST WIND SPEED     8   HIGHEST WIND DIRECTION     W (280)
  HIGHEST GUST SPEED    13   HIGHEST GUST DIRECTION    SE (130)
  AVERAGE WIND SPEED     1.9


SKY COVER
  POSSIBLE SUNSHINE  MM
  AVERAGE SKY COVER 0.3


WEATHER CONDITIONS
 THE FOLLOWING WEATHER WAS RECORDED YESTERDAY.
  NO SIGNIFICANT WEATHER WAS OBSERVED.


RELATIVE HUMIDITY (PERCENT)
 HIGHEST    92           600 AM
 LOWEST     40           400 PM

..........................................................


THE MT SHASTA CITY CA CLIMATE NORMALS FOR TODAY
                         NORMAL    RECORD    YEAR
 MAXIMUM TEMPERATURE (F)   49        68      2015
 MINIMUM TEMPERATURE (F)   28         9      1918


SUNRISE AND SUNSET
FEBRUARY 18 2018......SUNRISE   700 AM PST   SUNSET   547 PM PST
FEBRUARY 19 2018......SUNRISE   658 AM PST   SUNSET   548 PM PST


-  INDICATES NEGATIVE NUMBERS.
R  INDICATES RECORD WAS SET OR TIED.
MM INDICATES DATA IS MISSING.
T  INDICATES TRACE AMOUNT.




$$
