000
CDUS46 KMFR 220836
CLIMHS


CLIMATE REPORT
NATIONAL WEATHER SERVICE MEDFORD, OR
136 AM PDT FRI SEP 22 2017


...................................

...THE MT SHASTA CITY CA CLIMATE SUMMARY FOR SEPTEMBER 21 2017...

CLIMATE NORMAL PERIOD 1981 TO 2010
CLIMATE RECORD PERIOD 1908 TO 2017


WEATHER ITEM   OBSERVED TIME   RECORD YEAR NORMAL DEPARTURE LAST
                VALUE   (LST)  VALUE       VALUE  FROM      YEAR
                                                  NORMAL
..................................................................
TEMPERATURE (F)
 YESTERDAY
  MAXIMUM         58    232 PM  94    1974  77    -19       69
  MINIMUM         38    604 AM  28    1933  42     -4       47
  AVERAGE         48                        59    -11       58

PRECIPITATION (IN)
  YESTERDAY        0.00          0.86 2013   0.03  -0.03      T
  MONTH TO DATE    0.28                      0.43  -0.15      T
  SINCE OCT 1     60.15                     42.97  17.18    42.31
  SINCE JAN 1     38.99                     27.76  11.23    32.82

SNOWFALL (IN)
  YESTERDAY       MM                         0.0   MM       MM
  MONTH TO DATE   MM                         0.0   MM       MM
  SINCE JUL 1     MM                         0.0   MM       MM
  SNOW DEPTH      MM

DEGREE DAYS
 HEATING
  YESTERDAY       17                         6     11        7
  MONTH TO DATE   73                        94    -21       57
  SINCE SEP 1     73                        94    -21       57
  SINCE JUL 1     73                       169    -96       72

 COOLING
  YESTERDAY        0                         1     -1        0
  MONTH TO DATE  100                        22     78       21
  SINCE SEP 1    100                        22     78       21
  SINCE JAN 1    700                       282    418      499
..................................................................


WIND (MPH)
  HIGHEST WIND SPEED    12   HIGHEST WIND DIRECTION     N (10)
  HIGHEST GUST SPEED    22   HIGHEST GUST DIRECTION     N (20)
  AVERAGE WIND SPEED     4.6


SKY COVER
  POSSIBLE SUNSHINE  MM
  AVERAGE SKY COVER 0.2


WEATHER CONDITIONS
 THE FOLLOWING WEATHER WAS RECORDED YESTERDAY.
  NO SIGNIFICANT WEATHER WAS OBSERVED.


RELATIVE HUMIDITY (PERCENT)
 HIGHEST    86           700 AM
 LOWEST     30           200 PM

..........................................................


THE MT SHASTA CITY CA CLIMATE NORMALS FOR TODAY
                         NORMAL    RECORD    YEAR
 MAXIMUM TEMPERATURE (F)   76        93      1949
 MINIMUM TEMPERATURE (F)   42        31      1927


SUNRISE AND SUNSET
SEPTEMBER 22 2017.....SUNRISE   657 AM PDT   SUNSET   706 PM PDT
SEPTEMBER 23 2017.....SUNRISE   658 AM PDT   SUNSET   704 PM PDT


-  INDICATES NEGATIVE NUMBERS.
R  INDICATES RECORD WAS SET OR TIED.
MM INDICATES DATA IS MISSING.
T  INDICATES TRACE AMOUNT.




$$
