000
CDUS42 KMFL 302016
CLIMIA


CLIMATE REPORT
NATIONAL WEATHER SERVICE MIAMI, FL
416 PM EDT THU JUL 30 2015


...................................

...THE MIAMI CLIMATE SUMMARY FOR JULY 30 2015...
VALID TODAY AS OF 0400 PM LOCAL TIME.

CLIMATE NORMAL PERIOD 1981 TO 2010
CLIMATE RECORD PERIOD 1895 TO 2015


WEATHER ITEM   OBSERVED TIME   RECORD YEAR NORMAL DEPARTURE LAST
                VALUE   (LST)  VALUE       VALUE  FROM      YEAR
                                                  NORMAL
..................................................................
TEMPERATURE (F)
 TODAY
  MAXIMUM         94    106 PM  95    1999  91      3       94
  MINIMUM         80    540 AM  71    1928  78      2       76
  AVERAGE         87                        85      2       85

PRECIPITATION (IN)
  TODAY            0.00          2.70 1969   0.21  -0.21     0.71
  MONTH TO DATE    3.86                      6.29  -2.43     9.69
  SINCE JUN 1      7.46                     15.96  -8.50    29.31
  SINCE JAN 1     18.96                     31.31 -12.35    39.46

SNOWFALL (IN)
  TODAY            0.0
  MONTH TO DATE    0.0
  SINCE JUN 1      0.0
  SINCE JUL 1      0.0
  SNOW DEPTH       0

DEGREE DAYS
 HEATING
  TODAY            0                         0      0        0
  MONTH TO DATE    0                         0      0        0
  SINCE JUN 1      0                         0      0        0
  SINCE JUL 1      0                         0      0        0

 COOLING
  TODAY           22                        20      2       20
  MONTH TO DATE  600                       573     27      574
  SINCE JUN 1   1165                      1105     60     1076
  SINCE JAN 1   2842                      2461    381     2650
..................................................................


WIND (MPH)
  HIGHEST WIND SPEED    14   HIGHEST WIND DIRECTION    SW (210)
  HIGHEST GUST SPEED    19   HIGHEST GUST DIRECTION     W (260)
  AVERAGE WIND SPEED     5.0


SKY COVER
  AVERAGE SKY COVER 0.6


WEATHER CONDITIONS
 THE FOLLOWING WEATHER WAS RECORDED TODAY.
  NO SIGNIFICANT WEATHER WAS OBSERVED.


RELATIVE HUMIDITY (PERCENT)
 HIGHEST    85
 LOWEST     44
 AVERAGE    65

..........................................................


THE MIAMI CLIMATE NORMALS FOR TOMORROW
                         NORMAL    RECORD    YEAR
 MAXIMUM TEMPERATURE (F)   91        95      1999
                                             1986
 MINIMUM TEMPERATURE (F)   78        70      1914


SUNRISE AND SUNSET
JULY 30 2015..........SUNRISE   646 AM EDT   SUNSET   809 PM EDT
JULY 31 2015..........SUNRISE   647 AM EDT   SUNSET   808 PM EDT


-  INDICATES NEGATIVE NUMBERS.
R  INDICATES RECORD WAS SET OR TIED.
MM INDICATES DATA IS MISSING.
T  INDICATES TRACE AMOUNT.




$$
