000
CDUS42 KMFL 250935
CLIMIA


CLIMATE REPORT
NATIONAL WEATHER SERVICE MIAMI, FL
435 AM EST THU DEC 25 2014


...................................

...THE MIAMI CLIMATE SUMMARY FOR DECEMBER 24 2014...

CLIMATE NORMAL PERIOD 1981 TO 2010
CLIMATE RECORD PERIOD 1895 TO 2014


WEATHER ITEM   OBSERVED TIME   RECORD YEAR NORMAL DEPARTURE LAST
                VALUE   (LST)  VALUE       VALUE  FROM      YEAR
                                                  NORMAL
..................................................................
TEMPERATURE (F)
 YESTERDAY
  MAXIMUM         84    122 PM  86    2013  77      7       86
                                      1990
  MINIMUM         75    751 AM  31    1989  62     13       68
  AVERAGE         80                        69     11       77

PRECIPITATION (IN)
  YESTERDAY        0.01          0.71 1971   0.06  -0.05     0.00
  MONTH TO DATE    0.89                      1.64  -0.75     0.46
  SINCE NOV 1      3.55                      4.91  -1.36     6.19
  SINCE JAN 1     63.17                     61.50   1.67    66.21

SNOWFALL (IN)
  YESTERDAY        0.0
  MONTH TO DATE    0.0
  SINCE DEC 1      0.0
  SINCE JUL 1      0.0
  SNOW DEPTH       0

DEGREE DAYS
 HEATING
  YESTERDAY        0                         1     -1
  MONTH TO DATE   18                        20     -2
  SINCE DEC 1     18                        20     -2
  SINCE JUL 1     29                        23      6

 COOLING
  YESTERDAY       15                         6      9
  MONTH TO DATE  152                       164    -12
  SINCE DEC 1    152                       164    -12
  SINCE JAN 1   4696                      4536    160
..................................................................


WIND (MPH)
  HIGHEST WIND SPEED    18   HIGHEST WIND DIRECTION     S (160)
  HIGHEST GUST SPEED    27   HIGHEST GUST DIRECTION     S (170)
  AVERAGE WIND SPEED    10.4


SKY COVER
  POSSIBLE SUNSHINE  MM
  AVERAGE SKY COVER 0.8


WEATHER CONDITIONS
 THE FOLLOWING WEATHER WAS RECORDED YESTERDAY.
  LIGHT RAIN
  FOG


RELATIVE HUMIDITY (PERCENT)
 HIGHEST    88
 LOWEST     69
 AVERAGE    79

..........................................................


THE MIAMI CLIMATE NORMALS FOR TODAY
                         NORMAL    RECORD    YEAR
 MAXIMUM TEMPERATURE (F)   77        85      1941
                                             1897
 MINIMUM TEMPERATURE (F)   61        30      1989


SUNRISE AND SUNSET
DECEMBER 25 2014......SUNRISE   705 AM EST   SUNSET   537 PM EST
DECEMBER 26 2014......SUNRISE   706 AM EST   SUNSET   538 PM EST


-  INDICATES NEGATIVE NUMBERS.
R  INDICATES RECORD WAS SET OR TIED.
MM INDICATES DATA IS MISSING.
T  INDICATES TRACE AMOUNT.




$$
