000
CDUS42 KMFL 250942
CLIMIA


CLIMATE REPORT
NATIONAL WEATHER SERVICE MIAMI, FL
441 AM EST SUN FEB 25 2018


...................................

...THE MIAMI CLIMATE SUMMARY FOR FEBRUARY 24 2018...

CLIMATE NORMAL PERIOD 1981 TO 2010
CLIMATE RECORD PERIOD 1895 TO 2018


WEATHER ITEM   OBSERVED TIME   RECORD YEAR NORMAL DEPARTURE LAST
                VALUE   (LST)  VALUE       VALUE  FROM      YEAR
                                                  NORMAL
..................................................................
TEMPERATURE (F)
 YESTERDAY
  MAXIMUM         82    302 PM  89    2008  79      3       83
  MINIMUM         71   1159 PM  37    1989  63      8       62
  AVERAGE         77                        71      6       73

PRECIPITATION (IN)
  YESTERDAY        T             0.72 1942   0.09  -0.09     0.00
  MONTH TO DATE    0.29                      1.92  -1.63     1.30
  SINCE NOV 1      6.37                      8.85  -2.48     7.97
  SINCE JAN 1      1.30                      3.54  -2.24     4.70

SNOWFALL (IN)
  YESTERDAY        0.0
  MONTH TO DATE    0.0
  SINCE DEC 1      0.0
  SINCE JUL 1      0.0
  SNOW DEPTH       0

DEGREE DAYS
 HEATING
  YESTERDAY        0                         1     -1        0
  MONTH TO DATE    0                        24    -24        0
  SINCE DEC 1     78                       111    -33       14
  SINCE JUL 1     78                       114    -36       14

 COOLING
  YESTERDAY       12                         7      5        8
  MONTH TO DATE  281                       143    138      187
  SINCE DEC 1    675                       497    178      816
  SINCE JAN 1    433                       294    139      445
..................................................................


WIND (MPH)
  HIGHEST WIND SPEED    22   HIGHEST WIND DIRECTION     E (110)
  HIGHEST GUST SPEED    27   HIGHEST GUST DIRECTION     E (100)
  AVERAGE WIND SPEED    13.2


SKY COVER
  POSSIBLE SUNSHINE  MM
  AVERAGE SKY COVER 0.6


WEATHER CONDITIONS
 THE FOLLOWING WEATHER WAS RECORDED YESTERDAY.
  LIGHT RAIN


RELATIVE HUMIDITY (PERCENT)
 HIGHEST    93
 LOWEST     58
 AVERAGE    76

..........................................................


THE MIAMI CLIMATE NORMALS FOR TODAY
                         NORMAL    RECORD    YEAR
 MAXIMUM TEMPERATURE (F)   79        89      1994
 MINIMUM TEMPERATURE (F)   63        37      1989


SUNRISE AND SUNSET
FEBRUARY 25 2018......SUNRISE   648 AM EST   SUNSET   621 PM EST
FEBRUARY 26 2018......SUNRISE   647 AM EST   SUNSET   621 PM EST


-  INDICATES NEGATIVE NUMBERS.
R  INDICATES RECORD WAS SET OR TIED.
MM INDICATES DATA IS MISSING.
T  INDICATES TRACE AMOUNT.




$$
