000
CDUS42 KMFL 260925
CLIMIA


CLIMATE REPORT
NATIONAL WEATHER SERVICE MIAMI, FL
424 AM EST MON JAN 26 2015


...................................

...THE MIAMI CLIMATE SUMMARY FOR JANUARY 25 2015...

CLIMATE NORMAL PERIOD 1981 TO 2010
CLIMATE RECORD PERIOD 1895 TO 2015


WEATHER ITEM   OBSERVED TIME   RECORD YEAR NORMAL DEPARTURE LAST
                VALUE   (LST)  VALUE       VALUE  FROM      YEAR
                                                  NORMAL
..................................................................
TEMPERATURE (F)
 YESTERDAY
  MAXIMUM         67    438 PM  84    2002  77    -10       76
                                      1991
                                      1990
  MINIMUM         52    731 AM  36    1940  60     -8       53
  AVERAGE         60                        68     -8       65

PRECIPITATION (IN)
  YESTERDAY        0.00          1.50 1931   0.06  -0.06     0.00
  MONTH TO DATE    0.92                      1.29  -0.37     1.02
  SINCE NOV 1      4.90                      6.60  -1.70    11.42
  SINCE JAN 1      0.92                      1.29  -0.37     1.02

SNOWFALL (IN)
  YESTERDAY        0.0
  MONTH TO DATE    0.0
  SINCE DEC 1      0.0
  SINCE JUL 1      0.0
  SNOW DEPTH       0

DEGREE DAYS
 HEATING
  YESTERDAY        5                         2      3
  MONTH TO DATE    5                        50    -45
  SINCE DEC 1     23                        84    -61
  SINCE JUL 1     34                        87    -53

 COOLING
  YESTERDAY        0                         5     -5
  MONTH TO DATE  196                       125     71
  SINCE DEC 1    416                       328     88
  SINCE JAN 1    196                       125     71
..................................................................


WIND (MPH)
  HIGHEST WIND SPEED    13   HIGHEST WIND DIRECTION    NW (300)
  HIGHEST GUST SPEED    18   HIGHEST GUST DIRECTION    NW (320)
  AVERAGE WIND SPEED     6.0


SKY COVER
  POSSIBLE SUNSHINE  MM
  AVERAGE SKY COVER 0.3


WEATHER CONDITIONS
 THE FOLLOWING WEATHER WAS RECORDED YESTERDAY.
  NO SIGNIFICANT WEATHER WAS OBSERVED.


RELATIVE HUMIDITY (PERCENT)
 HIGHEST    83
 LOWEST     34
 AVERAGE    59

..........................................................


THE MIAMI CLIMATE NORMALS FOR TODAY
                         NORMAL    RECORD    YEAR
 MAXIMUM TEMPERATURE (F)   77        85      1898
 MINIMUM TEMPERATURE (F)   60        29      1905


SUNRISE AND SUNSET
JANUARY 26 2015.......SUNRISE   707 AM EST   SUNSET   600 PM EST
JANUARY 27 2015.......SUNRISE   707 AM EST   SUNSET   601 PM EST


-  INDICATES NEGATIVE NUMBERS.
R  INDICATES RECORD WAS SET OR TIED.
MM INDICATES DATA IS MISSING.
T  INDICATES TRACE AMOUNT.




$$
