000
CDUS42 KMFL 240822
CLIMIA


CLIMATE REPORT
NATIONAL WEATHER SERVICE MIAMI, FL
421 AM EDT FRI OCT 24 2014


...................................

...THE MIAMI CLIMATE SUMMARY FOR OCTOBER 23 2014...

CLIMATE NORMAL PERIOD 1981 TO 2010
CLIMATE RECORD PERIOD 1839 TO 2014


WEATHER ITEM   OBSERVED TIME   RECORD YEAR NORMAL DEPARTURE LAST
                VALUE   (LST)  VALUE       VALUE  FROM      YEAR
                                                  NORMAL
..................................................................
TEMPERATURE (F)
 YESTERDAY
  MAXIMUM         81   1212 PM  91    2006  85     -4       88
  MINIMUM         74   1005 AM  57    1923  72      2       76
  AVERAGE         78                        79     -1       82

PRECIPITATION (IN)
  YESTERDAY        0.22          2.66 1969   0.15   0.07     0.69
  MONTH TO DATE    2.74                      5.17  -2.43     6.83
  SINCE JUN 1     48.97                     40.08   8.89    40.61
  SINCE JAN 1     59.12                     55.43   3.69    59.98

SNOWFALL (IN)
  YESTERDAY        0.0
  MONTH TO DATE    0.0
  SINCE SEP 1      0.0
  SINCE JUL 1      0.0
  SNOW DEPTH       0

DEGREE DAYS
 HEATING
  YESTERDAY        0                         0      0
  MONTH TO DATE    0                         0      0
  SINCE SEP 1      0                         0      0
  SINCE JUL 1      0                         0      0

 COOLING
  YESTERDAY       13                        14     -1
  MONTH TO DATE  369                       357     12
  SINCE SEP 1    903                       894      9
  SINCE JAN 1   4198                      3969    229
..................................................................


WIND (MPH)
  HIGHEST WIND SPEED    15   HIGHEST WIND DIRECTION    NE (60)
  HIGHEST GUST SPEED    22   HIGHEST GUST DIRECTION     N (20)
  AVERAGE WIND SPEED     6.9


SKY COVER
  POSSIBLE SUNSHINE   9 PERCENT
  AVERAGE SKY COVER 0.9


WEATHER CONDITIONS
 THE FOLLOWING WEATHER WAS RECORDED YESTERDAY.
  LIGHT RAIN
  FOG


RELATIVE HUMIDITY (PERCENT)
 HIGHEST    94
 LOWEST     74
 AVERAGE    84

..........................................................


THE MIAMI CLIMATE NORMALS FOR TODAY
                         NORMAL    RECORD    YEAR
 MAXIMUM TEMPERATURE (F)   85        92      1990
 MINIMUM TEMPERATURE (F)   72        52      1937
                                             1923


SUNRISE AND SUNSET
OCTOBER 24 2014.......SUNRISE   725 AM EDT   SUNSET   646 PM EDT
OCTOBER 25 2014.......SUNRISE   725 AM EDT   SUNSET   645 PM EDT


-  INDICATES NEGATIVE NUMBERS.
R  INDICATES RECORD WAS SET OR TIED.
MM INDICATES DATA IS MISSING.
T  INDICATES TRACE AMOUNT.




$$
