000
CDUS43 KIND 300533
CLIMIE


CLIMATE REPORT
NATIONAL WEATHER SERVICE INDIANAPOLIS IN
133 AM EDT MON MAR 30 2015


...................................

...THE MUNCIE IN CLIMATE SUMMARY FOR MARCH 29 2015...

CLIMATE NORMAL PERIOD 1981 TO 2010
CLIMATE RECORD PERIOD 9999 TO 9999


WEATHER ITEM   OBSERVED TIME   NORMAL DEPARTURE LAST
                VALUE   (LST)  VALUE  FROM      YEAR
                                      NORMAL
......................................................
TEMPERATURE (F)
 YESTERDAY
  MAXIMUM         46   1159 PM  55     -9       38
  MINIMUM         24    406 AM  35    -11       31
  AVERAGE         35            45    -10       35

PRECIPITATION (IN)
  YESTERDAY        0.08          0.11  -0.03     0.24
  MONTH TO DATE    3.02          2.73   0.29     1.53
  SINCE MAR 1      3.02          2.73   0.29     1.53
  SINCE JAN 1      5.96          7.27  -1.31     4.49

DEGREE DAYS
 HEATING
  YESTERDAY       30            20     10       30
  MONTH TO DATE  830           747     83      909
  SINCE MAR 1    830           747     83      909
  SINCE JUL 1   5695          5130    565     5819

 COOLING
  YESTERDAY        0             0      0        0
  MONTH TO DATE    0             0      0        0
  SINCE MAR 1      0             0      0        0
  SINCE JAN 1      0             0      0        0
......................................................


WIND (MPH)
  HIGHEST WIND SPEED    25   HIGHEST WIND DIRECTION     S (190)
  HIGHEST GUST SPEED    34   HIGHEST GUST DIRECTION     S (180)
  AVERAGE WIND SPEED    12.8


SKY COVER
  AVERAGE SKY COVER 0.3


WEATHER CONDITIONS
 THE FOLLOWING WEATHER WAS RECORDED YESTERDAY.
  LIGHT RAIN


RELATIVE HUMIDITY (PERCENT)
 HIGHEST    76          1100 PM
 LOWEST     33           100 PM
 AVERAGE    55

..........................................................


THE MUNCIE IN CLIMATE NORMALS FOR TODAY
                         NORMAL
 MAXIMUM TEMPERATURE (F)   55
 MINIMUM TEMPERATURE (F)   35


SUNRISE AND SUNSET
MARCH 30 2015.........SUNRISE   729 AM EDT   SUNSET   804 PM EDT
MARCH 31 2015.........SUNRISE   727 AM EDT   SUNSET   805 PM EDT


-  INDICATES NEGATIVE NUMBERS.
R  INDICATES RECORD WAS SET OR TIED.
MM INDICATES DATA IS MISSING.
T  INDICATES TRACE AMOUNT.




$$
