000
CDUS43 KIND 202039
CLIMIE


CLIMATE REPORT
NATIONAL WEATHER SERVICE INDIANAPOLIS IN
438 PM EDT FRI OCT 20 2017


...................................

...THE MUNCIE IN CLIMATE SUMMARY FOR OCTOBER 20 2017...
VALID TODAY AS OF 0400 PM LOCAL TIME.

CLIMATE NORMAL PERIOD 1981 TO 2010
CLIMATE RECORD PERIOD 9999 TO 9999


WEATHER ITEM   OBSERVED TIME   NORMAL DEPARTURE LAST
                VALUE   (LST)  VALUE  FROM      YEAR
                                      NORMAL
......................................................
TEMPERATURE (F)
 TODAY
  MAXIMUM         79    258 PM  63     16       59
  MINIMUM         46    537 AM  42      4       53
  AVERAGE         63            52     11       56

PRECIPITATION (IN)
  TODAY            0.00          0.09  -0.09     1.52
  MONTH TO DATE    3.01          1.93   1.08     2.28
  SINCE SEP 1      4.85          4.89  -0.04     6.98
  SINCE JAN 1     39.74         32.80   6.94    36.26

......................................................


WIND (MPH)
  HIGHEST WIND SPEED    13   HIGHEST WIND DIRECTION     S (190)
  HIGHEST GUST SPEED    24   HIGHEST GUST DIRECTION    SW (240)
  AVERAGE WIND SPEED     4.2


SKY COVER
  AVERAGE SKY COVER 0.0


WEATHER CONDITIONS
 THE FOLLOWING WEATHER WAS RECORDED TODAY.
  FOG


RELATIVE HUMIDITY (PERCENT)
 HIGHEST    93          1200 AM
 LOWEST     35           300 PM

..........................................................


THE MUNCIE IN CLIMATE NORMALS FOR TOMORROW
                         NORMAL
 MAXIMUM TEMPERATURE (F)   63
 MINIMUM TEMPERATURE (F)   42


SUNRISE AND SUNSET
OCTOBER 20 2017.......SUNRISE   758 AM EDT   SUNSET   654 PM EDT
OCTOBER 21 2017.......SUNRISE   759 AM EDT   SUNSET   653 PM EDT


-  INDICATES NEGATIVE NUMBERS.
R  INDICATES RECORD WAS SET OR TIED.
MM INDICATES DATA IS MISSING.
T  INDICATES TRACE AMOUNT.




$$
