000
CDUS43 KIND 020536
CLIMIE


CLIMATE REPORT
NATIONAL WEATHER SERVICE INDIANAPOLIS IN
1236 AM EST MON MAR 2 2015


...................................

...THE MUNCIE IN CLIMATE SUMMARY FOR MARCH 1 2015...

CLIMATE NORMAL PERIOD 1981 TO 2010
CLIMATE RECORD PERIOD 9999 TO 9999


WEATHER ITEM   OBSERVED TIME   NORMAL DEPARTURE LAST
                VALUE   (LST)  VALUE  FROM      YEAR
                                      NORMAL
......................................................
TEMPERATURE (F)
 YESTERDAY
  MAXIMUM         28    240 PM  43    -15       48
  MINIMUM         20   1159 PM  25     -5       24
  AVERAGE         24            34    -10       36

PRECIPITATION (IN)
  YESTERDAY        0.42          0.08   0.34     0.00
  MONTH TO DATE    0.42          0.08   0.34     0.00
  SINCE MAR 1      0.42          0.08   0.34     0.00
  SINCE JAN 1      3.36          4.62  -1.26     2.96

DEGREE DAYS
 HEATING
  YESTERDAY       41            31     10       29
  MONTH TO DATE   41            31     10       29
  SINCE MAR 1     41            31     10       29
  SINCE JUL 1   4906          4414    492     4939

 COOLING
  YESTERDAY        0             0      0        0
  MONTH TO DATE    0             0      0        0
  SINCE MAR 1      0             0      0        0
  SINCE JAN 1      0             0      0        0
......................................................


WIND (MPH)
  HIGHEST WIND SPEED    16   HIGHEST WIND DIRECTION     W (280)
  HIGHEST GUST SPEED    21   HIGHEST GUST DIRECTION     W (280)
  AVERAGE WIND SPEED     4.3


SKY COVER
  AVERAGE SKY COVER 1.0


WEATHER CONDITIONS
 THE FOLLOWING WEATHER WAS RECORDED YESTERDAY.
  SNOW
  LIGHT SNOW
  FOG
  FOG W/VISIBILITY <= 1/4 MILE


RELATIVE HUMIDITY (PERCENT)
 HIGHEST    92           200 AM
 LOWEST     81          1000 PM
 AVERAGE    87

..........................................................


THE MUNCIE IN CLIMATE NORMALS FOR TODAY
                         NORMAL
 MAXIMUM TEMPERATURE (F)   43
 MINIMUM TEMPERATURE (F)   26


SUNRISE AND SUNSET
MARCH  2 2015.........SUNRISE   714 AM EST   SUNSET   634 PM EST
MARCH  3 2015.........SUNRISE   712 AM EST   SUNSET   635 PM EST


-  INDICATES NEGATIVE NUMBERS.
R  INDICATES RECORD WAS SET OR TIED.
MM INDICATES DATA IS MISSING.
T  INDICATES TRACE AMOUNT.




$$
