000
CDUS43 KIND 180541
CLIMIE


CLIMATE REPORT
NATIONAL WEATHER SERVICE INDIANAPOLIS IN
1241 AM EST MON DEC 18 2017


...................................

...THE MUNCIE IN CLIMATE SUMMARY FOR DECEMBER 17 2017...

CLIMATE NORMAL PERIOD 1981 TO 2010
CLIMATE RECORD PERIOD 9999 TO 9999


WEATHER ITEM   OBSERVED TIME   NORMAL DEPARTURE LAST
                VALUE   (LST)  VALUE  FROM      YEAR
                                      NORMAL
......................................................
TEMPERATURE (F)
 YESTERDAY
  MAXIMUM         44    316 PM  37      7       37
  MINIMUM         37    615 AM  23     14       27
  AVERAGE         41            30     11       32

PRECIPITATION (IN)
  YESTERDAY        0.01          0.09  -0.08     0.25
  MONTH TO DATE    0.18          1.61  -1.43     0.80
  SINCE DEC 1      0.18          1.61  -1.43     0.80
  SINCE JAN 1     46.82         38.85   7.97    39.61

DEGREE DAYS
 HEATING
  YESTERDAY       24            35    -11       33
  MONTH TO DATE  508           551    -43      616
  SINCE DEC 1    508           551    -43      616
  SINCE JUL 1   1420          1686   -266     1318

 COOLING
  YESTERDAY        0             0      0        0
  MONTH TO DATE    0             0      0        0
  SINCE DEC 1      0             0      0        0
  SINCE JAN 1   1090           956    134     1355
......................................................


WIND (MPH)
  HIGHEST WIND SPEED    14   HIGHEST WIND DIRECTION    SW (210)
  HIGHEST GUST SPEED    18   HIGHEST GUST DIRECTION     S (190)
  AVERAGE WIND SPEED     7.3


SKY COVER
  AVERAGE SKY COVER 0.5


WEATHER CONDITIONS
 THE FOLLOWING WEATHER WAS RECORDED YESTERDAY.
  LIGHT RAIN


RELATIVE HUMIDITY (PERCENT)
 HIGHEST    79           600 PM
 LOWEST     59          1200 AM
 AVERAGE    69

..........................................................


THE MUNCIE IN CLIMATE NORMALS FOR TODAY
                         NORMAL
 MAXIMUM TEMPERATURE (F)   37
 MINIMUM TEMPERATURE (F)   23


SUNRISE AND SUNSET
DECEMBER 18 2017......SUNRISE   759 AM EST   SUNSET   518 PM EST
DECEMBER 19 2017......SUNRISE   800 AM EST   SUNSET   518 PM EST


-  INDICATES NEGATIVE NUMBERS.
R  INDICATES RECORD WAS SET OR TIED.
MM INDICATES DATA IS MISSING.
T  INDICATES TRACE AMOUNT.




$$
