000
CDUS43 KMKX 200703
CLIMKE


CLIMATE REPORT
NATIONAL WEATHER SERVICE IN MILWAUKEE
201 AM CDT WED AUG 20 2014


...................................

...THE MILWAUKEE WI CLIMATE SUMMARY FOR AUGUST 19 2014...

CLIMATE NORMAL PERIOD 1981 TO 2010
CLIMATE RECORD PERIOD 1871 TO 2014


WEATHER ITEM   OBSERVED TIME   RECORD YEAR NORMAL DEPARTURE LAST
                VALUE   (LST)  VALUE       VALUE  FROM      YEAR
                                                  NORMAL
..................................................................
TEMPERATURE (F)
 YESTERDAY
  MAXIMUM         83    343 PM  98    1983  78      5       84
                                      1955
  MINIMUM         65    307 AM  50    1977  63      2       63
  AVERAGE         74                        71      3       74

PRECIPITATION (IN)
  YESTERDAY        1.01          1.44 1904   0.14   0.87     0.00
  MONTH TO DATE    3.14                      2.55   0.59     1.60
  SINCE JUN 1     11.79                     10.12   1.67     8.95
  SINCE JAN 1     22.74                     22.76  -0.02    28.46

SNOWFALL (IN)
  YESTERDAY        0.0           0.0    MM   0.0    0.0      0.0
  MONTH TO DATE    0.0                       0.0    0.0      0.0
  SINCE JUN 1      0.0                       0.0    0.0      0.0
  SINCE JUL 1      0.0                       0.0    0.0      0.0
  SNOW DEPTH       0

DEGREE DAYS
 HEATING
  YESTERDAY        0                         0      0        0
  MONTH TO DATE    5                         0      5        8
  SINCE JUN 1    100                        95      5      109
  SINCE JUL 1     26                        11     15       22

 COOLING
  YESTERDAY        9                         6      3        9
  MONTH TO DATE   76                       128    -52       73
  SINCE JUN 1    293                       470   -177      413
  SINCE JAN 1    311                       500   -189      452
..................................................................


WIND (MPH)
  HIGHEST WIND SPEED    23   HIGHEST WIND DIRECTION     W (290)
  HIGHEST GUST SPEED    30   HIGHEST GUST DIRECTION    NW (310)
  AVERAGE WIND SPEED     8.1


SKY COVER
  POSSIBLE SUNSHINE  MM
  AVERAGE SKY COVER 0.6


WEATHER CONDITIONS
 THE FOLLOWING WEATHER WAS RECORDED YESTERDAY.
  THUNDERSTORM
  RAIN
  LIGHT RAIN
  FOG


RELATIVE HUMIDITY (PERCENT)
 HIGHEST    87           600 AM
 LOWEST     55           100 PM
 AVERAGE    71

..........................................................


THE MILWAUKEE WI CLIMATE NORMALS FOR TODAY
                         NORMAL    RECORD    YEAR
 MAXIMUM TEMPERATURE (F)   78        97      1955
                                             1916
 MINIMUM TEMPERATURE (F)   63        44      1950


SUNRISE AND SUNSET
AUGUST 20 2014........SUNRISE   603 AM CDT   SUNSET   746 PM CDT
AUGUST 21 2014........SUNRISE   604 AM CDT   SUNSET   745 PM CDT


-  INDICATES NEGATIVE NUMBERS.
R  INDICATES RECORD WAS SET OR TIED.
MM INDICATES DATA IS MISSING.
T  INDICATES TRACE AMOUNT.




$$
