000
CDUS43 KMKX 120700
CLIMKE


CLIMATE REPORT
NATIONAL WEATHER SERVICE IN MILWAUKEE
1259 AM CST TUE DEC 12 2017


...................................

...THE MILWAUKEE WI CLIMATE SUMMARY FOR DECEMBER 11 2017...

CLIMATE NORMAL PERIOD 1981 TO 2010
CLIMATE RECORD PERIOD 1871 TO 2017


WEATHER ITEM   OBSERVED TIME   RECORD YEAR NORMAL DEPARTURE LAST
                VALUE   (LST)  VALUE       VALUE  FROM      YEAR
                                                  NORMAL
..................................................................
TEMPERATURE (F)
 YESTERDAY
  MAXIMUM         35    508 PM  60    1949  34      1       33
  MINIMUM         19    217 AM -10    1972  21     -2       22
  AVERAGE         27                        28     -1       28

PRECIPITATION (IN)
  YESTERDAY        0.01          1.22 1899   0.07  -0.06     0.47
  MONTH TO DATE    0.17                      0.84  -0.67     0.86
  SINCE DEC 1      0.17                      0.84  -0.67     0.86
  SINCE JAN 1     33.80                     33.56   0.24    28.19

SNOWFALL (IN)
  YESTERDAY        0.2          13.6  2000   0.3   -0.1      6.1
  MONTH TO DATE    1.2                       3.3   -2.1      9.6
  SINCE DEC 1      1.2                       3.3   -2.1      9.6
  SINCE JUL 1      1.4                       6.0   -4.6      9.6
  SNOW DEPTH       0

DEGREE DAYS
 HEATING
  YESTERDAY       38                        37      1       37
  MONTH TO DATE  338                       390    -52      381
  SINCE DEC 1    338                       390    -52      381
  SINCE JUL 1   1443                      1755   -312     1211

 COOLING
  YESTERDAY        0                         0      0        0
  MONTH TO DATE    0                         0      0        0
  SINCE DEC 1      0                         0      0        0
  SINCE JAN 1    772                       641    131      991
..................................................................


WIND (MPH)
  HIGHEST WIND SPEED    28   HIGHEST WIND DIRECTION     N (350)
  HIGHEST GUST SPEED    40   HIGHEST GUST DIRECTION     N (340)
  AVERAGE WIND SPEED     7.7


SKY COVER
  POSSIBLE SUNSHINE  MM
  AVERAGE SKY COVER 0.9


WEATHER CONDITIONS
 THE FOLLOWING WEATHER WAS RECORDED YESTERDAY.
  LIGHT SNOW
  FOG
  HAZE


RELATIVE HUMIDITY (PERCENT)
 HIGHEST    88           700 AM
 LOWEST     63          1200 AM
 AVERAGE    76

..........................................................


THE MILWAUKEE WI CLIMATE NORMALS FOR TODAY
                         NORMAL    RECORD    YEAR
 MAXIMUM TEMPERATURE (F)   34        58      1991
 MINIMUM TEMPERATURE (F)   21        -7      1962


SUNRISE AND SUNSET
DECEMBER 12 2017......SUNRISE   714 AM CST   SUNSET   417 PM CST
DECEMBER 13 2017......SUNRISE   714 AM CST   SUNSET   417 PM CST


-  INDICATES NEGATIVE NUMBERS.
R  INDICATES RECORD WAS SET OR TIED.
MM INDICATES DATA IS MISSING.
T  INDICATES TRACE AMOUNT.




$$
