000
CDUS43 KMKX 110150
CLIMKE


CLIMATE REPORT
NATIONAL WEATHER SERVICE IN MILWAUKEE
750 PM CST SAT DEC 10 2016


...................................

...THE MILWAUKEE WI CLIMATE SUMMARY FOR DECEMBER 10 2016...
VALID TODAY AS OF 0700 PM LOCAL TIME.

CLIMATE NORMAL PERIOD 1981 TO 2010
CLIMATE RECORD PERIOD 1871 TO 2016


WEATHER ITEM   OBSERVED TIME   RECORD YEAR NORMAL DEPARTURE LAST
                VALUE   (LST)  VALUE       VALUE  FROM      YEAR
                                                  NORMAL
..................................................................
TEMPERATURE (F)
 TODAY
  MAXIMUM         25    246 PM  58    1911  34     -9       57
  MINIMUM         18    813 AM  -9    1919  22     -4       41
  AVERAGE         22                        28     -6       49

PRECIPITATION (IN)
  TODAY            T             1.33 1971   0.08  -0.08     0.00
  MONTH TO DATE    0.33                      0.77  -0.44     0.24
  SINCE DEC 1      0.33                      0.77  -0.44     0.24
  SINCE JAN 1     27.66                     33.49  -5.83    29.26

SNOWFALL (IN)
  TODAY            T             6.3  1970   0.3   -0.3      0.0
  MONTH TO DATE    1.8                       3.0   -1.2      0.4
  SINCE DEC 1      1.8                       3.0   -1.2      0.4
  SINCE JUL 1      1.8                       5.7   -3.9      7.3
  SNOW DEPTH       0

DEGREE DAYS
 HEATING
  TODAY           43                        37      6       16
  MONTH TO DATE  344                       353     -9      253
  SINCE DEC 1    344                       353     -9      253
  SINCE JUL 1   1174                      1718   -544     1292

 COOLING
  TODAY            0                         0      0        0
  MONTH TO DATE    0                         0      0        0
  SINCE DEC 1      0                         0      0        0
  SINCE JAN 1    991                       641    350      622
..................................................................


WIND (MPH)
  HIGHEST WIND SPEED    15   HIGHEST WIND DIRECTION     W (270)
  HIGHEST GUST SPEED    21   HIGHEST GUST DIRECTION    NW (300)
  AVERAGE WIND SPEED     8.1


SKY COVER
  POSSIBLE SUNSHINE  MM
  AVERAGE SKY COVER 0.7


WEATHER CONDITIONS
 THE FOLLOWING WEATHER WAS RECORDED TODAY.
  LIGHT SNOW


RELATIVE HUMIDITY (PERCENT)
 HIGHEST    80           700 AM
 LOWEST     55           100 PM
 AVERAGE    68

..........................................................


THE MILWAUKEE WI CLIMATE NORMALS FOR TOMORROW
                         NORMAL    RECORD    YEAR
 MAXIMUM TEMPERATURE (F)   34        60      1949
 MINIMUM TEMPERATURE (F)   21       -10      1972


SUNRISE AND SUNSET
DECEMBER 10 2016......SUNRISE   712 AM CST   SUNSET   417 PM CST
DECEMBER 11 2016......SUNRISE   713 AM CST   SUNSET   417 PM CST


-  INDICATES NEGATIVE NUMBERS.
R  INDICATES RECORD WAS SET OR TIED.
MM INDICATES DATA IS MISSING.
T  INDICATES TRACE AMOUNT.




$$
