000
CDUS43 KMKX 230649
CLIMKE


CLIMATE REPORT
NATIONAL WEATHER SERVICE IN MILWAUKEE
148 AM CDT FRI JUN 23 2017


...................................

...THE MILWAUKEE WI CLIMATE SUMMARY FOR JUNE 22 2017...

CLIMATE NORMAL PERIOD 1981 TO 2010
CLIMATE RECORD PERIOD 1871 TO 2017


WEATHER ITEM   OBSERVED TIME   RECORD YEAR NORMAL DEPARTURE LAST
                VALUE   (LST)  VALUE       VALUE  FROM      YEAR
                                                  NORMAL
..................................................................
TEMPERATURE (F)
 YESTERDAY
  MAXIMUM         87    213 PM  97    1911  78      9       80
  MINIMUM         66   1231 AM  38    1963  60      6       64
  AVERAGE         77                        68      9       72

PRECIPITATION (IN)
  YESTERDAY        0.05          4.49 1940   0.13  -0.08     0.22
  MONTH TO DATE    1.91                      2.85  -0.94     1.83
  SINCE JUN 1      1.91                      2.85  -0.94     1.83
  SINCE JAN 1     18.70                     15.49   3.21    10.65

SNOWFALL (IN)
  YESTERDAY        0.0           0.0    MM   0.0    0.0      0.0
  MONTH TO DATE    0.0                       0.0    0.0      0.0
  SINCE JUN 1      0.0                       0.0    0.0      0.0
  SINCE JUL 1     37.6                      46.9   -9.3     39.1
  SNOW DEPTH       0

DEGREE DAYS
 HEATING
  YESTERDAY        0                         2     -2        0
  MONTH TO DATE    9                        76    -67       25
  SINCE JUN 1      9                        76    -67       25
  SINCE JUL 1   5629                      6886  -1257     5905

 COOLING
  YESTERDAY       12                         5      7        7
  MONTH TO DATE  153                        73     80      107
  SINCE JUN 1    153                        73     80      107
  SINCE JAN 1    174                       103     71      152
..................................................................


WIND (MPH)
  HIGHEST WIND SPEED    25   HIGHEST WIND DIRECTION    SW (230)
  HIGHEST GUST SPEED    31   HIGHEST GUST DIRECTION    SW (220)
  AVERAGE WIND SPEED     9.3


SKY COVER
  POSSIBLE SUNSHINE  MM
  AVERAGE SKY COVER 0.7


WEATHER CONDITIONS
 THE FOLLOWING WEATHER WAS RECORDED YESTERDAY.
  THUNDERSTORM
  LIGHT RAIN


RELATIVE HUMIDITY (PERCENT)
 HIGHEST    90           900 PM
 LOWEST     51           300 PM
 AVERAGE    71

..........................................................


THE MILWAUKEE WI CLIMATE NORMALS FOR TODAY
                         NORMAL    RECORD    YEAR
 MAXIMUM TEMPERATURE (F)   78        95      1934
                                             1911
 MINIMUM TEMPERATURE (F)   60        41      1963


SUNRISE AND SUNSET
JUNE 23 2017..........SUNRISE   513 AM CDT   SUNSET   834 PM CDT
JUNE 24 2017..........SUNRISE   514 AM CDT   SUNSET   835 PM CDT


-  INDICATES NEGATIVE NUMBERS.
R  INDICATES RECORD WAS SET OR TIED.
MM INDICATES DATA IS MISSING.
T  INDICATES TRACE AMOUNT.




$$
