000
CDUS43 KGRR 232136
CLIMKG


CLIMATE REPORT
NATIONAL WEATHER SERVICE GRAND RAPIDS, MI
535 PM EDT WED AUG 23 2017


...................................

...THE MUSKEGON MI CLIMATE SUMMARY FOR AUGUST 23 2017...
VALID TODAY AS OF 0500 PM LOCAL TIME.

CLIMATE NORMAL PERIOD 1981 TO 2010
CLIMATE RECORD PERIOD 1896 TO 2017


WEATHER ITEM   OBSERVED TIME   RECORD YEAR NORMAL DEPARTURE LAST
                VALUE   (LST)  VALUE       VALUE  FROM      YEAR
                                                  NORMAL
..................................................................
TEMPERATURE (F)
 TODAY
  MAXIMUM         72    318 PM  93    1905  78     -6       80
  MINIMUM         64    538 AM  44    1952  60      4       60
                                      1951
  AVERAGE         68                        69     -1       70

PRECIPITATION (IN)
  TODAY            0.00          1.86 1975   0.11  -0.11     0.00
  MONTH TO DATE    1.33                      2.49  -1.16     1.74
  SINCE JUN 1      6.60                      7.41  -0.81    10.10
  SINCE JAN 1     21.08                     19.68   1.40    24.03

SNOWFALL (IN)
  TODAY            0.0          MM      MM   0.0    0.0      0.0
  MONTH TO DATE    0.0                       0.0    0.0      0.0
  SINCE JUN 1      0.0                       0.0    0.0      0.0
  SINCE JUL 1      0.0                       0.0    0.0      0.0
  SNOW DEPTH       0

DEGREE DAYS
 HEATING
  TODAY            0                         1     -1        0
  MONTH TO DATE    3                         6     -3        0
  SINCE JUN 1     37                        83    -46       47
  SINCE JUL 1      3                        17    -14        9

 COOLING
  TODAY            3                         5     -2        5
  MONTH TO DATE  126                       132     -6      200
  SINCE JUN 1    467                       439     28      558
  SINCE JAN 1    489                       468     21      602
..................................................................


WIND (MPH)
  RESULTANT WIND SPEED  12   RESULTANT WIND DIRECTION  NW (300)
  HIGHEST WIND SPEED    18   HIGHEST WIND DIRECTION    NW (300)
  HIGHEST GUST SPEED    28   HIGHEST GUST DIRECTION     W (280)
  AVERAGE WIND SPEED    12.5


SKY COVER
  AVERAGE SKY COVER 0.4


WEATHER CONDITIONS
 THE FOLLOWING WEATHER WAS RECORDED TODAY.
  NO SIGNIFICANT WEATHER WAS OBSERVED.


RELATIVE HUMIDITY (PERCENT)
 HIGHEST    68           700 AM
 LOWEST     49           100 PM
 AVERAGE    59

..........................................................


THE MUSKEGON MI CLIMATE NORMALS FOR TOMORROW
                         NORMAL    RECORD    YEAR
 MAXIMUM TEMPERATURE (F)   78        96      1947
 MINIMUM TEMPERATURE (F)   60        40      1942


SUNRISE AND SUNSET
AUGUST 23 2017........SUNRISE   700 AM EDT   SUNSET   835 PM EDT
AUGUST 24 2017........SUNRISE   701 AM EDT   SUNSET   833 PM EDT


-  INDICATES NEGATIVE NUMBERS.
R  INDICATES RECORD WAS SET OR TIED.
MM INDICATES DATA IS MISSING.
T  INDICATES TRACE AMOUNT.




$$

JAM
