000
CDUS44 KMEG 280732
CLIMKL


CLIMATE REPORT
NATIONAL WEATHER SERVICE MEMPHIS TN
132 AM CST SAT FEB 28 2015


...................................

...THE JACKSON CLIMATE SUMMARY FOR FEBRUARY 27 2015...

CLIMATE NORMAL PERIOD 1981 TO 2010
CLIMATE RECORD PERIOD 1948 TO 2015


WEATHER ITEM   OBSERVED TIME   RECORD YEAR NORMAL DEPARTURE LAST
                VALUE   (LST)  VALUE       VALUE  FROM      YEAR
                                                  NORMAL
..................................................................
TEMPERATURE (F)
 YESTERDAY
  MAXIMUM         35    320 PM  80    1981  57    -22       45
  MINIMUM         19    727 AM  14    2014  35    -16       14
                                      1963
  AVERAGE         27                        46    -19       30

PRECIPITATION (IN)
  YESTERDAY        0.00          2.37 1962   0.15  -0.15     0.00
  MONTH TO DATE    5.15                      4.03   1.12     5.13
  SINCE DEC 1      8.97                     13.45  -4.48    12.94
  SINCE JAN 1      5.89                      8.10  -2.21     8.14

SNOWFALL (IN)
  YESTERDAY        0.0           1.0  1978   0.0    0.0      0.0
                                      1964
  MONTH TO DATE    1.4                       1.6   -0.2      0.5
  SINCE DEC 1      1.4                       4.1   -2.7      0.5
  SINCE JUL 1      1.5                       4.2   -2.7      0.5
  SNOW DEPTH       0

DEGREE DAYS
 HEATING
  YESTERDAY       38                        19     19       35
  MONTH TO DATE  861                       616    245      718
  SINCE DEC 1   2353                      2198    155     2480
  SINCE JUL 1   3145                      2865    280     3270

 COOLING
  YESTERDAY        0                         0      0        0
  MONTH TO DATE    0                         0      0        0
  SINCE DEC 1      0                         1     -1        8
  SINCE JAN 1      0                         0      0        0
..................................................................


WIND (MPH)
  HIGHEST WIND SPEED    20   HIGHEST WIND DIRECTION     N (360)
  HIGHEST GUST SPEED    24   HIGHEST GUST DIRECTION     N (10)
  AVERAGE WIND SPEED    11.3


SKY COVER
  POSSIBLE SUNSHINE  MM
  AVERAGE SKY COVER 0.5


WEATHER CONDITIONS
 THE FOLLOWING WEATHER WAS RECORDED YESTERDAY.
  NO SIGNIFICANT WEATHER WAS OBSERVED.


RELATIVE HUMIDITY (PERCENT)
 HIGHEST    73           400 AM
 LOWEST     38           400 PM
 AVERAGE    56

..........................................................


THE JACKSON CLIMATE NORMALS FOR TODAY
                         NORMAL    RECORD    YEAR
 MAXIMUM TEMPERATURE (F)   57        75      1980
                                             1976
 MINIMUM TEMPERATURE (F)   35        17      2002


SUNRISE AND SUNSET
FEBRUARY 28 2015......SUNRISE   627 AM CST   SUNSET   550 PM CST
MARCH  1 2015.........SUNRISE   626 AM CST   SUNSET   551 PM CST


-  INDICATES NEGATIVE NUMBERS.
R  INDICATES RECORD WAS SET OR TIED.
MM INDICATES DATA IS MISSING.
T  INDICATES TRACE AMOUNT.




$$
