568
CDUS44 KMEG 260638
CLIMKL


CLIMATE REPORT
NATIONAL WEATHER SERVICE MEMPHIS TN
137 AM CDT SUN MAR 26 2017


...................................

...THE JACKSON CLIMATE SUMMARY FOR MARCH 25 2017...

CLIMATE NORMAL PERIOD 1981 TO 2010
CLIMATE RECORD PERIOD 1948 TO 2017


WEATHER ITEM   OBSERVED TIME   RECORD YEAR NORMAL DEPARTURE LAST
                VALUE   (LST)  VALUE       VALUE  FROM      YEAR
                                                  NORMAL
..................................................................
TEMPERATURE (F)
 YESTERDAY
  MAXIMUM         69   1241 AM  84    2007  66      3       58
  MINIMUM         59   1159 PM  23    2014  42     17       40
  AVERAGE         64                        54     10       49

PRECIPITATION (IN)
  YESTERDAY        0.14          1.94 1965   0.16  -0.02     0.00
  MONTH TO DATE    6.66                      3.75   2.91     9.06
  SINCE MAR 1      6.66                      3.75   2.91     9.06
  SINCE JAN 1     11.49                     11.99  -0.50    14.68

DEGREE DAYS
 HEATING
  YESTERDAY        1                        12    -11       16
  MONTH TO DATE  347                       379    -32      271
  SINCE MAR 1    347                       379    -32      271
  SINCE JUL 1   2387                      3263   -876     2639

 COOLING
  YESTERDAY        0                         1     -1        0
  MONTH TO DATE    7                         1      6        6
  SINCE MAR 1      7                         1      6        6
  SINCE JAN 1      9                         2      7        6
..................................................................


WIND (MPH)
  HIGHEST WIND SPEED    21   HIGHEST WIND DIRECTION     S (180)
  HIGHEST GUST SPEED    31   HIGHEST GUST DIRECTION     S (180)
  AVERAGE WIND SPEED    11.1


SKY COVER
  POSSIBLE SUNSHINE  MM
  AVERAGE SKY COVER 0.6


WEATHER CONDITIONS
 THE FOLLOWING WEATHER WAS RECORDED YESTERDAY.
  THUNDERSTORM
  LIGHT RAIN
  FOG


RELATIVE HUMIDITY (PERCENT)
 HIGHEST    90           800 AM
 LOWEST     55           400 AM
 AVERAGE    73

..........................................................


THE JACKSON CLIMATE NORMALS FOR TODAY
                         NORMAL    RECORD    YEAR
 MAXIMUM TEMPERATURE (F)   66        84      2007
                                             1991
 MINIMUM TEMPERATURE (F)   42        16      1955


SUNRISE AND SUNSET
MARCH 26 2017.........SUNRISE   650 AM CDT   SUNSET   713 PM CDT
MARCH 27 2017.........SUNRISE   649 AM CDT   SUNSET   713 PM CDT


-  INDICATES NEGATIVE NUMBERS.
R  INDICATES RECORD WAS SET OR TIED.
MM INDICATES DATA IS MISSING.
T  INDICATES TRACE AMOUNT.




$$
