000
CDUS44 KMEG 222223
CLIMKL


CLIMATE REPORT
NATIONAL WEATHER SERVICE MEMPHIS TN
522 PM CDT THU JUN 22 2017


...................................

...THE JACKSON CLIMATE SUMMARY FOR JUNE 22 2017...
VALID TODAY AS OF 0500 PM LOCAL TIME.

CLIMATE NORMAL PERIOD 1981 TO 2010
CLIMATE RECORD PERIOD 1948 TO 2017


WEATHER ITEM   OBSERVED TIME   RECORD YEAR NORMAL DEPARTURE LAST
                VALUE   (LST)  VALUE       VALUE  FROM      YEAR
                                                  NORMAL
..................................................................
TEMPERATURE (F)
 TODAY
  MAXIMUM         88    214 PM 100    1988  89     -1       95
  MINIMUM         74    703 AM  47    1992  67      7       75
  AVERAGE         81                        78      3       85

PRECIPITATION (IN)
  TODAY            0.01          1.84 1990   0.15  -0.14     0.00
  MONTH TO DATE    0.93                      3.69  -2.76     2.09
  SINCE JUN 1      0.93                      3.69  -2.76     2.09
  SINCE JAN 1     23.58                     27.23  -3.65    27.33

DEGREE DAYS
 HEATING
  TODAY            0                         0      0        0
  MONTH TO DATE    0                         0      0        0
  SINCE JUN 1      0                         0      0        0
  SINCE JUL 1   2520                      3572  -1052     2879

 COOLING
  TODAY           16                        13      3       20
  MONTH TO DATE  258                       232     26      295
  SINCE JUN 1    258                       232     26      295
  SINCE JAN 1    526                       447     79      479
..................................................................


WIND (MPH)
  HIGHEST WIND SPEED    15   HIGHEST WIND DIRECTION     S (180)
  HIGHEST GUST SPEED    22   HIGHEST GUST DIRECTION     S (200)
  AVERAGE WIND SPEED     6.9


SKY COVER
  POSSIBLE SUNSHINE  MM
  AVERAGE SKY COVER 0.7


WEATHER CONDITIONS
 THE FOLLOWING WEATHER WAS RECORDED TODAY.
  LIGHT RAIN
  FOG


RELATIVE HUMIDITY (PERCENT)
 HIGHEST    94           800 AM
 LOWEST     68           300 PM
 AVERAGE    81

..........................................................


THE JACKSON CLIMATE NORMALS FOR TOMORROW
                         NORMAL    RECORD    YEAR
 MAXIMUM TEMPERATURE (F)   89       101      1988
 MINIMUM TEMPERATURE (F)   67        54      1972


SUNRISE AND SUNSET
JUNE 22 2017..........SUNRISE   541 AM CDT   SUNSET   815 PM CDT
JUNE 23 2017..........SUNRISE   541 AM CDT   SUNSET   815 PM CDT


-  INDICATES NEGATIVE NUMBERS.
R  INDICATES RECORD WAS SET OR TIED.
MM INDICATES DATA IS MISSING.
T  INDICATES TRACE AMOUNT.




$$
