180
CDUS44 KMEG 010634
CLIMKL


CLIMATE REPORT
NATIONAL WEATHER SERVICE MEMPHIS TN
134 AM CDT SUN MAY 1 2016


...................................

...THE JACKSON CLIMATE SUMMARY FOR APRIL 30 2016...

CLIMATE NORMAL PERIOD 1981 TO 2010
CLIMATE RECORD PERIOD 1948 TO 2016


WEATHER ITEM   OBSERVED TIME   RECORD YEAR NORMAL DEPARTURE LAST
                VALUE   (LST)  VALUE       VALUE  FROM      YEAR
                                                  NORMAL
..................................................................
TEMPERATURE (F)
 YESTERDAY
  MAXIMUM         73    538 PM  92    1987  76     -3       78
  MINIMUM         62    337 AM  40    2005  53      9       42
                                      1996
                                      1969
  AVERAGE         68                        64      4       60

PRECIPITATION (IN)
  YESTERDAY        0.55          3.20 1983   0.17   0.38     0.00
  MONTH TO DATE    1.84                      4.86  -3.02     4.92
  SINCE MAR 1     14.49                      9.61   4.88    10.00
  SINCE JAN 1     20.11                     17.85   2.26    15.89

SNOWFALL (IN)
  YESTERDAY        0.0          MM      MM   0.0    0.0      0.0
  MONTH TO DATE    0.0                       0.0    0.0      0.0
  SINCE MAR 1      T                         0.4   -0.4      4.4
  SINCE JUL 1      1.5                       4.6   -3.1      5.9
  SNOW DEPTH       0

DEGREE DAYS
 HEATING
  YESTERDAY        0                         3     -3        5
  MONTH TO DATE  134                       197    -63      146
  SINCE MAR 1    447                       642   -195      625
  SINCE JUL 1   2815                      3526   -711     3798

 COOLING
  YESTERDAY        3                         3      0        0
  MONTH TO DATE   38                        48    -10       59
  SINCE MAR 1     44                        58    -14       61
  SINCE JAN 1     44                        59    -15       61
..................................................................


WIND (MPH)
  HIGHEST WIND SPEED    35   HIGHEST WIND DIRECTION     S (180)
  HIGHEST GUST SPEED    47   HIGHEST GUST DIRECTION     S (190)
  AVERAGE WIND SPEED     5.2


SKY COVER
  POSSIBLE SUNSHINE  MM
  AVERAGE SKY COVER 0.5


WEATHER CONDITIONS
 THE FOLLOWING WEATHER WAS RECORDED YESTERDAY.
  THUNDERSTORM
  HEAVY RAIN
  RAIN
  LIGHT RAIN
  FOG


RELATIVE HUMIDITY (PERCENT)
 HIGHEST    93           200 AM
 LOWEST     73           400 PM
 AVERAGE    83

..........................................................


THE JACKSON CLIMATE NORMALS FOR TODAY
                         NORMAL    RECORD    YEAR
 MAXIMUM TEMPERATURE (F)   76        90      1959
                                             1952
                                             1951
 MINIMUM TEMPERATURE (F)   53        35      2005


SUNRISE AND SUNSET
MAY  1 2016...........SUNRISE   603 AM CDT   SUNSET   743 PM CDT
MAY  2 2016...........SUNRISE   602 AM CDT   SUNSET   743 PM CDT


-  INDICATES NEGATIVE NUMBERS.
R  INDICATES RECORD WAS SET OR TIED.
MM INDICATES DATA IS MISSING.
T  INDICATES TRACE AMOUNT.




$$
