000
CDUS44 KMEG 170635
CLIMKL


CLIMATE REPORT
NATIONAL WEATHER SERVICE MEMPHIS TN
134 AM CDT THU AUG 17 2017


...................................

...THE JACKSON CLIMATE SUMMARY FOR AUGUST 16 2017...

CLIMATE NORMAL PERIOD 1981 TO 2010
CLIMATE RECORD PERIOD 1948 TO 2017


WEATHER ITEM   OBSERVED TIME   RECORD YEAR NORMAL DEPARTURE LAST
                VALUE   (LST)  VALUE       VALUE  FROM      YEAR
                                                  NORMAL
..................................................................
TEMPERATURE (F)
 YESTERDAY
  MAXIMUM         90    459 PM 106    2007  91     -1       83
  MINIMUM         71    254 AM  49    2004  67      4       73
  AVERAGE         81                        79      2       78

PRECIPITATION (IN)
  YESTERDAY        0.00          2.05 2012   0.10  -0.10     0.54
  MONTH TO DATE    2.53                      1.70   0.83     1.15
  SINCE JUN 1      8.05                     11.03  -2.98     5.99
  SINCE JAN 1     30.70                     34.57  -3.87    31.23

DEGREE DAYS
 HEATING
  YESTERDAY        0                         0      0        0
  MONTH TO DATE    0                         0      0        0
  SINCE JUN 1      0                         2     -2        0
  SINCE JUL 1      0                         0      0        0

 COOLING
  YESTERDAY       16                        14      2       13
  MONTH TO DATE  193                       224    -31      272
  SINCE JUN 1   1040                      1012     28     1226
  SINCE JAN 1   1308                      1227     81     1410
..................................................................


WIND (MPH)
  HIGHEST WIND SPEED    14   HIGHEST WIND DIRECTION    SW (210)
  HIGHEST GUST SPEED    17   HIGHEST GUST DIRECTION    SW (210)
  AVERAGE WIND SPEED     6.5


SKY COVER
  POSSIBLE SUNSHINE  MM
  AVERAGE SKY COVER 0.4


WEATHER CONDITIONS
 THE FOLLOWING WEATHER WAS RECORDED YESTERDAY.
  FOG


RELATIVE HUMIDITY (PERCENT)
 HIGHEST   100          1200 AM
 LOWEST     64           300 PM
 AVERAGE    82

..........................................................


THE JACKSON CLIMATE NORMALS FOR TODAY
                         NORMAL    RECORD    YEAR
 MAXIMUM TEMPERATURE (F)   91       105      1954
 MINIMUM TEMPERATURE (F)   67        50      2004


SUNRISE AND SUNSET
AUGUST 17 2017........SUNRISE   617 AM CDT   SUNSET   742 PM CDT
AUGUST 18 2017........SUNRISE   617 AM CDT   SUNSET   741 PM CDT


-  INDICATES NEGATIVE NUMBERS.
R  INDICATES RECORD WAS SET OR TIED.
MM INDICATES DATA IS MISSING.
T  INDICATES TRACE AMOUNT.


$$
