000
CDUS44 KMEG 170638
CLIMKL


CLIMATE REPORT
NATIONAL WEATHER SERVICE MEMPHIS TN
138 AM CDT THU APR 17 2014


...................................

...THE JACKSON CLIMATE SUMMARY FOR APRIL 16 2014...

CLIMATE NORMAL PERIOD 1981 TO 2010
CLIMATE RECORD PERIOD 1948 TO 2014


WEATHER ITEM   OBSERVED TIME   RECORD YEAR NORMAL DEPARTURE LAST
                VALUE   (LST)  VALUE       VALUE  FROM      YEAR
                                                  NORMAL
..................................................................
TEMPERATURE (F)
 YESTERDAY
  MAXIMUM         62    512 PM  89    1977  72    -10       84
  MINIMUM         29R   322 AM  29    1983  48    -19       68
  AVERAGE         46                        60    -14       76

PRECIPITATION (IN)
  YESTERDAY        0.00          2.07 1982   0.16  -0.16     0.00
  MONTH TO DATE    2.45                      2.48  -0.03     4.07
  SINCE MAR 1      8.29                      7.23   1.06     7.92
  SINCE JAN 1     16.45                     15.47   0.98    19.86

SNOWFALL (IN)
  YESTERDAY        0.0          MM      MM   0.0    0.0      0.0
  MONTH TO DATE    T                         0.1   -0.1      0.0
  SINCE MAR 1      0.8                       0.5    0.3       T
  SINCE JUL 1      1.3                       4.7   -3.4      1.4
  SNOW DEPTH       0

DEGREE DAYS
 HEATING
  YESTERDAY       19                         6     13        0
  MONTH TO DATE  143                       132     11      132
  SINCE MAR 1    737                       576    161      766
  SINCE JUL 1   4033                      3460    573     3469

 COOLING
  YESTERDAY        0                         2     -2       11
  MONTH TO DATE   31                        18     13       39
  SINCE MAR 1     31                        28      3       39
  SINCE JAN 1     31                        29      2       43
..................................................................


WIND (MPH)
  HIGHEST WIND SPEED    14   HIGHEST WIND DIRECTION     E (70)
  HIGHEST GUST SPEED    18   HIGHEST GUST DIRECTION     E (70)
  AVERAGE WIND SPEED     3.8


SKY COVER
  POSSIBLE SUNSHINE  MM
  AVERAGE SKY COVER 0.0


WEATHER CONDITIONS
 THE FOLLOWING WEATHER WAS RECORDED YESTERDAY.
  NO SIGNIFICANT WEATHER WAS OBSERVED.


RELATIVE HUMIDITY (PERCENT)
 HIGHEST    92           200 AM
 LOWEST     20           400 PM
 AVERAGE    56

..........................................................


THE JACKSON CLIMATE NORMALS FOR TODAY
                         NORMAL    RECORD    YEAR
 MAXIMUM TEMPERATURE (F)   73        91      1955
 MINIMUM TEMPERATURE (F)   48        34      2001
                                             1986


SUNRISE AND SUNSET
APRIL 17 2014.........SUNRISE   620 AM CDT   SUNSET   730 PM CDT
APRIL 18 2014.........SUNRISE   619 AM CDT   SUNSET   731 PM CDT


-  INDICATES NEGATIVE NUMBERS.
R  INDICATES RECORD WAS SET OR TIED.
MM INDICATES DATA IS MISSING.
T  INDICATES TRACE AMOUNT.




$$
