000
CDUS44 KMEG 150758
CLIMKL


CLIMATE REPORT
NATIONAL WEATHER SERVICE MEMPHIS TN
158 AM CST FRI DEC 15 2017


...................................

...THE JACKSON CLIMATE SUMMARY FOR DECEMBER 14 2017...

CLIMATE NORMAL PERIOD 1981 TO 2010
CLIMATE RECORD PERIOD 1948 TO 2017


WEATHER ITEM   OBSERVED TIME   RECORD YEAR NORMAL DEPARTURE LAST
                VALUE   (LST)  VALUE       VALUE  FROM      YEAR
                                                  NORMAL
..................................................................
TEMPERATURE (F)
 YESTERDAY
  MAXIMUM         46    227 PM  77    1984  51     -5       42
  MINIMUM         25   1152 PM  11    2010  31     -6       29
  AVERAGE         36                        41     -5       36

PRECIPITATION (IN)
  YESTERDAY        0.00          2.76 1951   0.18  -0.18     0.00
  MONTH TO DATE    0.89                      2.59  -1.70     1.98
  SINCE DEC 1      0.89                      2.59  -1.70     1.98
  SINCE JAN 1     43.82                     50.51  -6.69    41.53

DEGREE DAYS
 HEATING
  YESTERDAY       29                        24      5       29
  MONTH TO DATE  317                       316      1      346
  SINCE DEC 1    317                       316      1      346
  SINCE JUL 1    918                       983    -65      730

 COOLING
  YESTERDAY        0                         0      0        0
  MONTH TO DATE    0                         0      0        0
  SINCE DEC 1      0                         0      0        0
  SINCE JAN 1   1812                      1697    115     2092
..................................................................


WIND (MPH)
  HIGHEST WIND SPEED    14   HIGHEST WIND DIRECTION     N (360)
  HIGHEST GUST SPEED    18   HIGHEST GUST DIRECTION     N (20)
  AVERAGE WIND SPEED     7.3


SKY COVER
  POSSIBLE SUNSHINE  MM
  AVERAGE SKY COVER 0.1


WEATHER CONDITIONS
 THE FOLLOWING WEATHER WAS RECORDED YESTERDAY.
  NO SIGNIFICANT WEATHER WAS OBSERVED.


RELATIVE HUMIDITY (PERCENT)
 HIGHEST    85          1000 PM
 LOWEST     49          1100 AM
 AVERAGE    67

..........................................................


THE JACKSON CLIMATE NORMALS FOR TODAY
                         NORMAL    RECORD    YEAR
 MAXIMUM TEMPERATURE (F)   50        74      1984
 MINIMUM TEMPERATURE (F)   31         7      1958


SUNRISE AND SUNSET
DECEMBER 15 2017......SUNRISE   658 AM CST   SUNSET   444 PM CST
DECEMBER 16 2017......SUNRISE   659 AM CST   SUNSET   444 PM CST


-  INDICATES NEGATIVE NUMBERS.
R  INDICATES RECORD WAS SET OR TIED.
MM INDICATES DATA IS MISSING.
T  INDICATES TRACE AMOUNT.




$$
