000
CDUS44 KMEG 250645
CLIMKL


CLIMATE REPORT
NATIONAL WEATHER SERVICE MEMPHIS TN
144 AM CDT TUE APR 25 2017


...................................

...THE JACKSON CLIMATE SUMMARY FOR APRIL 24 2017...

CLIMATE NORMAL PERIOD 1981 TO 2010
CLIMATE RECORD PERIOD 1948 TO 2017


WEATHER ITEM   OBSERVED TIME   RECORD YEAR NORMAL DEPARTURE LAST
                VALUE   (LST)  VALUE       VALUE  FROM      YEAR
                                                  NORMAL
..................................................................
TEMPERATURE (F)
 YESTERDAY
  MAXIMUM         72    443 PM  90    1965  75     -3       81
  MINIMUM         49    557 AM  34    2013  51     -2       50
  AVERAGE         61                        62     -1       66

PRECIPITATION (IN)
  YESTERDAY        0.00          1.71 1953   0.17  -0.17     0.00
  MONTH TO DATE    3.14                      3.84  -0.70     1.49
  SINCE MAR 1     10.81                      8.59   2.22    14.14
  SINCE JAN 1     15.64                     16.83  -1.19    19.76

DEGREE DAYS
 HEATING
  YESTERDAY        4                         5     -1        0
  MONTH TO DATE   73                       175   -102      130
  SINCE MAR 1    432                       619   -187      443
  SINCE JUL 1   2472                      3503  -1031     2811

 COOLING
  YESTERDAY        0                         2     -2        1
  MONTH TO DATE   62                        34     28        8
  SINCE MAR 1     75                        44     31       14
  SINCE JAN 1     77                        45     32       14
..................................................................


WIND (MPH)
  HIGHEST WIND SPEED    12   HIGHEST WIND DIRECTION     N (10)
  HIGHEST GUST SPEED    16   HIGHEST GUST DIRECTION     N (20)
  AVERAGE WIND SPEED     5.1


SKY COVER
  POSSIBLE SUNSHINE  MM
  AVERAGE SKY COVER 0.5


WEATHER CONDITIONS
 THE FOLLOWING WEATHER WAS RECORDED YESTERDAY.
  RAIN


RELATIVE HUMIDITY (PERCENT)
 HIGHEST   100          1000 PM
 LOWEST     61           300 PM
 AVERAGE    81

..........................................................


THE JACKSON CLIMATE NORMALS FOR TODAY
                         NORMAL    RECORD    YEAR
 MAXIMUM TEMPERATURE (F)   75        87      2009
                                             1986
                                             1954
 MINIMUM TEMPERATURE (F)   51        32      2013


SUNRISE AND SUNSET
APRIL 25 2017.........SUNRISE   610 AM CDT   SUNSET   737 PM CDT
APRIL 26 2017.........SUNRISE   609 AM CDT   SUNSET   738 PM CDT


-  INDICATES NEGATIVE NUMBERS.
R  INDICATES RECORD WAS SET OR TIED.
MM INDICATES DATA IS MISSING.
T  INDICATES TRACE AMOUNT.




$$
