000
CDUS44 KMEG 202151
CLIMKL


CLIMATE REPORT
NATIONAL WEATHER SERVICE MEMPHIS TN
451 PM CDT FRI OCT 20 2017


...................................

...THE JACKSON CLIMATE SUMMARY FOR OCTOBER 20 2017...
VALID TODAY AS OF 0400 PM LOCAL TIME.

CLIMATE NORMAL PERIOD 1981 TO 2010
CLIMATE RECORD PERIOD 1948 TO 2017


WEATHER ITEM   OBSERVED TIME   RECORD YEAR NORMAL DEPARTURE LAST
                VALUE   (LST)  VALUE       VALUE  FROM      YEAR
                                                  NORMAL
..................................................................
TEMPERATURE (F)
 TODAY
  MAXIMUM         77    209 PM  89    1953  72      5       81
  MINIMUM         42    615 AM  32    1999  47     -5       55
                                      1989
  AVERAGE         60                        59      1       68

PRECIPITATION (IN)
  TODAY            0.00          1.64 1985   0.12  -0.12     0.15
  MONTH TO DATE    1.51                      2.41  -0.90     1.15
  SINCE SEP 1      3.37                      5.79  -2.42     2.84
  SINCE JAN 1     38.40                     41.66  -3.26    36.71

DEGREE DAYS
 HEATING
  TODAY            5                         7     -2        0
  MONTH TO DATE   51                        95    -44       15
  SINCE SEP 1     58                       121    -63       20
  SINCE JUL 1     58                       121    -63       20

 COOLING
  TODAY            0                         1     -1        3
  MONTH TO DATE   87                        38     49       97
  SINCE SEP 1    307                       258     49      419
  SINCE JAN 1   1787                      1681    106     2048
..................................................................


WIND (MPH)
  HIGHEST WIND SPEED     8   HIGHEST WIND DIRECTION     E (110)
  HIGHEST GUST SPEED    12   HIGHEST GUST DIRECTION     S (160)
  AVERAGE WIND SPEED     1.8


SKY COVER
  POSSIBLE SUNSHINE  MM
  AVERAGE SKY COVER 0.0


WEATHER CONDITIONS
 THE FOLLOWING WEATHER WAS RECORDED TODAY.
  FOG


RELATIVE HUMIDITY (PERCENT)
 HIGHEST   100          1200 AM
 LOWEST     41           200 PM
 AVERAGE    71

..........................................................


THE JACKSON CLIMATE NORMALS FOR TOMORROW
                         NORMAL    RECORD    YEAR
 MAXIMUM TEMPERATURE (F)   72        89      1963
                                             1953
 MINIMUM TEMPERATURE (F)   46        28      1952


SUNRISE AND SUNSET
OCTOBER 20 2017.......SUNRISE   707 AM CDT   SUNSET   614 PM CDT
OCTOBER 21 2017.......SUNRISE   708 AM CDT   SUNSET   612 PM CDT


-  INDICATES NEGATIVE NUMBERS.
R  INDICATES RECORD WAS SET OR TIED.
MM INDICATES DATA IS MISSING.
T  INDICATES TRACE AMOUNT.




$$
