000
CDUS44 KMEG 200739
CLIMKL


CLIMATE REPORT
NATIONAL WEATHER SERVICE MEMPHIS TN
139 AM CST FRI JAN 20 2017


...................................

...THE JACKSON CLIMATE SUMMARY FOR JANUARY 19 2017...

CLIMATE NORMAL PERIOD 1981 TO 2010
CLIMATE RECORD PERIOD 1948 TO 2017


WEATHER ITEM   OBSERVED TIME   RECORD YEAR NORMAL DEPARTURE LAST
                VALUE   (LST)  VALUE       VALUE  FROM      YEAR
                                                  NORMAL
..................................................................
TEMPERATURE (F)
 YESTERDAY
  MAXIMUM         63    246 PM  72    1951  48     15       31
  MINIMUM         50    427 AM   2    1984  28     22       13
                                      1977
  AVERAGE         57                        38     19       22

PRECIPITATION (IN)
  YESTERDAY        0.78          2.96 1988   0.13   0.65      T
  MONTH TO DATE    2.74                      2.42   0.32     1.45
  SINCE DEC 1      9.92                      7.77   2.15     6.60
  SINCE JAN 1      2.74                      2.42   0.32     1.45

DEGREE DAYS
 HEATING
  YESTERDAY        8                        27    -19       43
  MONTH TO DATE  378                       513   -135      552
  SINCE DEC 1   1090                      1264   -174      995
  SINCE JUL 1   1474                      1931   -457     1470

 COOLING
  YESTERDAY        0                         0      0        0
  MONTH TO DATE    0                         0      0        0
  SINCE DEC 1      2                         1      1        9
  SINCE JAN 1      0                         0      0        0
..................................................................


WIND (MPH)
  HIGHEST WIND SPEED    13   HIGHEST WIND DIRECTION    SW (220)
  HIGHEST GUST SPEED    18   HIGHEST GUST DIRECTION    SW (230)
  AVERAGE WIND SPEED     5.6


SKY COVER
  POSSIBLE SUNSHINE  MM
  AVERAGE SKY COVER 0.9


WEATHER CONDITIONS
 THE FOLLOWING WEATHER WAS RECORDED YESTERDAY.
  THUNDERSTORM
  HEAVY RAIN
  RAIN
  LIGHT RAIN
  FOG
  HAZE


RELATIVE HUMIDITY (PERCENT)
 HIGHEST   100           600 AM
 LOWEST     90           800 PM
 AVERAGE    95

..........................................................


THE JACKSON CLIMATE NORMALS FOR TODAY
                         NORMAL    RECORD    YEAR
 MAXIMUM TEMPERATURE (F)   48        70      1951
 MINIMUM TEMPERATURE (F)   28       -10      1985


SUNRISE AND SUNSET
JANUARY 20 2017.......SUNRISE   703 AM CST   SUNSET   511 PM CST
JANUARY 21 2017.......SUNRISE   702 AM CST   SUNSET   512 PM CST


-  INDICATES NEGATIVE NUMBERS.
R  INDICATES RECORD WAS SET OR TIED.
MM INDICATES DATA IS MISSING.
T  INDICATES TRACE AMOUNT.




$$
