000
CDUS44 KMEG 250737
CLIMKL


CLIMATE REPORT
NATIONAL WEATHER SERVICE MEMPHIS TN
137 AM CST SAT FEB 25 2017


...................................

...THE JACKSON CLIMATE SUMMARY FOR FEBRUARY 24 2017...

CLIMATE NORMAL PERIOD 1981 TO 2010
CLIMATE RECORD PERIOD 1948 TO 2017


WEATHER ITEM   OBSERVED TIME   RECORD YEAR NORMAL DEPARTURE LAST
                VALUE   (LST)  VALUE       VALUE  FROM      YEAR
                                                  NORMAL
..................................................................
TEMPERATURE (F)
 YESTERDAY
  MAXIMUM         76R  1234 PM  76    2000  56     20       50
                                      1957
  MINIMUM         51   1159 PM  16    1967  34     17       37
  AVERAGE         64                        45     19       44

PRECIPITATION (IN)
  YESTERDAY        0.00          1.56 1965   0.15  -0.15     0.27
  MONTH TO DATE    1.53                      3.59  -2.06     3.58
  SINCE DEC 1     11.63                     13.01  -1.38    10.77
  SINCE JAN 1      4.45                      7.66  -3.21     5.62

DEGREE DAYS
 HEATING
  YESTERDAY        1                        20    -19       21
  MONTH TO DATE  307                       557   -250      510
  SINCE DEC 1   1597                      2139   -542     1800
  SINCE JUL 1   1981                      2806   -825     2275

 COOLING
  YESTERDAY        0                         0      0        0
  MONTH TO DATE    2                         0      2        0
  SINCE DEC 1      4                         1      3        9
  SINCE JAN 1      2                         0      2        0
..................................................................


WIND (MPH)
  HIGHEST WIND SPEED    28   HIGHEST WIND DIRECTION     W (250)
  HIGHEST GUST SPEED    34   HIGHEST GUST DIRECTION     W (250)
  AVERAGE WIND SPEED    13.9


SKY COVER
  POSSIBLE SUNSHINE  MM
  AVERAGE SKY COVER 0.3


WEATHER CONDITIONS
 THE FOLLOWING WEATHER WAS RECORDED YESTERDAY.
  NO SIGNIFICANT WEATHER WAS OBSERVED.


RELATIVE HUMIDITY (PERCENT)
 HIGHEST    90           700 AM
 LOWEST     46          1100 AM
 AVERAGE    68

..........................................................


THE JACKSON CLIMATE NORMALS FOR TODAY
                         NORMAL    RECORD    YEAR
 MAXIMUM TEMPERATURE (F)   56        79      1981
 MINIMUM TEMPERATURE (F)   34         9      1967


SUNRISE AND SUNSET
FEBRUARY 25 2017......SUNRISE   630 AM CST   SUNSET   547 PM CST
FEBRUARY 26 2017......SUNRISE   629 AM CST   SUNSET   548 PM CST


-  INDICATES NEGATIVE NUMBERS.
R  INDICATES RECORD WAS SET OR TIED.
MM INDICATES DATA IS MISSING.
T  INDICATES TRACE AMOUNT.




$$
