000
CDUS42 KMLB 250627
CLIMLB


CLIMATE REPORT
NATIONAL WEATHER SERVICE MELBOURNE FL
226 AM EDT THU AUG 25 2016


...................................

...THE MELBOURNE CLIMATE SUMMARY FOR AUGUST 24 2016...

CLIMATE NORMAL PERIOD 1981 TO 2010
CLIMATE RECORD PERIOD 1939 TO 2016


WEATHER ITEM   OBSERVED TIME   RECORD YEAR NORMAL DEPARTURE LAST
                VALUE   (LST)  VALUE       VALUE  FROM      YEAR
                                                  NORMAL
..................................................................
TEMPERATURE (F)
 YESTERDAY
  MAXIMUM         90    247 PM  95    2014  90      0       93
                                      1960
                                      1942
  MINIMUM         80    700 AM  65    1957  73      7       74
  AVERAGE         85                        82      3       84

PRECIPITATION (IN)
  YESTERDAY        0.16          2.22 1953   0.25  -0.09     0.00
  MONTH TO DATE    3.05                      5.93  -2.88     5.45
  SINCE JUN 1     13.05                     18.60  -5.55    22.36
  SINCE JAN 1     35.02                     32.10   2.92    35.21

SNOWFALL (IN)
  YESTERDAY        0.0
  MONTH TO DATE    0.0
  SINCE JUL 1      0.0

DEGREE DAYS
 HEATING
  YESTERDAY        0                         0      0        0
  MONTH TO DATE    0                         0      0        0
  SINCE JUN 1      0                         0      0        0
  SINCE JUL 1      0                         0      0        0

 COOLING
  YESTERDAY       20                        17      3       19
  MONTH TO DATE  464                       408     56      422
  SINCE JUN 1   1585                      1386    199     1433
  SINCE JAN 1   2518                      2112    406     2545
..................................................................


WIND (MPH)
  HIGHEST WIND SPEED    20   HIGHEST WIND DIRECTION    NE (40)
  HIGHEST GUST SPEED    25   HIGHEST GUST DIRECTION    NE (30)
  AVERAGE WIND SPEED    11.1


SKY COVER
  AVERAGE SKY COVER 0.5


WEATHER CONDITIONS
 THE FOLLOWING WEATHER WAS RECORDED YESTERDAY.
  THUNDERSTORM
  HEAVY RAIN
  RAIN
  LIGHT RAIN
  FOG
  HAZE


RELATIVE HUMIDITY (PERCENT)
 HIGHEST    94          1200 AM
 LOWEST     68           300 PM
 AVERAGE    81

..........................................................


THE MELBOURNE CLIMATE NORMALS FOR TODAY
                         NORMAL    RECORD    YEAR
 MAXIMUM TEMPERATURE (F)   90        95      1941
                                             1938
 MINIMUM TEMPERATURE (F)   73        67      1996


SUNRISE AND SUNSET
AUGUST 25 2016........SUNRISE   658 AM EDT   SUNSET   751 PM EDT
AUGUST 26 2016........SUNRISE   658 AM EDT   SUNSET   750 PM EDT


-  INDICATES NEGATIVE NUMBERS.
R  INDICATES RECORD WAS SET OR TIED.
MM INDICATES DATA IS MISSING.
T  INDICATES TRACE AMOUNT.




$$
