000
CDUS42 KMLB 312025
CLIMLB


CLIMATE REPORT
NATIONAL WEATHER SERVICE MELBOURNE FL
424 PM EDT TUE MAY 31 2016


...................................

...THE MELBOURNE CLIMATE SUMMARY FOR MAY 31 2016...
VALID TODAY AS OF 0400 PM LOCAL TIME.

CLIMATE NORMAL PERIOD 1981 TO 2010
CLIMATE RECORD PERIOD 1939 TO 2016


WEATHER ITEM   OBSERVED TIME   RECORD YEAR NORMAL DEPARTURE LAST
                VALUE   (LST)  VALUE       VALUE  FROM      YEAR
                                                  NORMAL
..................................................................
TEMPERATURE (F)
 TODAY
  MAXIMUM         88    224 PM  99    2004  88      0       85
  MINIMUM         71    459 AM  58    1971  70      1       71
  AVERAGE         80                        79      1       78

PRECIPITATION (IN)
  TODAY            0.00          1.54 1983   0.16  -0.16     1.17
  MONTH TO DATE    7.69                      3.29   4.40     2.57
  SINCE MAR 1     12.11                      8.70   3.41     6.74
  SINCE JAN 1     21.97                     13.50   8.47    12.85

SNOWFALL (IN)
  TODAY            0.0
  MONTH TO DATE    0.0
  SINCE JUL 1      0.0

DEGREE DAYS
 HEATING
  TODAY            0                         0      0        0
  MONTH TO DATE    0                         0      0        0
  SINCE MAR 1     20                        88    -68       14
  SINCE JUL 1    341                       577   -236      424

 COOLING
  TODAY           15                        14      1       13
  MONTH TO DATE  373                       351     22      403
  SINCE MAR 1    843                       628    215     1014
  SINCE JAN 1    933                       726    207     1112
..................................................................


WIND (MPH)
  HIGHEST WIND SPEED    12   HIGHEST WIND DIRECTION    SE (120)
  HIGHEST GUST SPEED    16   HIGHEST GUST DIRECTION     E (110)
  AVERAGE WIND SPEED     5.1


SKY COVER
  AVERAGE SKY COVER 0.1


WEATHER CONDITIONS
 THE FOLLOWING WEATHER WAS RECORDED TODAY.
  NO SIGNIFICANT WEATHER WAS OBSERVED.


RELATIVE HUMIDITY (PERCENT)
 HIGHEST    94           700 AM
 LOWEST     53          1100 AM
 AVERAGE    74

..........................................................


THE MELBOURNE CLIMATE NORMALS FOR TOMORROW
                         NORMAL    RECORD    YEAR
 MAXIMUM TEMPERATURE (F)   88        96      1998
                                             1985
 MINIMUM TEMPERATURE (F)   70        59      1984


SUNRISE AND SUNSET
MAY 31 2016...........SUNRISE   626 AM EDT   SUNSET   815 PM EDT
JUNE  1 2016..........SUNRISE   626 AM EDT   SUNSET   815 PM EDT


-  INDICATES NEGATIVE NUMBERS.
R  INDICATES RECORD WAS SET OR TIED.
MM INDICATES DATA IS MISSING.
T  INDICATES TRACE AMOUNT.




$$
