000
CDUS42 KMLB 292015
CLIMLB


CLIMATE REPORT
NATIONAL WEATHER SERVICE MELBOURNE FL
415 PM EDT WED MAR 29 2017


...................................

...THE MELBOURNE CLIMATE SUMMARY FOR MARCH 29 2017...
VALID TODAY AS OF 0400 PM LOCAL TIME.

CLIMATE NORMAL PERIOD 1981 TO 2010
CLIMATE RECORD PERIOD 1939 TO 2017


WEATHER ITEM   OBSERVED TIME   RECORD YEAR NORMAL DEPARTURE LAST
                VALUE   (LST)  VALUE       VALUE  FROM      YEAR
                                                  NORMAL
..................................................................
TEMPERATURE (F)
 TODAY
  MAXIMUM         86    141 PM  90    1974  78      8       80
                                      1961
  MINIMUM         61    629 AM  43    1983  57      4       67
                                      1955
  AVERAGE         74                        68      6       74

PRECIPITATION (IN)
  TODAY            0.00          1.89 2010   0.09  -0.09     0.49
  MONTH TO DATE    0.41                      3.07  -2.66     2.90
  SINCE MAR 1      0.41                      3.07  -2.66     2.90
  SINCE JAN 1      5.30                      7.87  -2.57    12.76

SNOWFALL (IN)
  TODAY            0.0
  MONTH TO DATE    0.0
  SINCE JUL 1      0.0

DEGREE DAYS
 HEATING
  TODAY            0                         1     -1        0
  MONTH TO DATE   39                        68    -29       17
  SINCE MAR 1     39                        68    -29       17
  SINCE JUL 1    217                       557   -340      338

 COOLING
  TODAY            9                         4      5        9
  MONTH TO DATE  160                        91     69      214
  SINCE MAR 1    160                        91     69      214
  SINCE JAN 1    338                       189    149      304
..................................................................


WIND (MPH)
  HIGHEST WIND SPEED    14   HIGHEST WIND DIRECTION     W (290)
  HIGHEST GUST SPEED    18   HIGHEST GUST DIRECTION     E (90)
  AVERAGE WIND SPEED     6.2


SKY COVER
  AVERAGE SKY COVER 0.1


WEATHER CONDITIONS
 THE FOLLOWING WEATHER WAS RECORDED TODAY.
  NO SIGNIFICANT WEATHER WAS OBSERVED.


RELATIVE HUMIDITY (PERCENT)
 HIGHEST    93           200 AM
 LOWEST     43          1100 AM
 AVERAGE    68

..........................................................


THE MELBOURNE CLIMATE NORMALS FOR TOMORROW
                         NORMAL    RECORD    YEAR
 MAXIMUM TEMPERATURE (F)   79        92      1975
                                             1961
 MINIMUM TEMPERATURE (F)   57        44      1941


SUNRISE AND SUNSET
MARCH 29 2017.........SUNRISE   716 AM EDT   SUNSET   739 PM EDT
MARCH 30 2017.........SUNRISE   715 AM EDT   SUNSET   739 PM EDT


-  INDICATES NEGATIVE NUMBERS.
R  INDICATES RECORD WAS SET OR TIED.
MM INDICATES DATA IS MISSING.
T  INDICATES TRACE AMOUNT.




$$
