000
CDUS42 KMLB 292020
CLIMLB


CLIMATE REPORT
NATIONAL WEATHER SERVICE MELBOURNE FL
419 PM EDT THU SEP 29 2016


...................................

...THE MELBOURNE CLIMATE SUMMARY FOR SEPTEMBER 29 2016...
VALID TODAY AS OF 0400 PM LOCAL TIME.

CLIMATE NORMAL PERIOD 1981 TO 2010
CLIMATE RECORD PERIOD 1939 TO 2016


WEATHER ITEM   OBSERVED TIME   RECORD YEAR NORMAL DEPARTURE LAST
                VALUE   (LST)  VALUE       VALUE  FROM      YEAR
                                                  NORMAL
..................................................................
TEMPERATURE (F)
 TODAY
  MAXIMUM         90    126 PM  95    1980  87      3       87
  MINIMUM         72    446 AM  61    2006  72      0       75
  AVERAGE         81                        79      2       81

PRECIPITATION (IN)
  TODAY            0.02          5.07 1970   0.26  -0.24     0.19
  MONTH TO DATE   13.59                      7.39   6.20     5.22
  SINCE SEP 1     13.59                      7.39   6.20     5.22
  SINCE JAN 1     52.15                     41.24  10.91    44.34

SNOWFALL (IN)
  TODAY            0.0
  MONTH TO DATE    0.0
  SINCE JUL 1      0.0

DEGREE DAYS
 HEATING
  TODAY            0                         0      0        0
  MONTH TO DATE    0                         0      0        0
  SINCE SEP 1      0                         0      0        0
  SINCE JUL 1      0                         0      0        0

 COOLING
  TODAY           16                        14      2       16
  MONTH TO DATE  495                       452     43      473
  SINCE SEP 1    495                       452     43      473
  SINCE JAN 1   3143                      2678    465     3132
..................................................................


WIND (MPH)
  HIGHEST WIND SPEED    20   HIGHEST WIND DIRECTION    SW (220)
  HIGHEST GUST SPEED    24   HIGHEST GUST DIRECTION     S (200)
  AVERAGE WIND SPEED     7.0


SKY COVER
  AVERAGE SKY COVER 0.2


WEATHER CONDITIONS
 THE FOLLOWING WEATHER WAS RECORDED TODAY.
  THUNDERSTORM
  LIGHT RAIN
  FOG


RELATIVE HUMIDITY (PERCENT)
 HIGHEST   100           100 AM
 LOWEST     59           100 PM
 AVERAGE    80

..........................................................


THE MELBOURNE CLIMATE NORMALS FOR TOMORROW
                         NORMAL    RECORD    YEAR
 MAXIMUM TEMPERATURE (F)   87        93      1980
 MINIMUM TEMPERATURE (F)   72        62      1963


SUNRISE AND SUNSET
SEPTEMBER 29 2016.....SUNRISE   715 AM EDT   SUNSET   710 PM EDT
SEPTEMBER 30 2016.....SUNRISE   715 AM EDT   SUNSET   709 PM EDT


-  INDICATES NEGATIVE NUMBERS.
R  INDICATES RECORD WAS SET OR TIED.
MM INDICATES DATA IS MISSING.
T  INDICATES TRACE AMOUNT.




$$
