000
CDUS42 KMLB 030629
CLIMLB


CLIMATE REPORT
NATIONAL WEATHER SERVICE MELBOURNE FL
229 AM EDT TUE MAY 3 2016


...................................

...THE MELBOURNE CLIMATE SUMMARY FOR MAY 2 2016...

CLIMATE NORMAL PERIOD 1981 TO 2010
CLIMATE RECORD PERIOD 1939 TO 2016


WEATHER ITEM   OBSERVED TIME   RECORD YEAR NORMAL DEPARTURE LAST
                VALUE   (LST)  VALUE       VALUE  FROM      YEAR
                                                  NORMAL
..................................................................
TEMPERATURE (F)
 YESTERDAY
  MAXIMUM         85   1104 AM  95    2002  83      2       80
  MINIMUM         73    617 AM  51    1999  64      9       61
  AVERAGE         79                        74      5       71

PRECIPITATION (IN)
  YESTERDAY        0.24          1.30 1960   0.06   0.18     0.00
  MONTH TO DATE    0.24                      0.12   0.12     0.00
  SINCE MAR 1      4.66                      5.53  -0.87     4.17
  SINCE JAN 1     14.52                     10.33   4.19    10.28

SNOWFALL (IN)
  YESTERDAY        0.0
  MONTH TO DATE    0.0
  SINCE JUL 1      0.0

DEGREE DAYS
 HEATING
  YESTERDAY        0                         0      0        0
  MONTH TO DATE    0                         0      0        0
  SINCE MAR 1     20                        87    -67       14
  SINCE JUL 1    341                       576   -235      424

 COOLING
  YESTERDAY       14                         9      5        6
  MONTH TO DATE   30                        17     13       13
  SINCE MAR 1    500                       294    206      624
  SINCE JAN 1    590                       392    198      722
..................................................................


WIND (MPH)
  HIGHEST WIND SPEED    23   HIGHEST WIND DIRECTION    SE (150)
  HIGHEST GUST SPEED    27   HIGHEST GUST DIRECTION    SE (130)
  AVERAGE WIND SPEED    12.1


SKY COVER
  AVERAGE SKY COVER 0.4


WEATHER CONDITIONS
 THE FOLLOWING WEATHER WAS RECORDED YESTERDAY.
  THUNDERSTORM
  HEAVY RAIN
  RAIN
  LIGHT RAIN
  FOG


RELATIVE HUMIDITY (PERCENT)
 HIGHEST    88          1100 PM
 LOWEST     61          1100 AM
 AVERAGE    75

..........................................................


THE MELBOURNE CLIMATE NORMALS FOR TODAY
                         NORMAL    RECORD    YEAR
 MAXIMUM TEMPERATURE (F)   84        93      1997
 MINIMUM TEMPERATURE (F)   64        54      2006


SUNRISE AND SUNSET
MAY  3 2016...........SUNRISE   641 AM EDT   SUNSET   759 PM EDT
MAY  4 2016...........SUNRISE   640 AM EDT   SUNSET   759 PM EDT


-  INDICATES NEGATIVE NUMBERS.
R  INDICATES RECORD WAS SET OR TIED.
MM INDICATES DATA IS MISSING.
T  INDICATES TRACE AMOUNT.




$$
