438
CDUS42 KMLB 230629
CLIMLB


CLIMATE REPORT
NATIONAL WEATHER SERVICE MELBOURNE FL
129 AM EST MON JAN 23 2017


...................................

...THE MELBOURNE CLIMATE SUMMARY FOR JANUARY 22 2017...

CLIMATE NORMAL PERIOD 1981 TO 2010
CLIMATE RECORD PERIOD 1939 TO 2017


WEATHER ITEM   OBSERVED TIME   RECORD YEAR NORMAL DEPARTURE LAST
                VALUE   (LST)  VALUE       VALUE  FROM      YEAR
                                                  NORMAL
..................................................................
TEMPERATURE (F)
 YESTERDAY
  MAXIMUM         87R   301 PM  86    2007  72     15       70
  MINIMUM         64   1159 PM  22    1985  49     15       55
  AVERAGE         76                        60     16       63

PRECIPITATION (IN)
  YESTERDAY        0.63          2.12 1989   0.08   0.55     0.26
  MONTH TO DATE    1.19                      1.56  -0.37     5.92
  SINCE DEC 1      1.51                      4.13  -2.62     9.61
  SINCE JAN 1      1.19                      1.56  -0.37     5.92

SNOWFALL (IN)
  YESTERDAY        0.0
  MONTH TO DATE    0.0
  SINCE JUL 1      0.0

DEGREE DAYS
 HEATING
  YESTERDAY        0                         6     -6        2
  MONTH TO DATE   39                       132    -93      104
  SINCE DEC 1     67                       269   -202      111
  SINCE JUL 1     86                       311   -225      116

 COOLING
  YESTERDAY       11                         1     10        0
  MONTH TO DATE   71                        25     46       31
  SINCE DEC 1    247                       101    146      315
  SINCE JAN 1     71                        25     46       31
..................................................................


WIND (MPH)
  HIGHEST WIND SPEED    31   HIGHEST WIND DIRECTION    SW (230)
  HIGHEST GUST SPEED    42   HIGHEST GUST DIRECTION     S (200)
  AVERAGE WIND SPEED    17.2


SKY COVER
  AVERAGE SKY COVER 0.5


WEATHER CONDITIONS
 THE FOLLOWING WEATHER WAS RECORDED YESTERDAY.
  THUNDERSTORM
  HEAVY RAIN
  RAIN
  LIGHT RAIN
  FOG


RELATIVE HUMIDITY (PERCENT)
 HIGHEST    97           800 AM
 LOWEST     51           400 PM
 AVERAGE    74

..........................................................


THE MELBOURNE CLIMATE NORMALS FOR TODAY
                         NORMAL    RECORD    YEAR
 MAXIMUM TEMPERATURE (F)   72        84      1982
 MINIMUM TEMPERATURE (F)   49        28      1985
                                             1961


SUNRISE AND SUNSET
JANUARY 23 2017.......SUNRISE   714 AM EST   SUNSET   556 PM EST
JANUARY 24 2017.......SUNRISE   713 AM EST   SUNSET   557 PM EST


-  INDICATES NEGATIVE NUMBERS.
R  INDICATES RECORD WAS SET OR TIED.
MM INDICATES DATA IS MISSING.
T  INDICATES TRACE AMOUNT.




$$
