941
CDUS42 KMLB 110627
CLIMLB


CLIMATE REPORT
NATIONAL WEATHER SERVICE MELBOURNE FL
126 AM EST THU FEB 11 2016


...................................

...THE MELBOURNE CLIMATE SUMMARY FOR FEBRUARY 10 2016...

CLIMATE NORMAL PERIOD 1981 TO 2010
CLIMATE RECORD PERIOD 1939 TO 2016


WEATHER ITEM   OBSERVED TIME   RECORD YEAR NORMAL DEPARTURE LAST
                VALUE   (LST)  VALUE       VALUE  FROM      YEAR
                                                  NORMAL
..................................................................
TEMPERATURE (F)
 YESTERDAY
  MAXIMUM         62    419 PM  86    1986  73    -11       69
                                      1959
  MINIMUM         40   1159 PM  33    1971  51    -11       56
                                      1970
  AVERAGE         51                        62    -11       63

PRECIPITATION (IN)
  YESTERDAY        0.00          0.61 1983   0.09  -0.09      T
  MONTH TO DATE    1.31                      0.87   0.44     2.27
  SINCE DEC 1     12.83                      5.71   7.12     6.37
  SINCE JAN 1      9.14                      3.14   6.00     4.75

SNOWFALL (IN)
  YESTERDAY        0.0
  MONTH TO DATE    0.0
  SINCE JUL 1      0.0

DEGREE DAYS
 HEATING
  YESTERDAY       14                         5      9        2
  MONTH TO DATE   62                        50     12       35
  SINCE DEC 1    240                       377   -137      238
  SINCE JUL 1    245                       419   -174      303

 COOLING
  YESTERDAY        0                         2     -2        0
  MONTH TO DATE   33                        20     13        3
  SINCE DEC 1    353                       140    213      201
  SINCE JAN 1     69                        64      5       70
..................................................................


WIND (MPH)
  HIGHEST WIND SPEED    24   HIGHEST WIND DIRECTION     W (290)
  HIGHEST GUST SPEED    31   HIGHEST GUST DIRECTION     W (280)
  AVERAGE WIND SPEED    11.7


SKY COVER
  AVERAGE SKY COVER 0.2


WEATHER CONDITIONS
 THE FOLLOWING WEATHER WAS RECORDED YESTERDAY.
  NO SIGNIFICANT WEATHER WAS OBSERVED.


RELATIVE HUMIDITY (PERCENT)
 HIGHEST    71          1200 AM
 LOWEST     30          1100 AM
 AVERAGE    51

..........................................................


THE MELBOURNE CLIMATE NORMALS FOR TODAY
                         NORMAL    RECORD    YEAR
 MAXIMUM TEMPERATURE (F)   73        90      1939
 MINIMUM TEMPERATURE (F)   51        32      1973
                                             1970


SUNRISE AND SUNSET
FEBRUARY 11 2016......SUNRISE   704 AM EST   SUNSET   610 PM EST
FEBRUARY 12 2016......SUNRISE   703 AM EST   SUNSET   611 PM EST


-  INDICATES NEGATIVE NUMBERS.
R  INDICATES RECORD WAS SET OR TIED.
MM INDICATES DATA IS MISSING.
T  INDICATES TRACE AMOUNT.




$$
