000
CDUS42 KMLB 182122
CLIMLB


CLIMATE REPORT
NATIONAL WEATHER SERVICE MELBOURNE FL
422 PM EST SUN FEB 18 2018


...................................

...THE MELBOURNE CLIMATE SUMMARY FOR FEBRUARY 18 2018...
VALID TODAY AS OF 0400 PM LOCAL TIME.

CLIMATE NORMAL PERIOD 1981 TO 2010
CLIMATE RECORD PERIOD 1939 TO 2018


WEATHER ITEM   OBSERVED TIME   RECORD YEAR NORMAL DEPARTURE LAST
                VALUE   (LST)  VALUE       VALUE  FROM      YEAR
                                                  NORMAL
..................................................................
TEMPERATURE (F)
 TODAY
  MAXIMUM         84   1213 PM  88    2008  74     10       83
  MINIMUM         60    721 AM  30    1996  52      8       57
                                      1977
                                      1958
  AVERAGE         72                        63      9       70

PRECIPITATION (IN)
  TODAY            0.00          0.96 1942   0.08  -0.08     0.00
  MONTH TO DATE    0.21                      1.59  -1.38     0.93
  SINCE DEC 1      4.21                      6.43  -2.22     2.71
  SINCE JAN 1      3.14                      3.86  -0.72     2.39

SNOWFALL (IN)
  TODAY            0.0
  MONTH TO DATE    0.0
  SINCE JUL 1      0.0

DEGREE DAYS
 HEATING
  TODAY            0                         4     -4        0
  MONTH TO DATE    4                        84    -80       30
  SINCE DEC 1    240                       411   -171      159
  SINCE JUL 1    253                       453   -200      178

 COOLING
  TODAY            7                         2      5        5
  MONTH TO DATE  131                        36     95       48
  SINCE DEC 1    353                       156    197      302
  SINCE JAN 1    210                        80    130      126
..................................................................


WIND (MPH)
  HIGHEST WIND SPEED    17   HIGHEST WIND DIRECTION    NE (40)
  HIGHEST GUST SPEED    20   HIGHEST GUST DIRECTION    NE (60)
  AVERAGE WIND SPEED     6.2


SKY COVER
  AVERAGE SKY COVER 0.1


WEATHER CONDITIONS
 THE FOLLOWING WEATHER WAS RECORDED TODAY.
  NO SIGNIFICANT WEATHER WAS OBSERVED.


RELATIVE HUMIDITY (PERCENT)
 HIGHEST    90           700 AM
 LOWEST     42          1100 AM
 AVERAGE    66

..........................................................


THE MELBOURNE CLIMATE NORMALS FOR TOMORROW
                         NORMAL    RECORD    YEAR
 MAXIMUM TEMPERATURE (F)   74        88      1975
 MINIMUM TEMPERATURE (F)   52        33      1958


SUNRISE AND SUNSET
FEBRUARY 18 2018......SUNRISE   658 AM EST   SUNSET   616 PM EST
FEBRUARY 19 2018......SUNRISE   657 AM EST   SUNSET   616 PM EST


-  INDICATES NEGATIVE NUMBERS.
R  INDICATES RECORD WAS SET OR TIED.
MM INDICATES DATA IS MISSING.
T  INDICATES TRACE AMOUNT.




$$
