000
CDUS43 KDVN 240906
CLIMLI


CLIMATE REPORT
NATIONAL WEATHER SERVICE QUAD CITIES IA IL
405 AM CDT FRI MAR 24 2017


...................................

...THE MOLINE IL CLIMATE SUMMARY FOR MARCH 23 2017...

CLIMATE NORMAL PERIOD 1981 TO 2010
CLIMATE RECORD PERIOD 1872 TO 2017


WEATHER ITEM   OBSERVED TIME   RECORD YEAR NORMAL DEPARTURE LAST
                VALUE   (LST)  VALUE       VALUE  FROM      YEAR
                                                  NORMAL
..................................................................
TEMPERATURE (F)
 YESTERDAY
  MAXIMUM         49   1159 PM  84    1910  52     -3       50
  MINIMUM         33    428 AM   6    1960  32      1       40
  AVERAGE         41                        42     -1       45

PRECIPITATION (IN)
  YESTERDAY        0.00          0.82 2007   0.09  -0.09     0.30
                                      1913
  MONTH TO DATE    1.05                      2.08  -1.03     1.61
  SINCE MAR 1      1.05                      2.08  -1.03     1.61
  SINCE JAN 1      3.46                      5.17  -1.71     2.94

SNOWFALL (IN)
  YESTERDAY        0.0          MM      MM   0.1   -0.1      0.0
  MONTH TO DATE    5.9                       3.3    2.6      0.6
  SINCE MAR 1      5.9                       3.3    2.6      0.6
  SINCE JUL 1     22.4                      30.0   -7.6     21.8
  SNOW DEPTH       0

DEGREE DAYS
 HEATING
  YESTERDAY       24                        23      1       20
  MONTH TO DATE  614                       637    -23      447
  SINCE MAR 1    614                       637    -23      447
  SINCE JUL 1   4417                      5435  -1018     4436

 COOLING
  YESTERDAY        0                         0      0        0
  MONTH TO DATE    0                         0      0        3
  SINCE MAR 1      0                         0      0        3
  SINCE JAN 1      0                         0      0        3
..................................................................


WIND (MPH)
  HIGHEST WIND SPEED    24   HIGHEST WIND DIRECTION    SE (120)
  HIGHEST GUST SPEED    30   HIGHEST GUST DIRECTION    SE (120)
  AVERAGE WIND SPEED    11.9


SKY COVER
  POSSIBLE SUNSHINE  MM
  AVERAGE SKY COVER 0.6


WEATHER CONDITIONS
 THE FOLLOWING WEATHER WAS RECORDED YESTERDAY.
  NO SIGNIFICANT WEATHER WAS OBSERVED.


RELATIVE HUMIDITY (PERCENT)
 HIGHEST    82           900 PM
 LOWEST     50           900 AM
 AVERAGE    66

..........................................................


THE MOLINE IL CLIMATE NORMALS FOR TODAY
                         NORMAL    RECORD    YEAR
 MAXIMUM TEMPERATURE (F)   53        80      1939
 MINIMUM TEMPERATURE (F)   32         2      1974


SUNRISE AND SUNSET
MARCH 24 2017.........SUNRISE   658 AM CDT   SUNSET   719 PM CDT
MARCH 25 2017.........SUNRISE   656 AM CDT   SUNSET   720 PM CDT


-  INDICATES NEGATIVE NUMBERS.
R  INDICATES RECORD WAS SET OR TIED.
MM INDICATES DATA IS MISSING.
T  INDICATES TRACE AMOUNT.




$$
