000
CDUS43 KDVN 261019
CLIMLI


CLIMATE REPORT
NATIONAL WEATHER SERVICE QUAD CITIES IA IL
418 AM CST WED NOV 26 2014


...................................

...THE MOLINE IL CLIMATE SUMMARY FOR NOVEMBER 25 2014...

CLIMATE NORMAL PERIOD 1981 TO 2010
CLIMATE RECORD PERIOD 1872 TO 2014


WEATHER ITEM   OBSERVED TIME   RECORD YEAR NORMAL DEPARTURE LAST
                VALUE   (LST)  VALUE       VALUE  FROM      YEAR
                                                  NORMAL
..................................................................
TEMPERATURE (F)
 YESTERDAY
  MAXIMUM         27    251 PM  67    1896  44    -17       35
  MINIMUM         11   1055 PM  -2    1977  26    -15       22
  AVERAGE         19                        35    -16       29

PRECIPITATION (IN)
  YESTERDAY        T             1.90 1915   0.08  -0.08      T
  MONTH TO DATE    1.57                      2.15  -0.58     1.22
  SINCE SEP 1     10.00                      8.21   1.79     5.41
  SINCE JAN 1     38.57                     35.37   3.20    38.02

SNOWFALL (IN)
  YESTERDAY        T            MM      MM   0.1   -0.1       T
  MONTH TO DATE    4.4                       0.7    3.7      0.6
  SINCE SEP 1      4.4                       0.7    3.7      1.0
  SINCE JUL 1      4.4                       0.7    3.7      1.0
  SNOW DEPTH       2

DEGREE DAYS
 HEATING
  YESTERDAY       46                        30     16       36
  MONTH TO DATE  790                       590    200      655
  SINCE SEP 1   1315                      1064    251     1143
  SINCE JUL 1   1320                      1072    248     1154

 COOLING
  YESTERDAY        0                         0      0        0
  MONTH TO DATE    0                         0      0        0
  SINCE SEP 1     73                       120    -47      184
  SINCE JAN 1    839                      1003   -164      998
..................................................................


WIND (MPH)
  HIGHEST WIND SPEED    23   HIGHEST WIND DIRECTION    NW (300)
  HIGHEST GUST SPEED    29   HIGHEST GUST DIRECTION    NW (300)
  AVERAGE WIND SPEED     9.0


SKY COVER
  POSSIBLE SUNSHINE  MM
  AVERAGE SKY COVER 0.4


WEATHER CONDITIONS
 THE FOLLOWING WEATHER WAS RECORDED YESTERDAY.
  LIGHT SNOW


RELATIVE HUMIDITY (PERCENT)
 HIGHEST    88           800 PM
 LOWEST     63           200 PM
 AVERAGE    76

..........................................................


THE MOLINE IL CLIMATE NORMALS FOR TODAY
                         NORMAL    RECORD    YEAR
 MAXIMUM TEMPERATURE (F)   43        70      1990
 MINIMUM TEMPERATURE (F)   26        -6      1977


SUNRISE AND SUNSET
NOVEMBER 26 2014......SUNRISE   703 AM CST   SUNSET   435 PM CST
NOVEMBER 27 2014......SUNRISE   705 AM CST   SUNSET   435 PM CST


-  INDICATES NEGATIVE NUMBERS.
R  INDICATES RECORD WAS SET OR TIED.
MM INDICATES DATA IS MISSING.
T  INDICATES TRACE AMOUNT.




$$
