000
CDUS43 KDVN 262139
CLIMLI


CLIMATE REPORT
NATIONAL WEATHER SERVICE QUAD CITIES IA IL
439 PM CDT WED APR 26 2017


...................................

...THE MOLINE IL CLIMATE SUMMARY FOR APRIL 26 2017...
VALID TODAY AS OF 0400 PM LOCAL TIME.

CLIMATE NORMAL PERIOD 1981 TO 2010
CLIMATE RECORD PERIOD 1872 TO 2017


WEATHER ITEM   OBSERVED TIME   RECORD YEAR NORMAL DEPARTURE LAST
                VALUE   (LST)  VALUE       VALUE  FROM      YEAR
                                                  NORMAL
..................................................................
TEMPERATURE (F)
 TODAY
  MAXIMUM         72   1228 AM  89    1986  66      6       65
  MINIMUM         52    257 PM  29    2006  44      8       47
  AVERAGE         62                        55      7       56

PRECIPITATION (IN)
  TODAY            0.15          2.47 1943   0.13   0.02      T
  MONTH TO DATE    3.35                      3.05   0.30     1.21
  SINCE MAR 1      6.84                      5.91   0.93     4.12
  SINCE JAN 1      9.25                      9.00   0.25     5.45

SNOWFALL (IN)
  TODAY            0.0          MM      MM   0.0    0.0      0.0
  MONTH TO DATE    0.0                       0.9   -0.9       T
  SINCE MAR 1      5.9                       4.9    1.0      2.9
  SINCE JUL 1     22.4                      31.6   -9.2     24.1
  SNOW DEPTH       0

DEGREE DAYS
 HEATING
  TODAY            3                        10     -7        9
  MONTH TO DATE  232                       383   -151      356
  SINCE MAR 1    978                      1187   -209      955
  SINCE JUL 1   4781                      5985  -1204     4944

 COOLING
  TODAY            0                         1     -1        0
  MONTH TO DATE   14                        10      4        8
  SINCE MAR 1     14                        11      3       11
  SINCE JAN 1     14                        11      3       11
..................................................................


WIND (MPH)
  HIGHEST WIND SPEED    18   HIGHEST WIND DIRECTION     W (270)
  HIGHEST GUST SPEED    24   HIGHEST GUST DIRECTION     S (180)
  AVERAGE WIND SPEED    10.7


SKY COVER
  POSSIBLE SUNSHINE  MM
  AVERAGE SKY COVER 0.9


WEATHER CONDITIONS
 THE FOLLOWING WEATHER WAS RECORDED TODAY.
  RAIN
  LIGHT RAIN
  FOG
  HAZE


RELATIVE HUMIDITY (PERCENT)
 HIGHEST    90           800 AM
 LOWEST     44          1200 AM
 AVERAGE    67

..........................................................


THE MOLINE IL CLIMATE NORMALS FOR TOMORROW
                         NORMAL    RECORD    YEAR
 MAXIMUM TEMPERATURE (F)   67        86      1981
                                             1977
 MINIMUM TEMPERATURE (F)   45        27      1933


SUNRISE AND SUNSET
APRIL 26 2017.........SUNRISE   606 AM CDT   SUNSET   755 PM CDT
APRIL 27 2017.........SUNRISE   604 AM CDT   SUNSET   756 PM CDT


-  INDICATES NEGATIVE NUMBERS.
R  INDICATES RECORD WAS SET OR TIED.
MM INDICATES DATA IS MISSING.
T  INDICATES TRACE AMOUNT.




$$
