000
CDUS43 KDVN 282129
CLIMLI


CLIMATE REPORT
NATIONAL WEATHER SERVICE QUAD CITIES IA IL
428 PM CDT WED SEP 28 2016


...................................

...THE MOLINE IL CLIMATE SUMMARY FOR SEPTEMBER 28 2016...
VALID TODAY AS OF 0400 PM LOCAL TIME.

CLIMATE NORMAL PERIOD 1981 TO 2010
CLIMATE RECORD PERIOD 1872 TO 2016


WEATHER ITEM   OBSERVED TIME   RECORD YEAR NORMAL DEPARTURE LAST
                VALUE   (LST)  VALUE       VALUE  FROM      YEAR
                                                  NORMAL
..................................................................
TEMPERATURE (F)
 TODAY
  MAXIMUM         64    217 PM  95    1953  72     -8       83
  MINIMUM         51    557 AM  24    1942  48      3       62
  AVERAGE         58                        60     -2       73

PRECIPITATION (IN)
  TODAY            0.00          1.94 1906   0.09  -0.09     0.00
  MONTH TO DATE    1.21                      2.92  -1.71     3.01
  SINCE SEP 1      1.21                      2.92  -1.71     3.01
  SINCE JAN 1     30.63                     30.08   0.55    31.48

SNOWFALL (IN)
  TODAY            0.0          MM      MM   0.0    0.0      0.0
  MONTH TO DATE    0.0                       0.0    0.0      0.0
  SINCE SEP 1      0.0                       0.0    0.0      0.0
  SINCE JUL 1      0.0                       0.0    0.0       T
  SNOW DEPTH       0

DEGREE DAYS
 HEATING
  TODAY            7                         7      0        0
  MONTH TO DATE   15                        82    -67       26
  SINCE SEP 1     15                        82    -67       26
  SINCE JUL 1     16                        90    -74       33

 COOLING
  TODAY            0                         2     -2        8
  MONTH TO DATE  189                       105     84      214
  SINCE SEP 1    189                       105     84      214
  SINCE JAN 1   1262                       988    274     1002
..................................................................


WIND (MPH)
  HIGHEST WIND SPEED    17   HIGHEST WIND DIRECTION    NW (320)
  HIGHEST GUST SPEED    24   HIGHEST GUST DIRECTION    NW (330)
  AVERAGE WIND SPEED    10.2


SKY COVER
  POSSIBLE SUNSHINE  MM
  AVERAGE SKY COVER 0.9


WEATHER CONDITIONS
 THE FOLLOWING WEATHER WAS RECORDED TODAY.
  NO SIGNIFICANT WEATHER WAS OBSERVED.


RELATIVE HUMIDITY (PERCENT)
 HIGHEST    77           500 AM
 LOWEST     49          1200 AM
 AVERAGE    63

..........................................................


THE MOLINE IL CLIMATE NORMALS FOR TOMORROW
                         NORMAL    RECORD    YEAR
 MAXIMUM TEMPERATURE (F)   71        99      1953
 MINIMUM TEMPERATURE (F)   48        30      1984
                                             1949


SUNRISE AND SUNSET
SEPTEMBER 28 2016.....SUNRISE   656 AM CDT   SUNSET   648 PM CDT
SEPTEMBER 29 2016.....SUNRISE   657 AM CDT   SUNSET   646 PM CDT


-  INDICATES NEGATIVE NUMBERS.
R  INDICATES RECORD WAS SET OR TIED.
MM INDICATES DATA IS MISSING.
T  INDICATES TRACE AMOUNT.




$$
