000
CDUS43 KDVN 190906
CLIMLI


CLIMATE REPORT
NATIONAL WEATHER SERVICE QUAD CITIES IA IL
406 AM CDT SAT AUG 19 2017


...................................

...THE MOLINE IL CLIMATE SUMMARY FOR AUGUST 18 2017...

CLIMATE NORMAL PERIOD 1981 TO 2010
CLIMATE RECORD PERIOD 1872 TO 2017


WEATHER ITEM   OBSERVED TIME   RECORD YEAR NORMAL DEPARTURE LAST
                VALUE   (LST)  VALUE       VALUE  FROM      YEAR
                                                  NORMAL
..................................................................
TEMPERATURE (F)
 YESTERDAY
  MAXIMUM         84    431 PM 106    1936  84      0       89
  MINIMUM         63    456 AM  44    1963  63      0       71
  AVERAGE         74                        74      0       80

PRECIPITATION (IN)
  YESTERDAY        0.00          2.39 1979   0.16  -0.16     0.00
  MONTH TO DATE    0.16                      2.65  -2.49     4.13
  SINCE JUN 1     11.25                     11.43  -0.18    15.48
  SINCE JAN 1     25.60                     25.29   0.31    25.48

SNOWFALL (IN)
  YESTERDAY        0.0          MM      MM   0.0    0.0      0.0
  MONTH TO DATE    0.0                       0.0    0.0      0.0
  SINCE JUN 1      0.0                       0.0    0.0      0.0
  SINCE JUL 1      0.0                       0.0    0.0      0.0
  SNOW DEPTH       0

DEGREE DAYS
 HEATING
  YESTERDAY        0                         0      0        0
  MONTH TO DATE    1                         0      1        0
  SINCE JUN 1     10                        21    -11        2
  SINCE JUL 1      1                         2     -1        1

 COOLING
  YESTERDAY        9                         9      0       15
  MONTH TO DATE   98                       169    -71      208
  SINCE JUN 1    695                       707    -12      854
  SINCE JAN 1    756                       783    -27      956
..................................................................


WIND (MPH)
  HIGHEST WIND SPEED    13   HIGHEST WIND DIRECTION     W (280)
  HIGHEST GUST SPEED    16   HIGHEST GUST DIRECTION     W (280)
  AVERAGE WIND SPEED     6.5


SKY COVER
  POSSIBLE SUNSHINE  MM
  AVERAGE SKY COVER 0.1


WEATHER CONDITIONS
 THE FOLLOWING WEATHER WAS RECORDED YESTERDAY.
  NO SIGNIFICANT WEATHER WAS OBSERVED.


RELATIVE HUMIDITY (PERCENT)
 HIGHEST    93           500 AM
 LOWEST     51          1100 AM
 AVERAGE    72

..........................................................


THE MOLINE IL CLIMATE NORMALS FOR TODAY
                         NORMAL    RECORD    YEAR
 MAXIMUM TEMPERATURE (F)   84       101      1983
 MINIMUM TEMPERATURE (F)   63        49      1981


SUNRISE AND SUNSET
AUGUST 19 2017........SUNRISE   615 AM CDT   SUNSET   755 PM CDT
AUGUST 20 2017........SUNRISE   616 AM CDT   SUNSET   754 PM CDT


-  INDICATES NEGATIVE NUMBERS.
R  INDICATES RECORD WAS SET OR TIED.
MM INDICATES DATA IS MISSING.
T  INDICATES TRACE AMOUNT.




$$
