000
CDUS43 KDVN 161031
CLIMLI


CLIMATE REPORT
NATIONAL WEATHER SERVICE QUAD CITIES IA IL
429 AM CST SAT DEC 16 2017


...................................

...THE MOLINE IL CLIMATE SUMMARY FOR DECEMBER 15 2017...

CLIMATE NORMAL PERIOD 1981 TO 2010
CLIMATE RECORD PERIOD 1872 TO 2017


WEATHER ITEM   OBSERVED TIME   RECORD YEAR NORMAL DEPARTURE LAST
                VALUE   (LST)  VALUE       VALUE  FROM      YEAR
                                                  NORMAL
..................................................................
TEMPERATURE (F)
 YESTERDAY
  MAXIMUM         39    417 PM  57    2011  34      5       15
                                      1959
                                      1877
  MINIMUM         26    601 AM -16    1989  18      8        2
  AVERAGE         33                        26      7        9

PRECIPITATION (IN)
  YESTERDAY        T             1.88 1992   0.07  -0.07     0.00
  MONTH TO DATE    0.04                      1.19  -1.15     0.95
  SINCE DEC 1      0.04                      1.19  -1.15     0.95
  SINCE JAN 1     35.63                     36.97  -1.34    35.79

SNOWFALL (IN)
  YESTERDAY        T            MM      MM   0.3   -0.3      0.0
  MONTH TO DATE    T                         4.0   -4.0     11.0
  SINCE DEC 1      T                         4.0   -4.0     11.0
  SINCE JUL 1      T                         5.2   -5.2     11.0
  SNOW DEPTH       0

DEGREE DAYS
 HEATING
  YESTERDAY       32                        39     -7       56
  MONTH TO DATE  471                       542    -71      581
  SINCE DEC 1    471                       542    -71      581
  SINCE JUL 1   1544                      1773   -229     1362

 COOLING
  YESTERDAY        0                         0      0        0
  MONTH TO DATE    0                         0      0        0
  SINCE DEC 1      0                         0      0        0
  SINCE JAN 1    993                      1004    -11     1314
..................................................................


WIND (MPH)
  HIGHEST WIND SPEED    18   HIGHEST WIND DIRECTION     W (250)
  HIGHEST GUST SPEED    25   HIGHEST GUST DIRECTION    SW (240)
  AVERAGE WIND SPEED    11.2


SKY COVER
  POSSIBLE SUNSHINE  MM
  AVERAGE SKY COVER 0.9


WEATHER CONDITIONS
 THE FOLLOWING WEATHER WAS RECORDED YESTERDAY.
  LIGHT SNOW


RELATIVE HUMIDITY (PERCENT)
 HIGHEST    75           200 AM
 LOWEST     50           400 PM
 AVERAGE    63

..........................................................


THE MOLINE IL CLIMATE NORMALS FOR TODAY
                         NORMAL    RECORD    YEAR
 MAXIMUM TEMPERATURE (F)   34        60      1939
 MINIMUM TEMPERATURE (F)   18       -16      1932


SUNRISE AND SUNSET
DECEMBER 16 2017......SUNRISE   722 AM CST   SUNSET   434 PM CST
DECEMBER 17 2017......SUNRISE   723 AM CST   SUNSET   434 PM CST


-  INDICATES NEGATIVE NUMBERS.
R  INDICATES RECORD WAS SET OR TIED.
MM INDICATES DATA IS MISSING.
T  INDICATES TRACE AMOUNT.




$$
