000
CDUS45 KBYZ 230937
CLIMLS


CLIMATE REPORT
NATIONAL WEATHER SERVICE BILLINGS MT
332 AM MDT SAT AUG 23 2014


...................................

...THE MILES CITY MT CLIMATE SUMMARY FOR AUGUST 22 2014...

CLIMATE NORMAL PERIOD 1981 TO 2010
CLIMATE RECORD PERIOD 1937 TO 2014


WEATHER ITEM   OBSERVED TIME   RECORD YEAR NORMAL DEPARTURE LAST
                VALUE   (LST)  VALUE       VALUE  FROM      YEAR
                                                  NORMAL
..................................................................
TEMPERATURE (F)
 YESTERDAY
  MAXIMUM         75    326 PM 103    1971  86    -11       87
  MINIMUM         60    411 AM  35    1966  57      3       59
  AVERAGE         68                        71     -3       73

PRECIPITATION (IN)
  YESTERDAY        0.07          1.52 1973   0.02   0.05     0.00
  MONTH TO DATE    0.69                      0.68   0.01     1.58
  SINCE OCT 1     12.14                     11.13   1.01    15.23
  SINCE JAN 1     10.46                      9.53   0.93    13.70

SNOWFALL (IN)
  YESTERDAY       MM
  MONTH TO DATE   MM
  SINCE JUN 1     MM
  SINCE JUL 1     MM
  SNOW DEPTH      MM

DEGREE DAYS
 HEATING
  YESTERDAY        0                         1     -1        0
  MONTH TO DATE    0                         6     -6        0
  SINCE JUN 1     95                       107    -12       59
  SINCE JUL 1      1                        18    -17        0

 COOLING
  YESTERDAY        3                         7     -4        8
  MONTH TO DATE  223                       205     18      179
  SINCE JUN 1    544                       600    -56      591
  SINCE JAN 1    578                       620    -42      604
..................................................................


WIND (MPH)
  HIGHEST WIND SPEED    20   HIGHEST WIND DIRECTION    NE (50)
  HIGHEST GUST SPEED    24   HIGHEST GUST DIRECTION    NE (50)
  AVERAGE WIND SPEED     8.0


SKY COVER
  POSSIBLE SUNSHINE  MM
  AVERAGE SKY COVER 1.0


WEATHER CONDITIONS
 THE FOLLOWING WEATHER WAS RECORDED YESTERDAY.
  RAIN
  LIGHT RAIN
  FOG


RELATIVE HUMIDITY (PERCENT)
 HIGHEST    90          1200 AM
 LOWEST     53           300 PM
 AVERAGE    72

..........................................................


THE MILES CITY MT CLIMATE NORMALS FOR TODAY
                         NORMAL    RECORD    YEAR
 MAXIMUM TEMPERATURE (F)   86       103      1969
 MINIMUM TEMPERATURE (F)   56        40      1966


SUNRISE AND SUNSET
AUGUST 23 2014........SUNRISE   612 AM MDT   SUNSET   759 PM MDT
AUGUST 24 2014........SUNRISE   614 AM MDT   SUNSET   757 PM MDT


-  INDICATES NEGATIVE NUMBERS.
R  INDICATES RECORD WAS SET OR TIED.
MM INDICATES DATA IS MISSING.
T  INDICATES TRACE AMOUNT.





&&

THIS IS AN AUTOMATED...UNATTENDED WEATHER STATION AND MAY
UNDERESTIMATE WINTER PRECIPITATION.

$$
