000
CDUS45 KBYZ 192223
CLIMLS


CLIMATE REPORT
NATIONAL WEATHER SERVICE BILLINGS MT
422 PM MDT SUN OCT 19 2014


...................................

...THE MILES CITY MT CLIMATE SUMMARY FOR OCTOBER 19 2014...
VALID TODAY AS OF 0400 PM LOCAL TIME.

CLIMATE NORMAL PERIOD 1981 TO 2010
CLIMATE RECORD PERIOD 1937 TO 2014


WEATHER ITEM   OBSERVED TIME   RECORD YEAR NORMAL DEPARTURE LAST
                VALUE   (LST)  VALUE       VALUE  FROM      YEAR
                                                  NORMAL
..................................................................
TEMPERATURE (F)
 TODAY
  MAXIMUM         72    259 PM  86    1947  58     14       61
  MINIMUM         38    637 AM  15    1976  33      5       41
  AVERAGE         55                        45     10       51

PRECIPITATION (IN)
  TODAY            0.00          0.29 1943   0.03  -0.03     0.00
  MONTH TO DATE    0.39                      0.64  -0.25     0.76
  SINCE OCT 1      0.39                      0.64  -0.25     0.76
  SINCE JAN 1     12.67                     11.48   1.19    16.19

SNOWFALL (IN)
  TODAY           MM
  MONTH TO DATE   MM
  SINCE SEP 1     MM
  SINCE JUL 1     MM
  SNOW DEPTH      MM

DEGREE DAYS
 HEATING
  TODAY           10                        20    -10       14
  MONTH TO DATE  236                       305    -69      343
  SINCE SEP 1    428                       507    -79      446
  SINCE JUL 1    462                       541    -79      446

 COOLING
  TODAY            0                         0      0        0
  MONTH TO DATE    0                         0      0        0
  SINCE SEP 1     53                        56     -3      142
  SINCE JAN 1    648                       728    -80      877
..................................................................


WIND (MPH)
  HIGHEST WIND SPEED    10   HIGHEST WIND DIRECTION    SW (230)
  HIGHEST GUST SPEED    12   HIGHEST GUST DIRECTION    SW (210)
  AVERAGE WIND SPEED     5.3


SKY COVER
  POSSIBLE SUNSHINE  MM
  AVERAGE SKY COVER 0.0


WEATHER CONDITIONS
 THE FOLLOWING WEATHER WAS RECORDED TODAY.
  NO SIGNIFICANT WEATHER WAS OBSERVED.


RELATIVE HUMIDITY (PERCENT)
 HIGHEST    85           600 AM
 LOWEST     29           200 PM
 AVERAGE    57

..........................................................


THE MILES CITY MT CLIMATE NORMALS FOR TOMORROW
                         NORMAL    RECORD    YEAR
 MAXIMUM TEMPERATURE (F)   57        82      2003
 MINIMUM TEMPERATURE (F)   32        13      1987


SUNRISE AND SUNSET
OCTOBER 19 2014.......SUNRISE   727 AM MDT   SUNSET   610 PM MDT
OCTOBER 20 2014.......SUNRISE   728 AM MDT   SUNSET   608 PM MDT


-  INDICATES NEGATIVE NUMBERS.
R  INDICATES RECORD WAS SET OR TIED.
MM INDICATES DATA IS MISSING.
T  INDICATES TRACE AMOUNT.





&&

THIS IS AN AUTOMATED...UNATTENDED WEATHER STATION AND MAY
UNDERESTIMATE WINTER PRECIPITATION.

$$
