000
CDUS45 KBYZ 150723
CLIMLS


CLIMATE REPORT
NATIONAL WEATHER SERVICE BILLINGS MT
1223 AM MST FRI DEC 15 2017


...................................

...THE MILES CITY MT CLIMATE SUMMARY FOR DECEMBER 14 2017...

CLIMATE NORMAL PERIOD 1981 TO 2010
CLIMATE RECORD PERIOD 1937 TO 2017


WEATHER ITEM   OBSERVED TIME   RECORD YEAR NORMAL DEPARTURE LAST
                VALUE   (LST)  VALUE       VALUE  FROM      YEAR
                                                  NORMAL
..................................................................
TEMPERATURE (F)
 YESTERDAY
  MAXIMUM         40    205 PM  56    1979  31      9       13
  MINIMUM         23   1159 PM -24    1963  10     13       -7
  AVERAGE         32                        20     12        3

PRECIPITATION (IN)
  YESTERDAY        0.00          0.11 1982   0.01  -0.01     0.00
  MONTH TO DATE    T                         0.11  -0.11     0.07
  SINCE OCT 1      0.97                      1.42  -0.45     1.04
  SINCE JAN 1      6.11                     12.26  -6.15    14.50

DEGREE DAYS
 HEATING
  YESTERDAY       33                        45    -12       62
  MONTH TO DATE  414                       603   -189      734
  SINCE DEC 1    414                       603   -189      734
  SINCE JUL 1   2157                      2402   -245     2049

 COOLING
  YESTERDAY        0                         0      0        0
  MONTH TO DATE    0                         0      0        0
  SINCE DEC 1      0                         0      0        0
  SINCE JAN 1    985                       730    255      873
..................................................................


WIND (MPH)
  HIGHEST WIND SPEED    29   HIGHEST WIND DIRECTION    NW (320)
  HIGHEST GUST SPEED    33   HIGHEST GUST DIRECTION    NW (320)
  AVERAGE WIND SPEED    12.3


SKY COVER
  POSSIBLE SUNSHINE  MM
  AVERAGE SKY COVER 0.5


WEATHER CONDITIONS
 THE FOLLOWING WEATHER WAS RECORDED YESTERDAY.
  NO SIGNIFICANT WEATHER WAS OBSERVED.


RELATIVE HUMIDITY (PERCENT)
 HIGHEST    88          1000 PM
 LOWEST     48           100 PM
 AVERAGE    68

..........................................................


THE MILES CITY MT CLIMATE NORMALS FOR TODAY
                         NORMAL    RECORD    YEAR
 MAXIMUM TEMPERATURE (F)   31        66      1980
 MINIMUM TEMPERATURE (F)    9       -26      1945


SUNRISE AND SUNSET
DECEMBER 15 2017......SUNRISE   741 AM MST   SUNSET   417 PM MST
DECEMBER 16 2017......SUNRISE   741 AM MST   SUNSET   417 PM MST


-  INDICATES NEGATIVE NUMBERS.
R  INDICATES RECORD WAS SET OR TIED.
MM INDICATES DATA IS MISSING.
T  INDICATES TRACE AMOUNT.




$$
