000
CDUS45 KBYZ 061036
CLIMLS


CLIMATE REPORT
NATIONAL WEATHER SERVICE BILLINGS MT
335 AM MST FRI MAR 6 2015


...................................

...THE MILES CITY MT CLIMATE SUMMARY FOR MARCH 5 2015...

CLIMATE NORMAL PERIOD 1981 TO 2010
CLIMATE RECORD PERIOD 1937 TO 2015


WEATHER ITEM   OBSERVED TIME   RECORD YEAR NORMAL DEPARTURE LAST
                VALUE   (LST)  VALUE       VALUE  FROM      YEAR
                                                  NORMAL
..................................................................
TEMPERATURE (F)
 YESTERDAY
  MAXIMUM         50    424 PM  73    1987  42      8       53
  MINIMUM          9    254 AM -24    1947  19    -10        8
  AVERAGE         30                        30      0       31

PRECIPITATION (IN)
  YESTERDAY        0.00          0.40        0.01  -0.01     0.00
  MONTH TO DATE    T                         0.06  -0.06     0.04
  SINCE OCT 1      1.36                      2.21  -0.85     1.97
  SINCE JAN 1      0.35                      0.61  -0.26     0.29

DEGREE DAYS
 HEATING
  YESTERDAY       35                        35      0       34
  MONTH TO DATE  220                       177     43      277
  SINCE MAR 1    220                       177     43      277
  SINCE JUL 1   5690                      5911   -221     6316

 COOLING
  YESTERDAY        0                         0      0        0
  MONTH TO DATE    0                         0      0        0
  SINCE MAR 1      0                         0      0        0
  SINCE JAN 1      0                         0      0        0
..................................................................


WIND (MPH)
  HIGHEST WIND SPEED    MM   HIGHEST WIND DIRECTION    MM
  HIGHEST GUST SPEED    MM   HIGHEST GUST DIRECTION    MM
  AVERAGE WIND SPEED    MM


SKY COVER
  POSSIBLE SUNSHINE  MM
  AVERAGE SKY COVER 0.2


WEATHER CONDITIONS
 THE FOLLOWING WEATHER WAS RECORDED YESTERDAY.
  HAZE


RELATIVE HUMIDITY (PERCENT)
 HIGHEST    73           300 AM
 LOWEST     22           300 PM
 AVERAGE    48

..........................................................


THE MILES CITY MT CLIMATE NORMALS FOR TODAY
                         NORMAL    RECORD    YEAR
 MAXIMUM TEMPERATURE (F)   42        70      1987
 MINIMUM TEMPERATURE (F)   19       -27      1947


SUNRISE AND SUNSET
MARCH  6 2015.........SUNRISE   634 AM MST   SUNSET   556 PM MST
MARCH  7 2015.........SUNRISE   632 AM MST   SUNSET   558 PM MST


-  INDICATES NEGATIVE NUMBERS.
R  INDICATES RECORD WAS SET OR TIED.
MM INDICATES DATA IS MISSING.
T  INDICATES TRACE AMOUNT.





&&

THIS IS AN AUTOMATED...UNATTENDED WEATHER STATION AND MAY
UNDERESTIMATE WINTER PRECIPITATION.

$$
