000
CDUS45 KBYZ 191033
CLIMLS


CLIMATE REPORT
NATIONAL WEATHER SERVICE BILLINGS MT
331 AM MST THU JAN 19 2017


...................................

...THE MILES CITY MT CLIMATE SUMMARY FOR JANUARY 18 2017...

CLIMATE NORMAL PERIOD 1981 TO 2010
CLIMATE RECORD PERIOD 1937 TO 2017


WEATHER ITEM   OBSERVED TIME   RECORD YEAR NORMAL DEPARTURE LAST
                VALUE   (LST)  VALUE       VALUE  FROM      YEAR
                                                  NORMAL
..................................................................
TEMPERATURE (F)
 YESTERDAY
  MAXIMUM         35    306 PM  51    1981  30      5       25
  MINIMUM         18    553 AM -32    1943   9      9       -3
                                      1892
  AVERAGE         27                        20      7       11

PRECIPITATION (IN)
  YESTERDAY        0.00          0.46 1975   0.01  -0.01     0.02
  MONTH TO DATE    0.04                      0.21  -0.17     0.15
  SINCE OCT 1      1.13                      1.81  -0.68     1.41
  SINCE JAN 1      0.04                      0.21  -0.17     0.15

DEGREE DAYS
 HEATING
  YESTERDAY       38                        46     -8       54
  MONTH TO DATE 1110                       829    281      863
  SINCE DEC 1   2689                      2214    475     2053
  SINCE JUL 1   4004                      4013     -9     3481

 COOLING
  YESTERDAY        0                         0      0        0
  MONTH TO DATE    0                         0      0        0
  SINCE DEC 1      0                         0      0        0
  SINCE JAN 1      0                         0      0        0
..................................................................


WIND (MPH)
  HIGHEST WIND SPEED    16   HIGHEST WIND DIRECTION     S (160)
  HIGHEST GUST SPEED    17   HIGHEST GUST DIRECTION     S (160)
  AVERAGE WIND SPEED     9.6


SKY COVER
  POSSIBLE SUNSHINE  MM
  AVERAGE SKY COVER 0.0


WEATHER CONDITIONS
 THE FOLLOWING WEATHER WAS RECORDED YESTERDAY.
  NO SIGNIFICANT WEATHER WAS OBSERVED.


RELATIVE HUMIDITY (PERCENT)
 HIGHEST    80           600 AM
 LOWEST     61           200 PM
 AVERAGE    71

..........................................................


THE MILES CITY MT CLIMATE NORMALS FOR TODAY
                         NORMAL    RECORD    YEAR
 MAXIMUM TEMPERATURE (F)   30        60      1944
 MINIMUM TEMPERATURE (F)    9       -30      1954
                                             1892


SUNRISE AND SUNSET
JANUARY 19 2017.......SUNRISE   740 AM MST   SUNSET   449 PM MST
JANUARY 20 2017.......SUNRISE   739 AM MST   SUNSET   451 PM MST


-  INDICATES NEGATIVE NUMBERS.
R  INDICATES RECORD WAS SET OR TIED.
MM INDICATES DATA IS MISSING.
T  INDICATES TRACE AMOUNT.





&&

THIS IS AN AUTOMATED...UNATTENDED WEATHER STATION AND MAY
UNDERESTIMATE WINTER PRECIPITATION.

$$
