000
CDUS45 KBYZ 260954
CLIMLS


CLIMATE REPORT
NATIONAL WEATHER SERVICE BILLINGS MT
353 AM MDT WED APR 26 2017


...................................

...THE MILES CITY MT CLIMATE SUMMARY FOR APRIL 25 2017...

CLIMATE NORMAL PERIOD 1981 TO 2010
CLIMATE RECORD PERIOD 1937 TO 2017


WEATHER ITEM   OBSERVED TIME   RECORD YEAR NORMAL DEPARTURE LAST
                VALUE   (LST)  VALUE       VALUE  FROM      YEAR
                                                  NORMAL
..................................................................
TEMPERATURE (F)
 YESTERDAY
  MAXIMUM         38    605 PM  89    1974  62    -24       41
  MINIMUM         31   1007 AM  21    2002  36     -5       36
  AVERAGE         35                        49    -14       39

PRECIPITATION (IN)
  YESTERDAY        T             1.30 1969   0.06  -0.06     0.01
  MONTH TO DATE    0.95                      1.07  -0.12     3.93
  SINCE OCT 1      3.07                      3.82  -0.75     6.26
  SINCE JAN 1      1.98                      2.22  -0.24     5.00

DEGREE DAYS
 HEATING
  YESTERDAY       30                        16     14       26
  MONTH TO DATE  400                       496    -96      366
  SINCE MAR 1   1202                      1437   -235     1053
  SINCE JUL 1   6754                      7171   -417     5746

 COOLING
  YESTERDAY        0                         0      0        0
  MONTH TO DATE    0                         0      0        2
  SINCE MAR 1      0                         0      0        2
  SINCE JAN 1      0                         0      0        2
..................................................................


WIND (MPH)
  HIGHEST WIND SPEED    22   HIGHEST WIND DIRECTION    NE (50)
  HIGHEST GUST SPEED    25   HIGHEST GUST DIRECTION    NE (50)
  AVERAGE WIND SPEED    10.8


SKY COVER
  POSSIBLE SUNSHINE  MM
  AVERAGE SKY COVER 1.0


WEATHER CONDITIONS
 THE FOLLOWING WEATHER WAS RECORDED YESTERDAY.
  FOG


RELATIVE HUMIDITY (PERCENT)
 HIGHEST    92           700 AM
 LOWEST     59           300 PM
 AVERAGE    76

..........................................................


THE MILES CITY MT CLIMATE NORMALS FOR TODAY
                         NORMAL    RECORD    YEAR
 MAXIMUM TEMPERATURE (F)   63        88      1952
 MINIMUM TEMPERATURE (F)   37        20      1995


SUNRISE AND SUNSET
APRIL 26 2017.........SUNRISE   557 AM MDT   SUNSET   806 PM MDT
APRIL 27 2017.........SUNRISE   555 AM MDT   SUNSET   808 PM MDT


-  INDICATES NEGATIVE NUMBERS.
R  INDICATES RECORD WAS SET OR TIED.
MM INDICATES DATA IS MISSING.
T  INDICATES TRACE AMOUNT.





&&

THIS IS AN AUTOMATED...UNATTENDED WEATHER STATION AND MAY
UNDERESTIMATE WINTER PRECIPITATION.

$$
