000
CDUS45 KBYZ 192228
CLIMLS


CLIMATE REPORT
NATIONAL WEATHER SERVICE BILLINGS MT
427 PM MDT SAT APR 19 2014


...................................

...THE MILES CITY MT CLIMATE SUMMARY FOR APRIL 19 2014...
VALID TODAY AS OF 0400 PM LOCAL TIME.

CLIMATE NORMAL PERIOD 1981 TO 2010
CLIMATE RECORD PERIOD 1937 TO 2014


WEATHER ITEM   OBSERVED TIME   RECORD YEAR NORMAL DEPARTURE LAST
                VALUE   (LST)  VALUE       VALUE  FROM      YEAR
                                                  NORMAL
..................................................................
TEMPERATURE (F)
 TODAY
  MAXIMUM         63    326 PM  86    1962  60      3       50
  MINIMUM         36    524 AM  12    1951  34      2       32
  AVERAGE         50                        47      3       41

PRECIPITATION (IN)
  TODAY            0.00          1.77 1973   0.05  -0.05     0.01
  MONTH TO DATE    0.17                      0.75  -0.58     0.97
  SINCE OCT 1      3.41                      3.50  -0.09     3.06
  SINCE JAN 1      1.73                      1.90  -0.17     1.53

SNOWFALL (IN)
  TODAY           MM
  MONTH TO DATE   MM
  SINCE MAR 1     MM
  SINCE JUL 1     MM
  SNOW DEPTH      MM

DEGREE DAYS
 HEATING
  TODAY           15                        18     -3       24
  MONTH TO DATE  445                       397     48      519
  SINCE MAR 1   1500                      1338    162     1495
  SINCE JUL 1   7539                      7072    467     6689

 COOLING
  TODAY            0                         0      0        0
  MONTH TO DATE    0                         0      0        0
  SINCE MAR 1      0                         0      0        0
  SINCE JAN 1      0                         0      0        0
..................................................................


WIND (MPH)
  HIGHEST WIND SPEED    23   HIGHEST WIND DIRECTION    NW (300)
  HIGHEST GUST SPEED    29   HIGHEST GUST DIRECTION     W (290)
  AVERAGE WIND SPEED    11.4


SKY COVER
  POSSIBLE SUNSHINE  MM
  AVERAGE SKY COVER 0.0


WEATHER CONDITIONS
 THE FOLLOWING WEATHER WAS RECORDED TODAY.
  HAZE


RELATIVE HUMIDITY (PERCENT)
 HIGHEST    89          1200 AM
 LOWEST     20           300 PM
 AVERAGE    55

..........................................................


THE MILES CITY MT CLIMATE NORMALS FOR TOMORROW
                         NORMAL    RECORD    YEAR
 MAXIMUM TEMPERATURE (F)   61        90      1980
 MINIMUM TEMPERATURE (F)   35        19      1966


SUNRISE AND SUNSET
APRIL 19 2014.........SUNRISE   609 AM MDT   SUNSET   757 PM MDT
APRIL 20 2014.........SUNRISE   608 AM MDT   SUNSET   758 PM MDT


-  INDICATES NEGATIVE NUMBERS.
R  INDICATES RECORD WAS SET OR TIED.
MM INDICATES DATA IS MISSING.
T  INDICATES TRACE AMOUNT.





&&

THIS IS AN AUTOMATED...UNATTENDED WEATHER STATION AND MAY
UNDERESTIMATE WINTER PRECIPITATION.

$$
