000
CDUS45 KBYZ 051036
CLIMLS


CLIMATE REPORT
NATIONAL WEATHER SERVICE BILLINGS MT
335 AM MST MON DEC 5 2016


...................................

...THE MILES CITY MT CLIMATE SUMMARY FOR DECEMBER 4 2016...

CLIMATE NORMAL PERIOD 1981 TO 2010
CLIMATE RECORD PERIOD 1937 TO 2016


WEATHER ITEM   OBSERVED TIME   RECORD YEAR NORMAL DEPARTURE LAST
                VALUE   (LST)  VALUE       VALUE  FROM      YEAR
                                                  NORMAL
..................................................................
TEMPERATURE (F)
 YESTERDAY
  MAXIMUM         44    243 PM  67    1979  34     10       49
  MINIMUM         24    659 AM -21    1972  13     11       26
  AVERAGE         34                        23     11       38

PRECIPITATION (IN)
  YESTERDAY        T             0.11 1948   0.00   0.00     0.00
  MONTH TO DATE    T                         0.03  -0.03     0.00
  SINCE OCT 1      0.97                      1.34  -0.37     1.24
  SINCE JAN 1     14.43                     12.18   2.25     8.48

DEGREE DAYS
 HEATING
  YESTERDAY       31                        42    -11       27
  MONTH TO DATE  145                       166    -21      135
  SINCE DEC 1    145                       166    -21      135
  SINCE JUL 1   1460                      1965   -505     1563

 COOLING
  YESTERDAY        0                         0      0        0
  MONTH TO DATE    0                         0      0        0
  SINCE DEC 1      0                         0      0        0
  SINCE JAN 1    873                       730    143      837
..................................................................


WIND (MPH)
  HIGHEST WIND SPEED    24   HIGHEST WIND DIRECTION     W (290)
  HIGHEST GUST SPEED    30   HIGHEST GUST DIRECTION     W (290)
  AVERAGE WIND SPEED     8.8


SKY COVER
  POSSIBLE SUNSHINE  MM
  AVERAGE SKY COVER 0.4


WEATHER CONDITIONS
 THE FOLLOWING WEATHER WAS RECORDED YESTERDAY.
  LIGHT RAIN


RELATIVE HUMIDITY (PERCENT)
 HIGHEST    82          1100 PM
 LOWEST     36           100 PM
 AVERAGE    59

..........................................................


THE MILES CITY MT CLIMATE NORMALS FOR TODAY
                         NORMAL    RECORD    YEAR
 MAXIMUM TEMPERATURE (F)   33        69      1939
 MINIMUM TEMPERATURE (F)   12       -27      2013


SUNRISE AND SUNSET
DECEMBER  5 2016......SUNRISE   732 AM MST   SUNSET   417 PM MST
DECEMBER  6 2016......SUNRISE   733 AM MST   SUNSET   417 PM MST


-  INDICATES NEGATIVE NUMBERS.
R  INDICATES RECORD WAS SET OR TIED.
MM INDICATES DATA IS MISSING.
T  INDICATES TRACE AMOUNT.





&&

THIS IS AN AUTOMATED...UNATTENDED WEATHER STATION AND MAY
UNDERESTIMATE WINTER PRECIPITATION.

$$
