000
CDUS45 KBYZ 010934
CLIMLS


CLIMATE REPORT
NATIONAL WEATHER SERVICE BILLINGS MT
332 AM MDT SAT OCT 1 2016


...................................

...THE MILES CITY MT CLIMATE SUMMARY FOR SEPTEMBER 30 2016...

CLIMATE NORMAL PERIOD 1981 TO 2010
CLIMATE RECORD PERIOD 1937 TO 2016


WEATHER ITEM   OBSERVED TIME   RECORD YEAR NORMAL DEPARTURE LAST
                VALUE   (LST)  VALUE       VALUE  FROM      YEAR
                                                  NORMAL
..................................................................
TEMPERATURE (F)
 YESTERDAY
  MAXIMUM         83    255 PM  93    1989  67     16       84
  MINIMUM         56    408 AM  21    1985  40     16       43
  AVERAGE         70                        53     17       64

PRECIPITATION (IN)
  YESTERDAY        0.00          1.00 1977   0.03  -0.03     0.00
  MONTH TO DATE    2.80                      1.08   1.72     0.18
  SINCE OCT 1     14.72                     12.44   2.28     8.25
  SINCE JAN 1     13.46                     10.84   2.62     7.24

DEGREE DAYS
 HEATING
  YESTERDAY        0                        12    -12        1
  MONTH TO DATE  147                       202    -55       56
  SINCE SEP 1    147                       202    -55       56
  SINCE JUL 1    161                       236    -75       97

 COOLING
  YESTERDAY        5                         0      5        0
  MONTH TO DATE   59                        56      3       91
  SINCE SEP 1     59                        56      3       91
  SINCE JAN 1    870                       728    142      830
..................................................................


WIND (MPH)
  HIGHEST WIND SPEED    14   HIGHEST WIND DIRECTION     W (260)
  HIGHEST GUST SPEED    18   HIGHEST GUST DIRECTION    SW (240)
  AVERAGE WIND SPEED     6.4


SKY COVER
  POSSIBLE SUNSHINE  MM
  AVERAGE SKY COVER 0.0


WEATHER CONDITIONS
 THE FOLLOWING WEATHER WAS RECORDED YESTERDAY.
  NO SIGNIFICANT WEATHER WAS OBSERVED.


RELATIVE HUMIDITY (PERCENT)
 HIGHEST    80           400 AM
 LOWEST     28           200 PM
 AVERAGE    54

..........................................................


THE MILES CITY MT CLIMATE NORMALS FOR TODAY
                         NORMAL    RECORD    YEAR
 MAXIMUM TEMPERATURE (F)   66        95      2011
 MINIMUM TEMPERATURE (F)   39        23      2004


SUNRISE AND SUNSET
OCTOBER  1 2016.......SUNRISE   703 AM MDT   SUNSET   642 PM MDT
OCTOBER  2 2016.......SUNRISE   704 AM MDT   SUNSET   640 PM MDT


-  INDICATES NEGATIVE NUMBERS.
R  INDICATES RECORD WAS SET OR TIED.
MM INDICATES DATA IS MISSING.
T  INDICATES TRACE AMOUNT.





&&

THIS IS AN AUTOMATED...UNATTENDED WEATHER STATION AND MAY
UNDERESTIMATE WINTER PRECIPITATION.

$$
