000
CDUS41 KCAR 290526
CLIMLT


CLIMATE REPORT
NATIONAL WEATHER SERVICE CARIBOU, ME
126 AM EDT TUE JUL 29 2014


...................................

...THE MILLINOCKET ME CLIMATE SUMMARY FOR JULY 28 2014...

CLIMATE NORMAL PERIOD 1981 TO 2010
CLIMATE RECORD PERIOD 1903 TO 2014


WEATHER ITEM   OBSERVED TIME   RECORD YEAR NORMAL DEPARTURE LAST
                VALUE   (LST)  VALUE       VALUE  FROM      YEAR
                                                  NORMAL
..................................................................
TEMPERATURE (F)
 YESTERDAY
  MAXIMUM         72    130 PM  93    1970  79     -7       82
  MINIMUM         65    705 AM  40    1920  57      8       58
  AVERAGE         69                        68      1       70

PRECIPITATION (IN)
  YESTERDAY        1.11          1.49 2008   0.12   0.99     0.01
  MONTH TO DATE    4.34                      3.51   0.83     3.48
  SINCE JUN 1      8.91                      7.58   1.33     9.19
  SINCE JAN 1     22.81                     22.65   0.16    20.35

SNOWFALL (IN)
  YESTERDAY       MM            MM      MM  MM     MM       MM
  MONTH TO DATE   MM                        MM     MM       MM
  SINCE JUN 1     MM                        MM     MM       MM
  SINCE JUL 1     MM                        MM     MM       MM
  SNOW DEPTH      MM

DEGREE DAYS
 HEATING
  YESTERDAY        0                         1     -1        0
  MONTH TO DATE    6                        28    -22       10
  SINCE JUN 1     82                       144    -62      111
  SINCE JUL 1      6                        28    -22       10

 COOLING
  YESTERDAY        4                         4      0        5
  MONTH TO DATE  171                       109     62      202
  SINCE JUN 1    229                       158     71      263
  SINCE JAN 1    231                       164     67      271
..................................................................


WIND (MPH)
  HIGHEST WIND SPEED    14   HIGHEST WIND DIRECTION     E (110)
  HIGHEST GUST SPEED    17   HIGHEST GUST DIRECTION     E (110)
  AVERAGE WIND SPEED     4.4


SKY COVER
  POSSIBLE SUNSHINE  MM
  AVERAGE SKY COVER 1.0


WEATHER CONDITIONS
 THE FOLLOWING WEATHER WAS RECORDED YESTERDAY.
  THUNDERSTORM
  HEAVY RAIN
  RAIN
  LIGHT RAIN
  FOG


RELATIVE HUMIDITY (PERCENT)
 HIGHEST   100           600 AM
 LOWEST     84           100 PM
 AVERAGE    92

..........................................................


THE MILLINOCKET ME CLIMATE NORMALS FOR TODAY
                         NORMAL    RECORD    YEAR
 MAXIMUM TEMPERATURE (F)   78        95      1959
 MINIMUM TEMPERATURE (F)   57        41      1987


SUNRISE AND SUNSET
JULY 29 2014..........SUNRISE   515 AM EDT   SUNSET   807 PM EDT
JULY 30 2014..........SUNRISE   516 AM EDT   SUNSET   806 PM EDT


-  INDICATES NEGATIVE NUMBERS.
R  INDICATES RECORD WAS SET OR TIED.
MM INDICATES DATA IS MISSING.
T  INDICATES TRACE AMOUNT.




$$
