000
CDUS41 KCAR 160527
CLIMLT


CLIMATE REPORT
NATIONAL WEATHER SERVICE CARIBOU, ME
127 AM EDT TUE SEP 16 2014


...................................

...THE MILLINOCKET ME CLIMATE SUMMARY FOR SEPTEMBER 15 2014...

CLIMATE NORMAL PERIOD 1981 TO 2010
CLIMATE RECORD PERIOD 1903 TO 2014


WEATHER ITEM   OBSERVED TIME   RECORD YEAR NORMAL DEPARTURE LAST
                VALUE   (LST)  VALUE       VALUE  FROM      YEAR
                                                  NORMAL
..................................................................
TEMPERATURE (F)
 YESTERDAY
  MAXIMUM         61    443 PM  84    2003  68     -7       69
                                      1993
  MINIMUM         39    430 AM  28    1911  47     -8       48
  AVERAGE         50                        58     -8       59

PRECIPITATION (IN)
  YESTERDAY        0.00          2.12 1996   0.13  -0.13     0.00
  MONTH TO DATE    0.27                      1.69  -1.42     3.48
  SINCE SEP 1      0.27                      1.69  -1.42     3.48
  SINCE JAN 1     25.41                     28.62  -3.21    28.97

SNOWFALL (IN)
  YESTERDAY       MM            MM      MM  MM     MM       MM
  MONTH TO DATE   MM                        MM     MM       MM
  SINCE SEP 1     MM                        MM     MM       MM
  SINCE JUL 1     MM                        MM     MM       MM
  SNOW DEPTH      MM

DEGREE DAYS
 HEATING
  YESTERDAY       15                         8      7        6
  MONTH TO DATE   89                        85      4       69
  SINCE SEP 1     89                        85      4       69
  SINCE JUL 1    117                       164    -47      114

 COOLING
  YESTERDAY        0                         0      0        0
  MONTH TO DATE   35                        15     20       28
  SINCE SEP 1     35                        15     20       28
  SINCE JAN 1    363                       266     97      380
..................................................................


WIND (MPH)
  HIGHEST WIND SPEED    14   HIGHEST WIND DIRECTION    NW (310)
  HIGHEST GUST SPEED    20   HIGHEST GUST DIRECTION    NW (310)
  AVERAGE WIND SPEED     3.5


SKY COVER
  POSSIBLE SUNSHINE  MM
  AVERAGE SKY COVER 0.5


WEATHER CONDITIONS
 THE FOLLOWING WEATHER WAS RECORDED YESTERDAY.
  NO SIGNIFICANT WEATHER WAS OBSERVED.


RELATIVE HUMIDITY (PERCENT)
 HIGHEST    92           300 AM
 LOWEST     42           200 PM
 AVERAGE    67

..........................................................


THE MILLINOCKET ME CLIMATE NORMALS FOR TODAY
                         NORMAL    RECORD    YEAR
 MAXIMUM TEMPERATURE (F)   68        93      1939
 MINIMUM TEMPERATURE (F)   47        28      1959


SUNRISE AND SUNSET
SEPTEMBER 16 2014.....SUNRISE   614 AM EDT   SUNSET   644 PM EDT
SEPTEMBER 17 2014.....SUNRISE   615 AM EDT   SUNSET   642 PM EDT


-  INDICATES NEGATIVE NUMBERS.
R  INDICATES RECORD WAS SET OR TIED.
MM INDICATES DATA IS MISSING.
T  INDICATES TRACE AMOUNT.




$$
