000
CDUS41 KCAR 220527
CLIMLT


CLIMATE REPORT
NATIONAL WEATHER SERVICE CARIBOU, ME
127 AM EDT TUE AUG 22 2017


...................................

...THE MILLINOCKET ME CLIMATE SUMMARY FOR AUGUST 21 2017...

CLIMATE NORMAL PERIOD 1981 TO 2010
CLIMATE RECORD PERIOD 1903 TO 2017


WEATHER ITEM   OBSERVED TIME   RECORD YEAR NORMAL DEPARTURE LAST
                VALUE   (LST)  VALUE       VALUE  FROM      YEAR
                                                  NORMAL
..................................................................
TEMPERATURE (F)
 YESTERDAY
  MAXIMUM         83    319 PM  93    1916  76      7       79
  MINIMUM         59    226 AM  35    1926  54      5       61
                                      1923
  AVERAGE         71                        65      6       70

PRECIPITATION (IN)
  YESTERDAY        0.00          1.49 2015   0.15  -0.15     0.00
  MONTH TO DATE    1.09                      2.60  -1.51     2.97
  SINCE JUN 1      8.91                     10.52  -1.61     8.12
  SINCE JAN 1     24.59                     25.59  -1.00    21.73

SNOWFALL (IN)
  YESTERDAY       MM            MM      MM  MM     MM       MM
  MONTH TO DATE   MM                        MM     MM       MM
  SINCE JUN 1     MM                        MM     MM       MM
  SINCE JUL 1     MM                        MM     MM       MM
  SNOW DEPTH      MM

DEGREE DAYS
 HEATING
  YESTERDAY        0                         2     -2        0
  MONTH TO DATE   26                        27     -1        3
  SINCE JUN 1    177                       167     10      152
  SINCE JUL 1     57                        51      6       36

 COOLING
  YESTERDAY        6                         2      4        5
  MONTH TO DATE   55                        59     -4       79
  SINCE JUN 1    198                       225    -27      263
  SINCE JAN 1    207                       231    -24      269
..................................................................


WIND (MPH)
  HIGHEST WIND SPEED    13   HIGHEST WIND DIRECTION     W (280)
  HIGHEST GUST SPEED    19   HIGHEST GUST DIRECTION     W (270)
  AVERAGE WIND SPEED     4.3


SKY COVER
  POSSIBLE SUNSHINE  MM
  AVERAGE SKY COVER 0.0


WEATHER CONDITIONS
 THE FOLLOWING WEATHER WAS RECORDED YESTERDAY.
  NO SIGNIFICANT WEATHER WAS OBSERVED.


RELATIVE HUMIDITY (PERCENT)
 HIGHEST   100           500 AM
 LOWEST     40           200 PM
 AVERAGE    70

..........................................................


THE MILLINOCKET ME CLIMATE NORMALS FOR TODAY
                         NORMAL    RECORD    YEAR
 MAXIMUM TEMPERATURE (F)   76        93      1906
 MINIMUM TEMPERATURE (F)   54        36      1926


SUNRISE AND SUNSET
AUGUST 22 2017........SUNRISE   544 AM EDT   SUNSET   730 PM EDT
AUGUST 23 2017........SUNRISE   545 AM EDT   SUNSET   729 PM EDT


-  INDICATES NEGATIVE NUMBERS.
R  INDICATES RECORD WAS SET OR TIED.
MM INDICATES DATA IS MISSING.
T  INDICATES TRACE AMOUNT.




$$
