000
CDUS41 KCAR 280528
CLIMLT


CLIMATE REPORT
NATIONAL WEATHER SERVICE CARIBOU, ME
127 AM EDT WED JUN 28 2017


...................................

...THE MILLINOCKET ME CLIMATE SUMMARY FOR JUNE 27 2017...

CLIMATE NORMAL PERIOD 1981 TO 2010
CLIMATE RECORD PERIOD 1903 TO 2017


WEATHER ITEM   OBSERVED TIME   RECORD YEAR NORMAL DEPARTURE LAST
                VALUE   (LST)  VALUE       VALUE  FROM      YEAR
                                                  NORMAL
..................................................................
TEMPERATURE (F)
 YESTERDAY
  MAXIMUM         73   1228 PM  94    1946  76     -3       87
  MINIMUM         50    116 AM  41    1936  56     -6       56
  AVERAGE         62                        66     -4       72

PRECIPITATION (IN)
  YESTERDAY        1.10          2.39 1980   0.14   0.96      T
  MONTH TO DATE    5.95                      3.66   2.29     2.40
  SINCE JUN 1      5.95                      3.66   2.29     2.40
  SINCE JAN 1     21.63                     18.73   2.90    16.01

SNOWFALL (IN)
  YESTERDAY       MM            MM      MM  MM     MM       MM
  MONTH TO DATE   MM                        MM     MM       MM
  SINCE JUN 1     MM                        MM     MM       MM
  SINCE JUL 1     MM                        MM     MM       MM
  SNOW DEPTH      MM

DEGREE DAYS
 HEATING
  YESTERDAY        3                         1      2        0
  MONTH TO DATE  110                       112     -2      116
  SINCE JUN 1    110                       112     -2      116
  SINCE JUL 1   7974                      8402   -428     7275

 COOLING
  YESTERDAY        0                         3     -3        7
  MONTH TO DATE   52                        41     11       18
  SINCE JUN 1     52                        41     11       18
  SINCE JAN 1     61                        47     14       24
..................................................................


WIND (MPH)
  HIGHEST WIND SPEED    16   HIGHEST WIND DIRECTION     W (290)
  HIGHEST GUST SPEED    24   HIGHEST GUST DIRECTION     W (270)
  AVERAGE WIND SPEED     2.7


SKY COVER
  POSSIBLE SUNSHINE  MM
  AVERAGE SKY COVER 0.7


WEATHER CONDITIONS
 THE FOLLOWING WEATHER WAS RECORDED YESTERDAY.
  HEAVY RAIN
  RAIN
  LIGHT RAIN
  FOG


RELATIVE HUMIDITY (PERCENT)
 HIGHEST   100           200 AM
 LOWEST     49           200 PM
 AVERAGE    75

..........................................................


THE MILLINOCKET ME CLIMATE NORMALS FOR TODAY
                         NORMAL    RECORD    YEAR
 MAXIMUM TEMPERATURE (F)   77        94      1946
                                             1944
 MINIMUM TEMPERATURE (F)   56        34      1927
                                             1914


SUNRISE AND SUNSET
JUNE 28 2017..........SUNRISE   448 AM EDT   SUNSET   828 PM EDT
JUNE 29 2017..........SUNRISE   448 AM EDT   SUNSET   828 PM EDT


-  INDICATES NEGATIVE NUMBERS.
R  INDICATES RECORD WAS SET OR TIED.
MM INDICATES DATA IS MISSING.
T  INDICATES TRACE AMOUNT.




$$
