000
CDUS41 KCAR 180537
CLIMLT


CLIMATE REPORT
NATIONAL WEATHER SERVICE CARIBOU, ME
132 AM EDT WED OCT 18 2017


...................................

...THE MILLINOCKET ME CLIMATE SUMMARY FOR OCTOBER 17 2017...

CLIMATE NORMAL PERIOD 1981 TO 2010
CLIMATE RECORD PERIOD 1903 TO 2017


WEATHER ITEM   OBSERVED TIME   RECORD YEAR NORMAL DEPARTURE LAST
                VALUE   (LST)  VALUE       VALUE  FROM      YEAR
                                                  NORMAL
..................................................................
TEMPERATURE (F)
 YESTERDAY
  MAXIMUM         53    348 PM  82    1947  54     -1       57
  MINIMUM         28    609 AM  20    1940  36     -8       40
  AVERAGE         41                        45     -4       49

PRECIPITATION (IN)
  YESTERDAY        0.00          2.05 1936   0.13  -0.13     0.00
  MONTH TO DATE    1.61                      2.37  -0.76     0.37
  SINCE SEP 1      5.03                      6.09  -1.06     1.56
  SINCE JAN 1     29.67                     33.02  -3.35    24.56

SNOWFALL (IN)
  YESTERDAY       MM            MM      MM  MM     MM       MM
  MONTH TO DATE   MM                        MM     MM       MM
  SINCE SEP 1     MM                        MM     MM       MM
  SINCE JUL 1     MM                        MM     MM       MM
  SNOW DEPTH      MM

DEGREE DAYS
 HEATING
  YESTERDAY       24                        20      4       16
  MONTH TO DATE  200                       293    -93      242
  SINCE SEP 1    321                       542   -221      417
  SINCE JUL 1    420                       621   -201      457

 COOLING
  YESTERDAY        0                         0      0        0
  MONTH TO DATE    0                         0      0        0
  SINCE SEP 1     47                        17     30       43
  SINCE JAN 1    263                       268     -5      350
..................................................................


WIND (MPH)
  HIGHEST WIND SPEED    14   HIGHEST WIND DIRECTION    NW (310)
  HIGHEST GUST SPEED    22   HIGHEST GUST DIRECTION    NW (330)
  AVERAGE WIND SPEED     4.6


SKY COVER
  POSSIBLE SUNSHINE  MM
  AVERAGE SKY COVER 0.3


WEATHER CONDITIONS
 THE FOLLOWING WEATHER WAS RECORDED YESTERDAY.
  NO SIGNIFICANT WEATHER WAS OBSERVED.


RELATIVE HUMIDITY (PERCENT)
 HIGHEST   100           100 AM
 LOWEST     41           200 PM
 AVERAGE    71

..........................................................


THE MILLINOCKET ME CLIMATE NORMALS FOR TODAY
                         NORMAL    RECORD    YEAR
 MAXIMUM TEMPERATURE (F)   54        83      1947
 MINIMUM TEMPERATURE (F)   35        21      1978


SUNRISE AND SUNSET
OCTOBER 18 2017.......SUNRISE   655 AM EDT   SUNSET   543 PM EDT
OCTOBER 19 2017.......SUNRISE   657 AM EDT   SUNSET   542 PM EDT


-  INDICATES NEGATIVE NUMBERS.
R  INDICATES RECORD WAS SET OR TIED.
MM INDICATES DATA IS MISSING.
T  INDICATES TRACE AMOUNT.




$$
