000
CDUS44 KSHV 222131
CLIMLU


CLIMATE REPORT
NATIONAL WEATHER SERVICE SHREVEPORT, LA
431 PM CDT FRI SEP 22 2017


...................................

...THE MONROE CLIMATE SUMMARY FOR SEPTEMBER 22 2017...
VALID TODAY AS OF 0400 PM LOCAL TIME.

CLIMATE NORMAL PERIOD 1981 TO 2010
CLIMATE RECORD PERIOD 1930 TO 2017


WEATHER ITEM   OBSERVED TIME   RECORD YEAR NORMAL DEPARTURE LAST
                VALUE   (LST)  VALUE       VALUE  FROM      YEAR
                                                  NORMAL
..................................................................
TEMPERATURE (F)
 TODAY
  MAXIMUM         94    157 PM 100    1910  87      7       93
  MINIMUM         68    534 AM  41    1983  62      6       64
  AVERAGE         81                        75      6       79

PRECIPITATION (IN)
  TODAY            T             1.90 1920   0.12  -0.12     0.00
  MONTH TO DATE    0.37                      2.61  -2.24     0.28
  SINCE DEC 1     52.36                     43.38   8.98    66.82
  SINCE JAN 1     47.53                     38.09   9.44    60.43

DEGREE DAYS
 HEATING
  TODAY            0                         0      0        0
  MONTH TO DATE    0                         0      0        0
  SINCE SEP 1      0                         0      0        0
  SINCE JUL 1      0                         0      0        0

 COOLING
  TODAY           16                        10      6       14
  MONTH TO DATE  245                       291    -46      370
  SINCE SEP 1    245                       291    -46      370
  SINCE JAN 1   2272                      2298    -26     2424
..................................................................


WIND (MPH)
  HIGHEST WIND SPEED    13   HIGHEST WIND DIRECTION    NE (40)
  HIGHEST GUST SPEED    17   HIGHEST GUST DIRECTION     E (110)
  AVERAGE WIND SPEED     1.5


SKY COVER
  POSSIBLE SUNSHINE  MM
  AVERAGE SKY COVER 0.1


WEATHER CONDITIONS
 THE FOLLOWING WEATHER WAS RECORDED TODAY.
  THUNDERSTORM
  LIGHT RAIN
  FOG
  FOG W/VISIBILITY <= 1/4 MILE


RELATIVE HUMIDITY (PERCENT)
 HIGHEST   100           200 AM
 LOWEST     46           100 PM
 AVERAGE    73

..........................................................


THE MONROE CLIMATE NORMALS FOR TOMORROW
                         NORMAL    RECORD    YEAR
 MAXIMUM TEMPERATURE (F)   87       101      1931
 MINIMUM TEMPERATURE (F)   62        43      1982


SUNRISE AND SUNSET
SEPTEMBER 22 2017.....SUNRISE   656 AM CDT   SUNSET   704 PM CDT
SEPTEMBER 23 2017.....SUNRISE   657 AM CDT   SUNSET   703 PM CDT


-  INDICATES NEGATIVE NUMBERS.
R  INDICATES RECORD WAS SET OR TIED.
MM INDICATES DATA IS MISSING.
T  INDICATES TRACE AMOUNT.




$$
