000
CDUS44 KSHV 300743
CLIMLU


CLIMATE REPORT
NATIONAL WEATHER SERVICE SHREVEPORT, LA
237 AM CDT TUE SEP 30 2014


...................................

...THE MONROE CLIMATE SUMMARY FOR SEPTEMBER 29 2014...

CLIMATE NORMAL PERIOD 1981 TO 2010
CLIMATE RECORD PERIOD 1930 TO 2014


WEATHER ITEM   OBSERVED TIME   RECORD YEAR NORMAL DEPARTURE LAST
                VALUE   (LST)  VALUE       VALUE  FROM      YEAR
                                                  NORMAL
..................................................................
TEMPERATURE (F)
 YESTERDAY
  MAXIMUM         90    241 PM  99    1953  85      5       76
  MINIMUM         67   1055 PM  35    1967  59      8       69
  AVERAGE         79                        72      7       73

PRECIPITATION (IN)
  YESTERDAY        0.00          1.82 2012   0.14  -0.14     0.14
  MONTH TO DATE    1.25                      3.49  -2.24     2.31
  SINCE DEC 1     43.74                     44.26  -0.52    39.32
  SINCE JAN 1     40.48                     38.97   1.51    34.59

SNOWFALL (IN)
  YESTERDAY        0.0
  MONTH TO DATE    0.0
  SINCE SEP 1      0.0
  SINCE JUL 1      0.0
  SNOW DEPTH       0

DEGREE DAYS
 HEATING
  YESTERDAY        0                         1     -1        0
  MONTH TO DATE    0                         3     -3        0
  SINCE SEP 1      0                         3     -3        0
  SINCE JUL 1      0                         3     -3        0

 COOLING
  YESTERDAY       14                         8      6        8
  MONTH TO DATE  379                       352     27      439
  SINCE SEP 1    379                       352     27      439
  SINCE JAN 1   2130                      2359   -229     2284
..................................................................


WIND (MPH)
  HIGHEST WIND SPEED    15   HIGHEST WIND DIRECTION    NE (40)
  HIGHEST GUST SPEED    20   HIGHEST GUST DIRECTION    NE (30)
  AVERAGE WIND SPEED     4.6


SKY COVER
  POSSIBLE SUNSHINE  MM
  AVERAGE SKY COVER 0.6


WEATHER CONDITIONS
 THE FOLLOWING WEATHER WAS RECORDED YESTERDAY.
  NO SIGNIFICANT WEATHER WAS OBSERVED.


RELATIVE HUMIDITY (PERCENT)
 HIGHEST    93          1100 PM
 LOWEST     46           300 PM
 AVERAGE    70

..........................................................


THE MONROE CLIMATE NORMALS FOR TODAY
                         NORMAL    RECORD    YEAR
 MAXIMUM TEMPERATURE (F)   85        97      1953
 MINIMUM TEMPERATURE (F)   59        41      1963


SUNRISE AND SUNSET
SEPTEMBER 30 2014.....SUNRISE   701 AM CDT   SUNSET   654 PM CDT
OCTOBER  1 2014.......SUNRISE   702 AM CDT   SUNSET   653 PM CDT


-  INDICATES NEGATIVE NUMBERS.
R  INDICATES RECORD WAS SET OR TIED.
MM INDICATES DATA IS MISSING.
T  INDICATES TRACE AMOUNT.




$$
