000
CDUS44 KSHV 210848
CLIMLU


CLIMATE REPORT
NATIONAL WEATHER SERVICE SHREVEPORT, LA
247 AM CST TUE NOV 21 2017


...................................

...THE MONROE CLIMATE SUMMARY FOR NOVEMBER 20 2017...

CLIMATE NORMAL PERIOD 1981 TO 2010
CLIMATE RECORD PERIOD 1930 TO 2017


WEATHER ITEM   OBSERVED TIME   RECORD YEAR NORMAL DEPARTURE LAST
                VALUE   (LST)  VALUE       VALUE  FROM      YEAR
                                                  NORMAL
..................................................................
TEMPERATURE (F)
 YESTERDAY
  MAXIMUM         59    326 PM  83    2011  67     -8       62
                                      1933
  MINIMUM         30    717 AM  24    1937  43    -13       30
                                      1914
  AVERAGE         45                        55    -10       46

PRECIPITATION (IN)
  YESTERDAY        0.00          2.10 1900   0.17  -0.17     0.00
  MONTH TO DATE    1.53                      3.11  -1.58     0.25
  SINCE DEC 1     55.23                     52.29   2.94    67.61
  SINCE JAN 1     50.40                     47.00   3.40    61.22

SNOWFALL (IN)
  YESTERDAY        0.0
  MONTH TO DATE    0.0
  SINCE SEP 1      0.0
  SINCE JUL 1      0.0
  SNOW DEPTH       0

DEGREE DAYS
 HEATING
  YESTERDAY       20                        11      9       19
  MONTH TO DATE  107                       159    -52       90
  SINCE SEP 1    187                       249    -62      106
  SINCE JUL 1    187                       249    -62      106

 COOLING
  YESTERDAY        0                         1     -1        0
  MONTH TO DATE   68                        22     46       26
  SINCE SEP 1    597                       499     98      678
  SINCE JAN 1   2624                      2506    118     2732
..................................................................


WIND (MPH)
  HIGHEST WIND SPEED     9   HIGHEST WIND DIRECTION     S (180)
  HIGHEST GUST SPEED    12   HIGHEST GUST DIRECTION     S (170)
  AVERAGE WIND SPEED     1.6


SKY COVER
  POSSIBLE SUNSHINE  MM
  AVERAGE SKY COVER 0.0


WEATHER CONDITIONS
 THE FOLLOWING WEATHER WAS RECORDED YESTERDAY.
  FOG
  HAZE


RELATIVE HUMIDITY (PERCENT)
 HIGHEST   100           200 AM
 LOWEST     33           300 PM
 AVERAGE    67

..........................................................


THE MONROE CLIMATE NORMALS FOR TODAY
                         NORMAL    RECORD    YEAR
 MAXIMUM TEMPERATURE (F)   66        85      2011
                                             1933
 MINIMUM TEMPERATURE (F)   43        25      1937
                                             1914


SUNRISE AND SUNSET
NOVEMBER 21 2017......SUNRISE   643 AM CST   SUNSET   504 PM CST
NOVEMBER 22 2017......SUNRISE   644 AM CST   SUNSET   504 PM CST


-  INDICATES NEGATIVE NUMBERS.
R  INDICATES RECORD WAS SET OR TIED.
MM INDICATES DATA IS MISSING.
T  INDICATES TRACE AMOUNT.




$$
