000
CDUS44 KSHV 270836
CLIMLU


CLIMATE REPORT
NATIONAL WEATHER SERVICE SHREVEPORT, LA
236 AM CST SAT DEC 27 2014


...................................

...THE MONROE CLIMATE SUMMARY FOR DECEMBER 26 2014...

CLIMATE NORMAL PERIOD 1981 TO 2010
CLIMATE RECORD PERIOD 1930 TO 2014


WEATHER ITEM   OBSERVED TIME   RECORD YEAR NORMAL DEPARTURE LAST
                VALUE   (LST)  VALUE       VALUE  FROM      YEAR
                                                  NORMAL
..................................................................
TEMPERATURE (F)
 YESTERDAY
  MAXIMUM         57   1159 PM  77    2008  57      0       55
  MINIMUM         38   1259 AM  12    1983  36      2       29
  AVERAGE         48                        46      2       42

PRECIPITATION (IN)
  YESTERDAY        0.15          3.15 1982   0.17  -0.02     0.00
  MONTH TO DATE    1.92                      4.49  -2.57     3.26
  SINCE DEC 1      1.92                      4.49  -2.57     3.26
  SINCE JAN 1     49.53                     53.22  -3.69    50.31

SNOWFALL (IN)
  YESTERDAY        0.0
  MONTH TO DATE    0.0
  SINCE DEC 1      0.0
  SINCE JUL 1      0.0
  SNOW DEPTH       0

DEGREE DAYS
 HEATING
  YESTERDAY       17                        19     -2       23
  MONTH TO DATE  367                       436    -69      468
  SINCE DEC 1    367                       436    -69      468
  SINCE JUL 1    841                       808     33      948

 COOLING
  YESTERDAY        0                         0      0        0
  MONTH TO DATE    1                         0      1       11
  SINCE DEC 1      1                         0      1       11
  SINCE JAN 1   2284                      2508   -224     2444
..................................................................


WIND (MPH)
  HIGHEST WIND SPEED    10   HIGHEST WIND DIRECTION     S (160)
  HIGHEST GUST SPEED    14   HIGHEST GUST DIRECTION    SE (130)
  AVERAGE WIND SPEED     3.9


SKY COVER
  POSSIBLE SUNSHINE  MM
  AVERAGE SKY COVER 0.7


WEATHER CONDITIONS
 THE FOLLOWING WEATHER WAS RECORDED YESTERDAY.
  RAIN
  LIGHT RAIN
  FOG
  HAZE


RELATIVE HUMIDITY (PERCENT)
 HIGHEST    93           200 PM
 LOWEST     72          1100 AM
 AVERAGE    83

..........................................................


THE MONROE CLIMATE NORMALS FOR TODAY
                         NORMAL    RECORD    YEAR
 MAXIMUM TEMPERATURE (F)   57        78      2008
 MINIMUM TEMPERATURE (F)   36        20      2010


SUNRISE AND SUNSET
DECEMBER 27 2014......SUNRISE   708 AM CST   SUNSET   510 PM CST
DECEMBER 28 2014......SUNRISE   709 AM CST   SUNSET   511 PM CST


-  INDICATES NEGATIVE NUMBERS.
R  INDICATES RECORD WAS SET OR TIED.
MM INDICATES DATA IS MISSING.
T  INDICATES TRACE AMOUNT.




$$
