000
CDUS46 KPQR 101144
CLIMMV


CLIMATE REPORT
NATIONAL WEATHER SERVICE PORTLAND OREGON
443 AM PDT THU JUL 10 2014


...................................

...THE MCMINNVILLE OR CLIMATE SUMMARY FOR JULY 9 2014...

CLIMATE NORMAL PERIOD 1981 TO 2010
CLIMATE RECORD PERIOD 1894 TO 2014


WEATHER ITEM   OBSERVED TIME   RECORD YEAR NORMAL DEPARTURE LAST
                VALUE   (LST)  VALUE       VALUE  FROM      YEAR
                                                  NORMAL
..................................................................
TEMPERATURE (F)
 YESTERDAY
  MAXIMUM         88    413 PM 110    1926  80      8       92
  MINIMUM         56   1159 PM  34    1960  50      6       54
  AVERAGE         72                        65      7       73

PRECIPITATION (IN)
  YESTERDAY        0.00          0.35 1995   0.03  -0.03     0.00
  MONTH TO DATE    0.00                      0.28  -0.28     0.00
  SINCE OCT 1     27.08                     37.56 -10.48    31.54
  SINCE JAN 1     22.12                     21.53   0.59    10.40

DEGREE DAYS
 HEATING
  YESTERDAY        0                         2     -2        0
  MONTH TO DATE    0                        22    -22        3
  SINCE JUL 1      0                        22    -22        3

 COOLING
  YESTERDAY        7                         2      5        8
  MONTH TO DATE   74                        16     58       45
  SINCE JAN 1    104                        38     66       98
..................................................................


WIND (MPH)
  HIGHEST WIND SPEED    14   HIGHEST WIND DIRECTION     N (20)
  HIGHEST GUST SPEED    16   HIGHEST GUST DIRECTION     N (10)
  AVERAGE WIND SPEED     5.2


SKY COVER
  POSSIBLE SUNSHINE  MM
  AVERAGE SKY COVER 0.0


WEATHER CONDITIONS
 THE FOLLOWING WEATHER WAS RECORDED YESTERDAY.
  HAZE


RELATIVE HUMIDITY (PERCENT)
 HIGHEST    80           600 AM
 LOWEST     29           400 PM
 AVERAGE    55

..........................................................


THE MCMINNVILLE OR CLIMATE NORMALS FOR TODAY
                         NORMAL    RECORD    YEAR
 MAXIMUM TEMPERATURE (F)   80       110      1926
 MINIMUM TEMPERATURE (F)   50        34      1960


SUNRISE AND SUNSET
JULY 10 2014..........SUNRISE   435 AM PST   SUNSET   800 PM PST
JULY 11 2014..........SUNRISE   436 AM PST   SUNSET   800 PM PST


-  INDICATES NEGATIVE NUMBERS.
R  INDICATES RECORD WAS SET OR TIED.
MM INDICATES DATA IS MISSING.
T  INDICATES TRACE AMOUNT.




$$
