000
CDUS46 KPQR 231142
CLIMMV


CLIMATE REPORT
NATIONAL WEATHER SERVICE PORTLAND OREGON
441 AM PDT WED JUL 23 2014


...................................

...THE MCMINNVILLE OR CLIMATE SUMMARY FOR JULY 22 2014...

CLIMATE NORMAL PERIOD 1981 TO 2010
CLIMATE RECORD PERIOD 1894 TO 2014


WEATHER ITEM   OBSERVED TIME   RECORD YEAR NORMAL DEPARTURE LAST
                VALUE   (LST)  VALUE       VALUE  FROM      YEAR
                                                  NORMAL
..................................................................
TEMPERATURE (F)
 YESTERDAY
  MAXIMUM         78    405 PM 102    1928  83     -5       89
  MINIMUM         58    227 AM  36    1960  52      6       50
  AVERAGE         68                        67      1       70

PRECIPITATION (IN)
  YESTERDAY        0.03          0.31 1898   0.01   0.02     0.00
  MONTH TO DATE    0.05                      0.42  -0.37      T
  SINCE OCT 1     27.13                     37.70 -10.57    31.54
  SINCE JAN 1     22.17                     21.67   0.50    10.40

DEGREE DAYS
 HEATING
  YESTERDAY        0                         1     -1        0
  MONTH TO DATE    1                        36    -35       10
  SINCE JUL 1      1                        36    -35       10

 COOLING
  YESTERDAY        3                         3      0        5
  MONTH TO DATE  157                        50    107       88
  SINCE JAN 1    187                        72    115      141
..................................................................


WIND (MPH)
  HIGHEST WIND SPEED    14   HIGHEST WIND DIRECTION    SW (220)
  HIGHEST GUST SPEED    18   HIGHEST GUST DIRECTION    SE (120)
  AVERAGE WIND SPEED     5.5


SKY COVER
  POSSIBLE SUNSHINE  MM
  AVERAGE SKY COVER 0.8


WEATHER CONDITIONS
 THE FOLLOWING WEATHER WAS RECORDED YESTERDAY.
  LIGHT RAIN
  FOG


RELATIVE HUMIDITY (PERCENT)
 HIGHEST    90           600 AM
 LOWEST     45           400 PM
 AVERAGE    68

..........................................................


THE MCMINNVILLE OR CLIMATE NORMALS FOR TODAY
                         NORMAL    RECORD    YEAR
 MAXIMUM TEMPERATURE (F)   83       108      1924
 MINIMUM TEMPERATURE (F)   52        36      1960


SUNRISE AND SUNSET
JULY 23 2014..........SUNRISE   448 AM PST   SUNSET   750 PM PST
JULY 24 2014..........SUNRISE   449 AM PST   SUNSET   749 PM PST


-  INDICATES NEGATIVE NUMBERS.
R  INDICATES RECORD WAS SET OR TIED.
MM INDICATES DATA IS MISSING.
T  INDICATES TRACE AMOUNT.




$$
