000
CDUS46 KPQR 291143
CLIMMV


CLIMATE REPORT
NATIONAL WEATHER SERVICE PORTLAND OREGON
442 AM PDT FRI MAY 29 2015


...................................

...THE MCMINNVILLE OR CLIMATE SUMMARY FOR MAY 28 2015...

CLIMATE NORMAL PERIOD 1981 TO 2010
CLIMATE RECORD PERIOD 1894 TO 2015


WEATHER ITEM   OBSERVED TIME   RECORD YEAR NORMAL DEPARTURE LAST
                VALUE   (LST)  VALUE       VALUE  FROM      YEAR
                                                  NORMAL
..................................................................
TEMPERATURE (F)
 YESTERDAY
  MAXIMUM         85    435 PM 100    1983  70     15       66
  MINIMUM         51    506 AM  31    1966  45      6       46
  AVERAGE         68                        57     11       56

PRECIPITATION (IN)
  YESTERDAY        0.00          1.02 1993   0.08  -0.08     0.06
  MONTH TO DATE    0.89                      2.04  -1.15     1.83
  SINCE OCT 1     31.77                     35.55  -3.78    25.82
  SINCE JAN 1     15.53                     19.52  -3.99    20.86

DEGREE DAYS
 HEATING
  YESTERDAY        0                         8     -8        9
  MONTH TO DATE  182                       280    -98      175
  SINCE JUL 1   3528                      4678  -1150     4494

 COOLING
  YESTERDAY        3                         0      3        0
  MONTH TO DATE    3                         0      3       16
  SINCE JAN 1      3                         0      3       20
..................................................................


WIND (MPH)
  HIGHEST WIND SPEED    14   HIGHEST WIND DIRECTION    SW (230)
  HIGHEST GUST SPEED    19   HIGHEST GUST DIRECTION    SW (210)
  AVERAGE WIND SPEED     4.6


SKY COVER
  POSSIBLE SUNSHINE  MM
  AVERAGE SKY COVER 0.0


WEATHER CONDITIONS
 THE FOLLOWING WEATHER WAS RECORDED YESTERDAY.
  NO SIGNIFICANT WEATHER WAS OBSERVED.


RELATIVE HUMIDITY (PERCENT)
 HIGHEST    93           200 AM
 LOWEST     37           200 PM
 AVERAGE    65

..........................................................


THE MCMINNVILLE OR CLIMATE NORMALS FOR TODAY
                         NORMAL    RECORD    YEAR
 MAXIMUM TEMPERATURE (F)   70        99      1983
 MINIMUM TEMPERATURE (F)   45        29      1951


SUNRISE AND SUNSET
MAY 29 2015...........SUNRISE   430 AM PST   SUNSET   750 PM PST
MAY 30 2015...........SUNRISE   430 AM PST   SUNSET   751 PM PST


-  INDICATES NEGATIVE NUMBERS.
R  INDICATES RECORD WAS SET OR TIED.
MM INDICATES DATA IS MISSING.
T  INDICATES TRACE AMOUNT.




$$
