000
CDUS46 KPQR 150228
CLIMMV


CLIMATE REPORT
NATIONAL WEATHER SERVICE PORTLAND OREGON
728 PM PDT SUN SEP 14 2014


...................................

...THE MCMINNVILLE OR CLIMATE SUMMARY FOR SEPTEMBER 14 2014...
VALID TODAY AS OF 0700 PM LOCAL TIME.

CLIMATE NORMAL PERIOD 1981 TO 2010
CLIMATE RECORD PERIOD 1894 TO 2014


WEATHER ITEM   OBSERVED TIME   RECORD YEAR NORMAL DEPARTURE LAST
                VALUE   (LST)  VALUE       VALUE  FROM      YEAR
                                                  NORMAL
..................................................................
TEMPERATURE (F)
 TODAY
  MAXIMUM         90        MM  99    1937  77     13       80
  MINIMUM         44        MM  30    1970  48     -4       57
  AVERAGE         67                        62      5       69

PRECIPITATION (IN)
  TODAY            0.00          2.10 1996   0.03  -0.03     0.01
  MONTH TO DATE    T                         0.49  -0.49     1.30
  SINCE OCT 1     27.60                     38.85 -11.25    33.50
  SINCE JAN 1     22.64                     22.82  -0.18    12.36

DEGREE DAYS
 HEATING
  TODAY            0                         4     -4        0
  MONTH TO DATE    5                        39    -34        2
  SINCE JUL 1     11                       124   -113       19

 COOLING
  TODAY            2                         1      1        4
  MONTH TO DATE   49                        22     27       68
  SINCE JAN 1    494                       206    288      405
..................................................................


WIND (MPH)
  HIGHEST WIND SPEED     6   HIGHEST WIND DIRECTION     E (80)
  HIGHEST GUST SPEED    MM   HIGHEST GUST DIRECTION    MM
  AVERAGE WIND SPEED     1.9


SKY COVER
  POSSIBLE SUNSHINE  MM
  AVERAGE SKY COVER 0.3


WEATHER CONDITIONS
 THE FOLLOWING WEATHER WAS RECORDED TODAY.
  HAZE


RELATIVE HUMIDITY (PERCENT)
 HIGHEST    83           500 AM
 LOWEST     19           400 PM
 AVERAGE    51

..........................................................


THE MCMINNVILLE OR CLIMATE NORMALS FOR TOMORROW
                         NORMAL    RECORD    YEAR
 MAXIMUM TEMPERATURE (F)   77       100      1922
 MINIMUM TEMPERATURE (F)   47        28      1970


SUNRISE AND SUNSET
SEPTEMBER 14 2014.....SUNRISE   550 AM PST   SUNSET   625 PM PST
SEPTEMBER 15 2014.....SUNRISE   551 AM PST   SUNSET   623 PM PST


-  INDICATES NEGATIVE NUMBERS.
R  INDICATES RECORD WAS SET OR TIED.
MM INDICATES DATA IS MISSING.
T  INDICATES TRACE AMOUNT.




$$
