000
CDUS46 KPQR 191146
CLIMMV


CLIMATE REPORT
NATIONAL WEATHER SERVICE PORTLAND OREGON
345 AM PST FRI DEC 19 2014


...................................

...THE MCMINNVILLE OR CLIMATE SUMMARY FOR DECEMBER 18 2014...

CLIMATE NORMAL PERIOD 1981 TO 2010
CLIMATE RECORD PERIOD 1894 TO 2014


WEATHER ITEM   OBSERVED TIME   RECORD YEAR NORMAL DEPARTURE LAST
                VALUE   (LST)  VALUE       VALUE  FROM      YEAR
                                                  NORMAL
..................................................................
TEMPERATURE (F)
 YESTERDAY
  MAXIMUM         55    315 PM  65    2005  45     10       42
  MINIMUM         41    432 AM   9    1924  33      8       30
  AVERAGE         48                        39      9       36

PRECIPITATION (IN)
  YESTERDAY        0.31          2.77 1895   0.21   0.10     0.07
  MONTH TO DATE    3.26                      3.54  -0.28     1.15
  SINCE OCT 1     13.46                     13.48  -0.02     4.79
  SINCE JAN 1     37.24                     37.19   0.05    22.04

DEGREE DAYS
 HEATING
  YESTERDAY       17                        26     -9       29
  MONTH TO DATE  333                       446   -113      577
  SINCE JUL 1   1120                      1668   -548     1705

 COOLING
  YESTERDAY        0                         0      0        0
  MONTH TO DATE    0                         0      0        0
  SINCE JAN 1    529                       215    314      405
..................................................................


WIND (MPH)
  HIGHEST WIND SPEED    22   HIGHEST WIND DIRECTION    SW (210)
  HIGHEST GUST SPEED    30   HIGHEST GUST DIRECTION     S (180)
  AVERAGE WIND SPEED     4.4


SKY COVER
  POSSIBLE SUNSHINE  MM
  AVERAGE SKY COVER 1.0


WEATHER CONDITIONS
 THE FOLLOWING WEATHER WAS RECORDED YESTERDAY.
  RAIN
  LIGHT RAIN
  FOG
  FOG W/VISIBILITY <= 1/4 MILE


RELATIVE HUMIDITY (PERCENT)
 HIGHEST    96           300 AM
 LOWEST     80          1100 PM
 AVERAGE    88

..........................................................


THE MCMINNVILLE OR CLIMATE NORMALS FOR TODAY
                         NORMAL    RECORD    YEAR
 MAXIMUM TEMPERATURE (F)   45        60      2005
 MINIMUM TEMPERATURE (F)   33        11      1924


SUNRISE AND SUNSET
DECEMBER 19 2014......SUNRISE   747 AM PST   SUNSET   432 PM PST
DECEMBER 20 2014......SUNRISE   748 AM PST   SUNSET   433 PM PST


-  INDICATES NEGATIVE NUMBERS.
R  INDICATES RECORD WAS SET OR TIED.
MM INDICATES DATA IS MISSING.
T  INDICATES TRACE AMOUNT.




$$
