000
CDUS46 KPQR 270221
CLIMMV


CLIMATE REPORT
NATIONAL WEATHER SERVICE PORTLAND OREGON
721 PM PDT MON JUN 26 2017


...................................

...THE MCMINNVILLE OR CLIMATE SUMMARY FOR JUNE 26 2017...
VALID TODAY AS OF 0700 PM LOCAL TIME.

CLIMATE NORMAL PERIOD 1981 TO 2010
CLIMATE RECORD PERIOD 1894 TO 2017


WEATHER ITEM   OBSERVED TIME   RECORD YEAR NORMAL DEPARTURE LAST
                VALUE   (LST)  VALUE       VALUE  FROM      YEAR
                                                  NORMAL
..................................................................
TEMPERATURE (F)
 TODAY
  MAXIMUM         76    313 PM 103    2006  76      0       91
  MINIMUM         55    417 AM  35    1976  48      7       53
  AVERAGE         66                        62      4       72

PRECIPITATION (IN)
  TODAY            0.00                      0.03  -0.03     0.00
  MONTH TO DATE    0.84                      1.37  -0.53     1.56
  SINCE OCT 1     53.31                     37.12  16.19    49.19
  SINCE JAN 1     29.50                     21.09   8.41    24.12

DEGREE DAYS
 HEATING
  TODAY            0                                         0
  MONTH TO DATE   97                                       101
  SINCE JUN 1     97                                       101
  SINCE JUL 1   4602                                      3805

 COOLING
  TODAY            1                                         7
  MONTH TO DATE   52                                        59
  SINCE JUN 1     52                                        59
  SINCE JAN 1     76                                        78
..................................................................


WIND (MPH)
  HIGHEST WIND SPEED    17   HIGHEST WIND DIRECTION    SW (230)
  HIGHEST GUST SPEED    22   HIGHEST GUST DIRECTION    SW (220)
  AVERAGE WIND SPEED     5.5


SKY COVER
  POSSIBLE SUNSHINE  MM
  AVERAGE SKY COVER 0.3


WEATHER CONDITIONS
 THE FOLLOWING WEATHER WAS RECORDED TODAY.
  THUNDERSTORM


RELATIVE HUMIDITY (PERCENT)
 HIGHEST    86           100 AM
 LOWEST     53           300 PM
 AVERAGE    70

..........................................................


THE MCMINNVILLE OR CLIMATE NORMALS FOR TOMORROW
                         NORMAL    RECORD    YEAR
 MAXIMUM TEMPERATURE (F)   76        97      2000
 MINIMUM TEMPERATURE (F)   49        32      1965


SUNRISE AND SUNSET
JUNE 26 2017..........SUNRISE   427 AM PST   SUNSET   804 PM PST
JUNE 27 2017..........SUNRISE   427 AM PST   SUNSET   804 PM PST


-  INDICATES NEGATIVE NUMBERS.
R  INDICATES RECORD WAS SET OR TIED.
MM INDICATES DATA IS MISSING.
T  INDICATES TRACE AMOUNT.




$$
