585
CDUS44 KMOB 180625
CLIMOB


CLIMATE REPORT
NATIONAL WEATHER SERVICE MOBILE AL
1225 AM CST MON DEC 18 2017


...................................

...THE MOBILE CLIMATE SUMMARY FOR DECEMBER 17 2017...

CLIMATE NORMAL PERIOD 1981 TO 2010
CLIMATE RECORD PERIOD 1842 TO 2017


WEATHER ITEM   OBSERVED TIME   RECORD YEAR NORMAL DEPARTURE LAST
                VALUE   (LST)  VALUE       VALUE  FROM      YEAR
                                                  NORMAL
..................................................................
TEMPERATURE (F)
 YESTERDAY
  MAXIMUM         71   1126 AM  78    2008  62      9       76
                                      1971
  MINIMUM         52    117 AM  25    1963  42     10       66
  AVERAGE         62                        52     10       71

PRECIPITATION (IN)
  YESTERDAY        1.20          3.00 1995   0.17   1.03      T
  MONTH TO DATE    3.00                      2.70   0.30     5.07
  SINCE MAR 1     70.20                     53.02  17.18    49.88
  SINCE JAN 1     82.41                     63.79  18.62    59.33

SNOWFALL (IN)
  YESTERDAY        0.0           0.0  2001   0.0    0.0      0.0
                                      2000
  MONTH TO DATE    1.0                       0.0    1.0      0.0
  SINCE MAR 1      1.0                       0.1    0.9      0.0
  SINCE JUL 1      1.0                       0.0    1.0      0.0
  SNOW DEPTH       0

DEGREE DAYS
 HEATING
  YESTERDAY        3                        13    -10        0
  MONTH TO DATE  222                       203     19      163
  SINCE DEC 1    222                       203     19      163
  SINCE JUL 1    438                       461    -23      297

 COOLING
  YESTERDAY        0                         0      0        6
  MONTH TO DATE    2                         8     -6       11
  SINCE DEC 1      2                         8     -6       11
  SINCE JAN 1   2781                      2511    270     2818
..................................................................


WIND (MPH)
  HIGHEST WIND SPEED    21   HIGHEST WIND DIRECTION     S (160)
  HIGHEST GUST SPEED    28   HIGHEST GUST DIRECTION    SE (150)
  AVERAGE WIND SPEED     7.0


SKY COVER
  POSSIBLE SUNSHINE  MM
  AVERAGE SKY COVER 0.8


WEATHER CONDITIONS
 THE FOLLOWING WEATHER WAS RECORDED YESTERDAY.
  THUNDERSTORM
  HEAVY RAIN
  RAIN
  LIGHT RAIN
  FOG
  FOG W/VISIBILITY <= 1/4 MILE


RELATIVE HUMIDITY (PERCENT)
 HIGHEST   100           800 PM
 LOWEST     59          1200 AM
 AVERAGE    80

..........................................................


THE MOBILE CLIMATE NORMALS FOR TODAY
                         NORMAL    RECORD    YEAR
 MAXIMUM TEMPERATURE (F)   62        77      2006
                                             1967
 MINIMUM TEMPERATURE (F)   42        19      1901


SUNRISE AND SUNSET
DECEMBER 18 2017......SUNRISE   645 AM CST   SUNSET   455 PM CST
DECEMBER 19 2017......SUNRISE   645 AM CST   SUNSET   455 PM CST


-  INDICATES NEGATIVE NUMBERS.
R  INDICATES RECORD WAS SET OR TIED.
MM INDICATES DATA IS MISSING.
T  INDICATES TRACE AMOUNT.




$$
