000
CDUS44 KMOB 180647
CLIMOB


CLIMATE REPORT
NATIONAL WEATHER SERVICE MOBILE AL
146 AM CDT WED OCT 18 2017


...................................

...THE MOBILE CLIMATE SUMMARY FOR OCTOBER 17 2017...

CLIMATE NORMAL PERIOD 1981 TO 2010
CLIMATE RECORD PERIOD 1842 TO 2017


WEATHER ITEM   OBSERVED TIME   RECORD YEAR NORMAL DEPARTURE LAST
                VALUE   (LST)  VALUE       VALUE  FROM      YEAR
                                                  NORMAL
..................................................................
TEMPERATURE (F)
 YESTERDAY
  MAXIMUM         77    320 PM  90    1972  79     -2       87
  MINIMUM         53    623 AM  38    1991  57     -4       66
  AVERAGE         65                        68     -3       77

PRECIPITATION (IN)
  YESTERDAY        0.00          5.77 1937   0.11  -0.11     0.00
  MONTH TO DATE    9.31                      2.00   7.31     0.00
  SINCE MAR 1     62.59                     43.50  19.09    42.76
  SINCE JAN 1     74.80                     54.27  20.53    52.21

DEGREE DAYS
 HEATING
  YESTERDAY        0                         2     -2        0
  MONTH TO DATE    0                        14    -14        0
  SINCE SEP 1      0                        16    -16        0
  SINCE JUL 1      0                        16    -16        0

 COOLING
  YESTERDAY        0                         5     -5       12
  MONTH TO DATE  208                       109     99      153
  SINCE SEP 1    607                       486    121      619
  SINCE JAN 1   2693                      2413    280     2669
..................................................................


WIND (MPH)
  HIGHEST WIND SPEED    16   HIGHEST WIND DIRECTION    NE (60)
  HIGHEST GUST SPEED    21   HIGHEST GUST DIRECTION    NE (60)
  AVERAGE WIND SPEED     9.1


SKY COVER
  POSSIBLE SUNSHINE  MM
  AVERAGE SKY COVER 0.0


WEATHER CONDITIONS
 THE FOLLOWING WEATHER WAS RECORDED YESTERDAY.
  NO SIGNIFICANT WEATHER WAS OBSERVED.


RELATIVE HUMIDITY (PERCENT)
 HIGHEST    86          1100 PM
 LOWEST     47           300 PM
 AVERAGE    67

..........................................................


THE MOBILE CLIMATE NORMALS FOR TODAY
                         NORMAL    RECORD    YEAR
 MAXIMUM TEMPERATURE (F)   79        89      1972
 MINIMUM TEMPERATURE (F)   57        35      1948


SUNRISE AND SUNSET
OCTOBER 18 2017.......SUNRISE   658 AM CDT   SUNSET   618 PM CDT
OCTOBER 19 2017.......SUNRISE   658 AM CDT   SUNSET   617 PM CDT


-  INDICATES NEGATIVE NUMBERS.
R  INDICATES RECORD WAS SET OR TIED.
MM INDICATES DATA IS MISSING.
T  INDICATES TRACE AMOUNT.




$$
