000
CDUS44 KMOB 070645
CLIMOB


CLIMATE REPORT
NATIONAL WEATHER SERVICE MOBILE AL
145 AM CDT TUE JUL 7 2015


...................................

...THE MOBILE CLIMATE SUMMARY FOR JULY 6 2015...

CLIMATE NORMAL PERIOD 1981 TO 2010
CLIMATE RECORD PERIOD 1842 TO 2015


WEATHER ITEM   OBSERVED TIME   RECORD YEAR NORMAL DEPARTURE LAST
                VALUE   (LST)  VALUE       VALUE  FROM      YEAR
                                                  NORMAL
..................................................................
TEMPERATURE (F)
 YESTERDAY
  MAXIMUM         90    240 PM  99    1877  91     -1       91
  MINIMUM         67    426 AM  64    1882  73     -6       69
  AVERAGE         79                        82     -3       80

PRECIPITATION (IN)
  YESTERDAY        0.00          6.34 2005   0.23  -0.23     0.00
  MONTH TO DATE    1.15                      1.36  -0.21     0.00
  SINCE MAR 1     32.12                     23.54   8.58    39.53
  SINCE JAN 1     38.17                     34.31   3.86    46.65

DEGREE DAYS
 COOLING
  YESTERDAY       14                        17     -3       15
  MONTH TO DATE   93                       100     -7       94
  SINCE JUN 1    571                       544     27      504
  SINCE JAN 1   1171                       989    182      842
..................................................................


WIND (MPH)
  HIGHEST WIND SPEED    12   HIGHEST WIND DIRECTION     S (190)
  HIGHEST GUST SPEED    13   HIGHEST GUST DIRECTION     S (180)
  AVERAGE WIND SPEED     3.9


SKY COVER
  POSSIBLE SUNSHINE  MM
  AVERAGE SKY COVER 0.5


WEATHER CONDITIONS
 THE FOLLOWING WEATHER WAS RECORDED YESTERDAY.
  NO SIGNIFICANT WEATHER WAS OBSERVED.


RELATIVE HUMIDITY (PERCENT)
 HIGHEST   100          1200 AM
 LOWEST     55          1100 AM
 AVERAGE    78

..........................................................


THE MOBILE CLIMATE NORMALS FOR TODAY
                         NORMAL    RECORD    YEAR
 MAXIMUM TEMPERATURE (F)   91       100      2000
                                             1936
 MINIMUM TEMPERATURE (F)   73        64      1972


SUNRISE AND SUNSET
JULY  7 2015..........SUNRISE   556 AM CDT   SUNSET   759 PM CDT
JULY  8 2015..........SUNRISE   557 AM CDT   SUNSET   759 PM CDT


-  INDICATES NEGATIVE NUMBERS.
R  INDICATES RECORD WAS SET OR TIED.
MM INDICATES DATA IS MISSING.
T  INDICATES TRACE AMOUNT.




$$
