000
CDUS44 KMOB 190645
CLIMOB


CLIMATE REPORT
NATIONAL WEATHER SERVICE MOBILE AL
1245 AM CST THU JAN 19 2017


...................................

...THE MOBILE CLIMATE SUMMARY FOR JANUARY 18 2017...

CLIMATE NORMAL PERIOD 1981 TO 2010
CLIMATE RECORD PERIOD 1842 TO 2017


WEATHER ITEM   OBSERVED TIME   RECORD YEAR NORMAL DEPARTURE LAST
                VALUE   (LST)  VALUE       VALUE  FROM      YEAR
                                                  NORMAL
..................................................................
TEMPERATURE (F)
 YESTERDAY
  MAXIMUM         80R   223 PM  77    1974  61     19       56
                                      1952
                                      1950
  MINIMUM         66   1039 PM  14    1948  40     26       29
  AVERAGE         73                        50     23       43

PRECIPITATION (IN)
  YESTERDAY        0.00          3.82 1943   0.19  -0.19     0.00
  MONTH TO DATE    8.85                      3.22   5.63     2.53
  SINCE MAR 1     61.99                     58.60   3.39    77.85
  SINCE JAN 1      8.85                      3.22   5.63     2.53

SNOWFALL (IN)
  YESTERDAY        0.0          MM      MM   0.0    0.0      0.0
  MONTH TO DATE    0.0                       0.0    0.0      0.0
  SINCE MAR 1      0.0                       0.1   -0.1      0.0
  SINCE JUL 1      0.0                       T      0.0      0.0
  SNOW DEPTH       0

DEGREE DAYS
 HEATING
  YESTERDAY        0                        15    -15       22
  MONTH TO DATE  144                       270   -126      307
  SINCE DEC 1    419                       674   -255      485
  SINCE JUL 1    553                       932   -379      611

 COOLING
  YESTERDAY        8                         0      8        0
  MONTH TO DATE   33                         0     33        0
  SINCE DEC 1     74                        15     59       71
  SINCE JAN 1     33                         0     33        0
..................................................................


WIND (MPH)
  HIGHEST WIND SPEED    12   HIGHEST WIND DIRECTION     S (190)
  HIGHEST GUST SPEED    14   HIGHEST GUST DIRECTION    SW (210)
  AVERAGE WIND SPEED     5.2


SKY COVER
  POSSIBLE SUNSHINE  MM
  AVERAGE SKY COVER 0.8


WEATHER CONDITIONS
 THE FOLLOWING WEATHER WAS RECORDED YESTERDAY.
  FOG
  FOG W/VISIBILITY <= 1/4 MILE
  HAZE


RELATIVE HUMIDITY (PERCENT)
 HIGHEST   100           300 AM
 LOWEST     56           300 PM
 AVERAGE    78

..........................................................


THE MOBILE CLIMATE NORMALS FOR TODAY
                         NORMAL    RECORD    YEAR
 MAXIMUM TEMPERATURE (F)   61        78      1950
 MINIMUM TEMPERATURE (F)   40        12      1977


SUNRISE AND SUNSET
JANUARY 19 2017.......SUNRISE   650 AM CST   SUNSET   518 PM CST
JANUARY 20 2017.......SUNRISE   650 AM CST   SUNSET   519 PM CST


-  INDICATES NEGATIVE NUMBERS.
R  INDICATES RECORD WAS SET OR TIED.
MM INDICATES DATA IS MISSING.
T  INDICATES TRACE AMOUNT.




$$
