000
CDUS44 KMOB 220645
CLIMOB


CLIMATE REPORT
NATIONAL WEATHER SERVICE MOBILE AL
145 AM CDT TUE AUG 22 2017


...................................

...THE MOBILE CLIMATE SUMMARY FOR AUGUST 21 2017...

CLIMATE NORMAL PERIOD 1981 TO 2010
CLIMATE RECORD PERIOD 1842 TO 2017


WEATHER ITEM   OBSERVED TIME   RECORD YEAR NORMAL DEPARTURE LAST
                VALUE   (LST)  VALUE       VALUE  FROM      YEAR
                                                  NORMAL
..................................................................
TEMPERATURE (F)
 YESTERDAY
  MAXIMUM         93   1133 AM  98    1980  91      2       90
                                      1968
                                      1925
  MINIMUM         74    823 PM  62    1956  73      1       75
                                      1940
  AVERAGE         84                        82      2       83

PRECIPITATION (IN)
  YESTERDAY        0.01          2.43 1934   0.22  -0.21      T
  MONTH TO DATE    6.38                      5.03   1.35     4.29
  SINCE MAR 1     43.84                     34.46   9.38    37.22
  SINCE JAN 1     56.05                     45.23  10.82    46.67

DEGREE DAYS
 COOLING
  YESTERDAY       19                        17      2       18
  MONTH TO DATE  361                       357      4      362
  SINCE JUN 1   1323                      1323      0     1405
  SINCE JAN 1   1924                      1768    156     1864
..................................................................


WIND (MPH)
  HIGHEST WIND SPEED    20   HIGHEST WIND DIRECTION    SE (140)
  HIGHEST GUST SPEED    24   HIGHEST GUST DIRECTION    SE (130)
  AVERAGE WIND SPEED     3.4


SKY COVER
  POSSIBLE SUNSHINE  MM
  AVERAGE SKY COVER 0.3


WEATHER CONDITIONS
 THE FOLLOWING WEATHER WAS RECORDED YESTERDAY.
  THUNDERSTORM
  LIGHT RAIN
  FOG


RELATIVE HUMIDITY (PERCENT)
 HIGHEST    94           200 AM
 LOWEST     52          1100 AM
 AVERAGE    73

..........................................................


THE MOBILE CLIMATE NORMALS FOR TODAY
                         NORMAL    RECORD    YEAR
 MAXIMUM TEMPERATURE (F)   91       102      1968
 MINIMUM TEMPERATURE (F)   73        59      1956


SUNRISE AND SUNSET
AUGUST 22 2017........SUNRISE   624 AM CDT   SUNSET   727 PM CDT
AUGUST 23 2017........SUNRISE   624 AM CDT   SUNSET   726 PM CDT


-  INDICATES NEGATIVE NUMBERS.
R  INDICATES RECORD WAS SET OR TIED.
MM INDICATES DATA IS MISSING.
T  INDICATES TRACE AMOUNT.




$$
