000
CDUS44 KMOB 280645
CLIMOB


CLIMATE REPORT
NATIONAL WEATHER SERVICE MOBILE AL
1245 AM CST WED JAN 28 2015


...................................

...THE MOBILE CLIMATE SUMMARY FOR JANUARY 27 2015...

CLIMATE NORMAL PERIOD 1981 TO 2010
CLIMATE RECORD PERIOD 1842 TO 2015


WEATHER ITEM   OBSERVED TIME   RECORD YEAR NORMAL DEPARTURE LAST
                VALUE   (LST)  VALUE       VALUE  FROM      YEAR
                                                  NORMAL
..................................................................
TEMPERATURE (F)
 YESTERDAY
  MAXIMUM         69    321 PM  79    1950  61      8       64
  MINIMUM         38    649 AM  14    1940  40     -2       43
  AVERAGE         54                        51      3       54

PRECIPITATION (IN)
  YESTERDAY        0.00          2.52 1994   0.18  -0.18     0.06
  MONTH TO DATE    3.89                      4.90  -1.01     2.47
  SINCE MAR 1     69.48                     60.28   9.20    57.57
  SINCE JAN 1      3.89                      4.90  -1.01     2.47

SNOWFALL (IN)
  YESTERDAY        0.0          MM      MM   0.0    0.0      0.0
  MONTH TO DATE    0.0                       0.0    0.0       T
  SINCE MAR 1      0.0                       0.1   -0.1       T
  SINCE JUL 1      0.0                       T      0.0       T
  SNOW DEPTH       0

DEGREE DAYS
 HEATING
  YESTERDAY       11                        14     -3       11
  MONTH TO DATE  452                       403     49      562
  SINCE DEC 1    769                       807    -38      956
  SINCE JUL 1   1162                      1065     97     1240

 COOLING
  YESTERDAY        0                         0      0        0
  MONTH TO DATE    3                         0      3        0
  SINCE DEC 1      6                        15     -9       27
  SINCE JAN 1      3                         0      3        0
..................................................................


WIND (MPH)
  HIGHEST WIND SPEED    17   HIGHEST WIND DIRECTION    NW (330)
  HIGHEST GUST SPEED    24   HIGHEST GUST DIRECTION    NW (330)
  AVERAGE WIND SPEED     6.8


SKY COVER
  POSSIBLE SUNSHINE  MM
  AVERAGE SKY COVER 0.0


WEATHER CONDITIONS
 THE FOLLOWING WEATHER WAS RECORDED YESTERDAY.
  NO SIGNIFICANT WEATHER WAS OBSERVED.


RELATIVE HUMIDITY (PERCENT)
 HIGHEST    79           600 AM
 LOWEST     23           300 PM
 AVERAGE    51

..........................................................


THE MOBILE CLIMATE NORMALS FOR TODAY
                         NORMAL    RECORD    YEAR
 MAXIMUM TEMPERATURE (F)   61        80      1957
 MINIMUM TEMPERATURE (F)   40        18      1986
                                             1897


SUNRISE AND SUNSET
JANUARY 28 2015.......SUNRISE   647 AM CST   SUNSET   525 PM CST
JANUARY 29 2015.......SUNRISE   646 AM CST   SUNSET   526 PM CST


-  INDICATES NEGATIVE NUMBERS.
R  INDICATES RECORD WAS SET OR TIED.
MM INDICATES DATA IS MISSING.
T  INDICATES TRACE AMOUNT.




$$
