000
CDUS46 KSTO 260836
CLIMOD


CLIMATE REPORT
NATIONAL WEATHER SERVICE SACRAMENTO, CA
136 AM PDT TUE MAY 26 2015


...................................

...THE MODESTO CA CLIMATE SUMMARY FOR MAY 25 2015...

CLIMATE NORMAL PERIOD 1981 TO 2010
CLIMATE RECORD PERIOD 1931 TO 2015


WEATHER ITEM   OBSERVED TIME   RECORD YEAR NORMAL DEPARTURE LAST
                VALUE   (LST)  VALUE       VALUE  FROM      YEAR
                                                  NORMAL
..................................................................
TEMPERATURE (F)
 YESTERDAY
  MAXIMUM         85    340 PM  99    1979  85      0       96
  MINIMUM         54    506 AM  42    1962  56     -2       62
  AVERAGE         70

PRECIPITATION (IN)
  YESTERDAY        0.00          1.06 1931   0.02  -0.02     0.00
  MONTH TO DATE    0.27                      0.54  -0.27     0.01
  SINCE OCT 1     10.25                     12.62  -2.37     6.87
  SINCE JAN 1      2.85                      8.54  -5.69     5.51

SNOWFALL (IN)
  YESTERDAY        0.0          MM      MM
  MONTH TO DATE    0.0
  SINCE MAR 1      0.0
  SINCE JUL 1      0.0
  SNOW DEPTH       0

DEGREE DAYS
 HEATING
  YESTERDAY        0                         1     -1        0
  MONTH TO DATE   23                        32     -9       12
  SINCE MAR 1    200                       398   -198      271
  SINCE JUL 1   1612                      2166   -554     1969

 COOLING
  YESTERDAY        5                         6     -1       14
  MONTH TO DATE   54                       114    -60      143
  SINCE MAR 1    137                       158    -21      204
  SINCE JAN 1    137                       158    -21      204
..................................................................


WIND (MPH)
  RESULTANT WIND SPEED   7   RESULTANT WIND DIRECTION  NW (330)
  HIGHEST WIND SPEED    15   HIGHEST WIND DIRECTION    NW (320)
  HIGHEST GUST SPEED    20   HIGHEST GUST DIRECTION    NW (330)


SKY COVER
  POSSIBLE SUNSHINE  MM
  AVERAGE SKY COVER 0.0


WEATHER CONDITIONS
 THE FOLLOWING WEATHER WAS RECORDED YESTERDAY.
  NO SIGNIFICANT WEATHER WAS OBSERVED.


RELATIVE HUMIDITY (PERCENT)
 HIGHEST    77           300 AM
 LOWEST     29           300 PM
 AVERAGE    53

..........................................................


THE MODESTO CA CLIMATE NORMALS FOR TODAY
                         NORMAL    RECORD    YEAR
 MAXIMUM TEMPERATURE (F)   85       102      1951
 MINIMUM TEMPERATURE (F)   57        43      1962


SUNRISE AND SUNSET
MAY 26 2015...........SUNRISE   547 AM PDT   SUNSET   815 PM PDT
MAY 27 2015...........SUNRISE   546 AM PDT   SUNSET   816 PM PDT


-  INDICATES NEGATIVE NUMBERS.
R  INDICATES RECORD WAS SET OR TIED.
MM INDICATES DATA IS MISSING.
T  INDICATES TRACE AMOUNT.




$$
