000
CDUS46 KSTO 200842
CLIMOD


CLIMATE REPORT
NATIONAL WEATHER SERVICE SACRAMENTO, CA
141 AM PDT SUN AUG 20 2017


...................................

...THE MODESTO CA CLIMATE SUMMARY FOR AUGUST 19 2017...

CLIMATE NORMAL PERIOD 1981 TO 2010
CLIMATE RECORD PERIOD 1931 TO 2017


WEATHER ITEM   OBSERVED TIME   RECORD YEAR NORMAL DEPARTURE LAST
                VALUE   (LST)  VALUE       VALUE  FROM      YEAR
                                                  NORMAL
..................................................................
TEMPERATURE (F)
 YESTERDAY
  MAXIMUM         95    336 PM 106    1950  93      2       96
  MINIMUM         66    659 AM  49    1959  62      4       66
  AVERAGE         81

PRECIPITATION (IN)
  YESTERDAY        0.00          0.19 1983   0.00   0.00     0.00
  MONTH TO DATE    T                         0.01  -0.01     0.00
  SINCE OCT 1     16.93                     12.84   4.09    15.61
  SINCE JAN 1     11.90                      8.76   3.14    11.20

SNOWFALL (IN)
  YESTERDAY        0.0          MM      MM
  MONTH TO DATE    0.0
  SINCE JUN 1      0.0
  SINCE JUL 1      0.0
  SNOW DEPTH       0

DEGREE DAYS
 HEATING
  YESTERDAY        0                         0      0        0
  MONTH TO DATE    0                         0      0        0
  SINCE JUN 1      6                         3      3        2
  SINCE JUL 1      0                         0      0        0

 COOLING
  YESTERDAY       16                        13      3       16
  MONTH TO DATE  321                       256     65      291
  SINCE JUN 1   1294                       992    302     1220
  SINCE JAN 1   1516                      1191    325     1468
..................................................................


WIND (MPH)
  RESULTANT WIND SPEED   7   RESULTANT WIND DIRECTION  NW (330)
  HIGHEST WIND SPEED    15   HIGHEST WIND DIRECTION     W (290)
  HIGHEST GUST SPEED    20   HIGHEST GUST DIRECTION    NW (310)


SKY COVER
  POSSIBLE SUNSHINE  MM
  AVERAGE SKY COVER 0.0


WEATHER CONDITIONS
 THE FOLLOWING WEATHER WAS RECORDED YESTERDAY.
  NO SIGNIFICANT WEATHER WAS OBSERVED.


RELATIVE HUMIDITY (PERCENT)
 HIGHEST    78           500 AM
 LOWEST     28           300 PM
 AVERAGE    53

..........................................................


THE MODESTO CA CLIMATE NORMALS FOR TODAY
                         NORMAL    RECORD    YEAR
 MAXIMUM TEMPERATURE (F)   93       104      1950
 MINIMUM TEMPERATURE (F)   62        50      1968


SUNRISE AND SUNSET
AUGUST 20 2017........SUNRISE   624 AM PDT   SUNSET   749 PM PDT
AUGUST 21 2017........SUNRISE   625 AM PDT   SUNSET   748 PM PDT


-  INDICATES NEGATIVE NUMBERS.
R  INDICATES RECORD WAS SET OR TIED.
MM INDICATES DATA IS MISSING.
T  INDICATES TRACE AMOUNT.




$$
