000
CDUS46 KSTO 270840
CLIMOD


CLIMATE REPORT
NATIONAL WEATHER SERVICE SACRAMENTO, CA
1239 AM PST TUE JAN 27 2015


...................................

...THE MODESTO CA CLIMATE SUMMARY FOR JANUARY 26 2015...

CLIMATE NORMAL PERIOD 1981 TO 2010
CLIMATE RECORD PERIOD 1931 TO 2015


WEATHER ITEM   OBSERVED TIME   RECORD YEAR NORMAL DEPARTURE LAST
                VALUE   (LST)  VALUE       VALUE  FROM      YEAR
                                                  NORMAL
..................................................................
TEMPERATURE (F)
 YESTERDAY
  MAXIMUM         58    220 PM  69    2014  57      1       69
  MINIMUM         35    602 AM  24    1950  41     -6       38
  AVERAGE         47

PRECIPITATION (IN)
  YESTERDAY        0.00          1.11 1961   0.09  -0.09     0.00
  MONTH TO DATE    0.00                      2.17  -2.17      T
  SINCE OCT 1      7.40                      6.25   1.15     1.36
  SINCE JAN 1      0.00                      2.17  -2.17      T

SNOWFALL (IN)
  YESTERDAY       MM            MM      MM
  MONTH TO DATE    0.0
  SINCE DEC 1      0.0
  SINCE JUL 1      0.0
  SNOW DEPTH       0

DEGREE DAYS
 HEATING
  YESTERDAY       18                        16      2       11
  MONTH TO DATE  456                       456      0      385
  SINCE DEC 1    826                       992   -166      991
  SINCE JUL 1   1124                      1353   -229     1362

 COOLING
  YESTERDAY        0                         0      0        0
  MONTH TO DATE    0                         0      0        0
  SINCE DEC 1      0                         0      0        0
  SINCE JAN 1      0                         0      0        0
..................................................................


WIND (MPH)
  RESULTANT WIND SPEED   2   RESULTANT WIND DIRECTION  SE (140)
  HIGHEST WIND SPEED     9   HIGHEST WIND DIRECTION    SE (140)
  HIGHEST GUST SPEED    12   HIGHEST GUST DIRECTION    SE (150)


SKY COVER
  POSSIBLE SUNSHINE  MM
  AVERAGE SKY COVER 0.5


WEATHER CONDITIONS
 THE FOLLOWING WEATHER WAS RECORDED YESTERDAY.
  LIGHT SNOW
  FOG
  FOG W/VISIBILITY <= 1/4 MILE
  HAZE


RELATIVE HUMIDITY (PERCENT)
 HIGHEST   100          1200 AM
 LOWEST     62           300 PM
 AVERAGE    81

..........................................................


THE MODESTO CA CLIMATE NORMALS FOR TODAY
                         NORMAL    RECORD    YEAR
 MAXIMUM TEMPERATURE (F)   58        69      1940
 MINIMUM TEMPERATURE (F)   41        25      1948


SUNRISE AND SUNSET
JANUARY 27 2015.......SUNRISE   711 AM PST   SUNSET   522 PM PST
JANUARY 28 2015.......SUNRISE   711 AM PST   SUNSET   523 PM PST


-  INDICATES NEGATIVE NUMBERS.
R  INDICATES RECORD WAS SET OR TIED.
MM INDICATES DATA IS MISSING.
T  INDICATES TRACE AMOUNT.




$$
