000
CDUS46 KSTO 170042
CLIMOD


CLIMATE REPORT
NATIONAL WEATHER SERVICE SACRAMENTO, CA
542 PM PDT MON OCT 16 2017


...................................

...THE MODESTO CA CLIMATE SUMMARY FOR OCTOBER 16 2017...
VALID TODAY AS OF 0500 PM LOCAL TIME.

CLIMATE NORMAL PERIOD 1981 TO 2010
CLIMATE RECORD PERIOD 1931 TO 2017


WEATHER ITEM   OBSERVED TIME   RECORD YEAR NORMAL DEPARTURE LAST
                VALUE   (LST)  VALUE       VALUE  FROM      YEAR
                                                  NORMAL
..................................................................
TEMPERATURE (F)
 TODAY
  MAXIMUM         85    208 PM  96    1961  79      6       73
  MINIMUM         44    615 AM  40    1981  53     -9       62
  AVERAGE         65

PRECIPITATION (IN)
  TODAY            0.00          1.13 1984   0.02  -0.02     0.18
  MONTH TO DATE    0.00                      0.26  -0.26     0.23
  SINCE OCT 1      0.00                      0.26  -0.26     0.23
  SINCE JAN 1     11.90                      9.29   2.61    11.43

SNOWFALL (IN)
  TODAY            0.0           0.0  2002
                                      2001
  MONTH TO DATE    0.0
  SINCE SEP 1      0.0
  SINCE JUL 1      0.0

DEGREE DAYS
 HEATING
  TODAY            0                         1     -1        0
  MONTH TO DATE   16                        13      3       10
  SINCE SEP 1     19                        16      3       13
  SINCE JUL 1     19                        16      3       13

 COOLING
  TODAY            0                         2     -2        3
  MONTH TO DATE   28                        67    -39       41
  SINCE SEP 1    361                       343     18      336
  SINCE JAN 1   2096                      1679    417     1953
..................................................................


WIND (MPH)
  RESULTANT WIND SPEED   2   RESULTANT WIND DIRECTION  NW (330)
  HIGHEST WIND SPEED     8   HIGHEST WIND DIRECTION    NW (320)
  HIGHEST GUST SPEED    11   HIGHEST GUST DIRECTION    NW (320)


SKY COVER
  POSSIBLE SUNSHINE  MM
  AVERAGE SKY COVER 0.0


WEATHER CONDITIONS
 THE FOLLOWING WEATHER WAS RECORDED TODAY.
  FOG
  HAZE


RELATIVE HUMIDITY (PERCENT)
 HIGHEST    93           600 AM
 LOWEST     17           400 PM
 AVERAGE    55

..........................................................


THE MODESTO CA CLIMATE NORMALS FOR TOMORROW
                         NORMAL    RECORD    YEAR
 MAXIMUM TEMPERATURE (F)   79        93      1959
 MINIMUM TEMPERATURE (F)   52        37      1938


SUNRISE AND SUNSET
OCTOBER 16 2017.......SUNRISE   713 AM PDT   SUNSET   625 PM PDT
OCTOBER 17 2017.......SUNRISE   714 AM PDT   SUNSET   623 PM PDT


-  INDICATES NEGATIVE NUMBERS.
R  INDICATES RECORD WAS SET OR TIED.
MM INDICATES DATA IS MISSING.
T  INDICATES TRACE AMOUNT.




$$
