000
CDUS43 KBIS 210727
CLIMOT


CLIMATE REPORT
NATIONAL WEATHER SERVICE BISMARCK ND
225 AM CDT SAT OCT 21 2017


...................................

...THE MINOT ND CLIMATE SUMMARY FOR OCTOBER 20 2017...

CLIMATE NORMAL PERIOD 1981 TO 2010
CLIMATE RECORD PERIOD 1897 TO 2017


WEATHER ITEM   OBSERVED TIME   RECORD YEAR NORMAL DEPARTURE LAST
                VALUE   (LST)  VALUE       VALUE  FROM      YEAR
                                                  NORMAL
..................................................................
TEMPERATURE (F)
 YESTERDAY
  MAXIMUM         80R   418 PM  80    1947  53     27       51
  MINIMUM         33    712 AM  11    1905  32      1       39
  AVERAGE         57                        43     14       45

PRECIPITATION (IN)
  YESTERDAY        0.00          0.80 1908   0.03  -0.03     0.00
  MONTH TO DATE    0.04                      0.83  -0.79     1.05
  SINCE SEP 1      2.00                      2.29  -0.29     4.03
  SINCE JAN 1      7.33                     15.73  -8.40    15.89

DEGREE DAYS
 HEATING
  YESTERDAY        8                        22    -14       20
  MONTH TO DATE  291                       361    -70      367
  SINCE SEP 1    479                       610   -131      556
  SINCE JUL 1    489                       681   -192      567

 COOLING
  YESTERDAY        0                         0      0        0
  MONTH TO DATE    0                         0      0        0
  SINCE SEP 1     62                        33     29       29
  SINCE JAN 1    580                       444    136      682
..................................................................


WIND (MPH)
  HIGHEST WIND SPEED    24   HIGHEST WIND DIRECTION     S (160)
  HIGHEST GUST SPEED    32   HIGHEST GUST DIRECTION     S (170)
  AVERAGE WIND SPEED     7.7


SKY COVER
  POSSIBLE SUNSHINE  MM
  AVERAGE SKY COVER 0.0


WEATHER CONDITIONS
 THE FOLLOWING WEATHER WAS RECORDED YESTERDAY.
  NO SIGNIFICANT WEATHER WAS OBSERVED.


RELATIVE HUMIDITY (PERCENT)
 HIGHEST    92           700 AM
 LOWEST     21           400 PM
 AVERAGE    57

..........................................................


THE MINOT ND CLIMATE NORMALS FOR TODAY
                         NORMAL    RECORD    YEAR
 MAXIMUM TEMPERATURE (F)   53        84      1927
 MINIMUM TEMPERATURE (F)   32        10      1930


SUNRISE AND SUNSET
OCTOBER 21 2017.......SUNRISE   814 AM CDT   SUNSET   644 PM CDT
OCTOBER 22 2017.......SUNRISE   816 AM CDT   SUNSET   643 PM CDT


-  INDICATES NEGATIVE NUMBERS.
R  INDICATES RECORD WAS SET OR TIED.
MM INDICATES DATA IS MISSING.
T  INDICATES TRACE AMOUNT.




$$
