000
CDUS43 KBIS 050924
CLIMOT


CLIMATE REPORT
NATIONAL WEATHER SERVICE BISMARCK ND
423 AM CDT SUN JUL 5 2015


...................................

...THE MINOT ND CLIMATE SUMMARY FOR JULY 4 2015...

CLIMATE NORMAL PERIOD 1981 TO 2010
CLIMATE RECORD PERIOD 1897 TO 2015


WEATHER ITEM   OBSERVED TIME   RECORD YEAR NORMAL DEPARTURE LAST
                VALUE   (LST)  VALUE       VALUE  FROM      YEAR
                                                  NORMAL
..................................................................
TEMPERATURE (F)
 YESTERDAY
  MAXIMUM         89    258 PM  99    1989  80      9       87
  MINIMUM         62    122 AM  36    1915  57      5       57
  AVERAGE         76                        68      8       72

PRECIPITATION (IN)
  YESTERDAY        0.08          1.20 1931   0.10  -0.02     0.00
  MONTH TO DATE    0.08                      0.37  -0.29      T
  SINCE JUN 1      4.11                      3.95   0.16     5.34
  SINCE JAN 1      8.24                      9.34  -1.10     9.15

DEGREE DAYS
 COOLING
  YESTERDAY       11                         5      6        7
  MONTH TO DATE   24                        17      7        7
  SINCE JUN 1     98                        90      8       29
  SINCE JAN 1    105                       106     -1       70
..................................................................


WIND (MPH)
  HIGHEST WIND SPEED    35   HIGHEST WIND DIRECTION     W (260)
  HIGHEST GUST SPEED    42   HIGHEST GUST DIRECTION     W (260)
  AVERAGE WIND SPEED     8.5


SKY COVER
  POSSIBLE SUNSHINE  MM
  AVERAGE SKY COVER 0.2


WEATHER CONDITIONS
 THE FOLLOWING WEATHER WAS RECORDED YESTERDAY.
  THUNDERSTORM
  LIGHT RAIN
  FOG
  HAZE


RELATIVE HUMIDITY (PERCENT)
 HIGHEST    93          1200 AM
 LOWEST     46           200 PM
 AVERAGE    70

..........................................................


THE MINOT ND CLIMATE NORMALS FOR TODAY
                         NORMAL    RECORD    YEAR
 MAXIMUM TEMPERATURE (F)   80       105      1937
 MINIMUM TEMPERATURE (F)   57        33      1915


SUNRISE AND SUNSET
JULY  5 2015..........SUNRISE   551 AM CDT   SUNSET   948 PM CDT
JULY  6 2015..........SUNRISE   552 AM CDT   SUNSET   947 PM CDT


-  INDICATES NEGATIVE NUMBERS.
R  INDICATES RECORD WAS SET OR TIED.
MM INDICATES DATA IS MISSING.
T  INDICATES TRACE AMOUNT.




$$
