000
CDUS43 KBIS 020050
CLIMOT


CLIMATE REPORT
NATIONAL WEATHER SERVICE BISMARCK ND
749 PM CDT TUE SEP 1 2015


...................................

...THE MINOT ND CLIMATE SUMMARY FOR SEPTEMBER 1 2015...
VALID TODAY AS OF 0700 PM LOCAL TIME.

CLIMATE NORMAL PERIOD 1981 TO 2010
CLIMATE RECORD PERIOD 1897 TO 2015


WEATHER ITEM   OBSERVED TIME   RECORD YEAR NORMAL DEPARTURE LAST
                VALUE   (LST)  VALUE       VALUE  FROM      YEAR
                                                  NORMAL
..................................................................
TEMPERATURE (F)
 TODAY
  MAXIMUM         89    447 PM 104    1915  76     13       73
  MINIMUM         54    448 AM  31    1924  52      2       51
  AVERAGE         72                        64      8       62

PRECIPITATION (IN)
  TODAY            0.00          1.11 1973   0.05  -0.05     0.00
  MONTH TO DATE    0.00                      0.05  -0.05     0.00
  SINCE SEP 1      0.00                      0.05  -0.05     0.00
  SINCE JAN 1     11.50                     13.49  -1.99    14.64

DEGREE DAYS
 HEATING
  TODAY            0                         4     -4        3
  MONTH TO DATE    0                         4     -4        3
  SINCE SEP 1      0                         4     -4        3
  SINCE JUL 1     50                        75    -25       71

 COOLING
  TODAY            7                         3      4        0
  MONTH TO DATE    7                         3      4        0
  SINCE SEP 1      7                         3      4        0
  SINCE JAN 1    451                       414     37      305
..................................................................


WIND (MPH)
  RESULTANT WIND SPEED   9   RESULTANT WIND DIRECTION   S (190)
  HIGHEST WIND SPEED    18   HIGHEST WIND DIRECTION     S (160)
  HIGHEST GUST SPEED    23   HIGHEST GUST DIRECTION    SE (120)
  AVERAGE WIND SPEED    10.2


SKY COVER
  POSSIBLE SUNSHINE  MM
  AVERAGE SKY COVER 0.0


WEATHER CONDITIONS
 THE FOLLOWING WEATHER WAS RECORDED TODAY.
  NO SIGNIFICANT WEATHER WAS OBSERVED.


RELATIVE HUMIDITY (PERCENT)
 HIGHEST    72           500 AM
 LOWEST     27           400 PM
 AVERAGE    50

..........................................................


THE MINOT ND CLIMATE NORMALS FOR TOMORROW
                         NORMAL    RECORD    YEAR
 MAXIMUM TEMPERATURE (F)   76        98      1960
 MINIMUM TEMPERATURE (F)   51        29      1917


SUNRISE AND SUNSET
SEPTEMBER  1 2015.....SUNRISE   702 AM CDT   SUNSET   827 PM CDT
SEPTEMBER  2 2015.....SUNRISE   704 AM CDT   SUNSET   825 PM CDT


-  INDICATES NEGATIVE NUMBERS.
R  INDICATES RECORD WAS SET OR TIED.
MM INDICATES DATA IS MISSING.
T  INDICATES TRACE AMOUNT.




$$
