000
CDUS43 KBIS 170805
CLIMOT


CLIMATE REPORT
NATIONAL WEATHER SERVICE BISMARCK ND
202 AM CST SAT FEB 17 2018


...................................

...THE MINOT ND CLIMATE SUMMARY FOR FEBRUARY 16 2018...

CLIMATE NORMAL PERIOD 1981 TO 2010
CLIMATE RECORD PERIOD 1897 TO 2018


WEATHER ITEM   OBSERVED TIME   RECORD YEAR NORMAL DEPARTURE LAST
                VALUE   (LST)  VALUE       VALUE  FROM      YEAR
                                                  NORMAL
..................................................................
TEMPERATURE (F)
 YESTERDAY
  MAXIMUM         28    422 PM  51    1913  26      2       50
  MINIMUM          1    710 AM -46    1936   9     -8       36
  AVERAGE         15                        17     -2       43

PRECIPITATION (IN)
  YESTERDAY        0.00          0.27 1972   0.02  -0.02     0.00
  MONTH TO DATE    0.02                      0.21  -0.19     0.02
  SINCE DEC 1      0.14                      1.10  -0.96     0.72
  SINCE JAN 1      0.09                      0.72  -0.63     0.10

DEGREE DAYS
 HEATING
  YESTERDAY       50                        48      2       22
  MONTH TO DATE  977                       795    182      750
  SINCE DEC 1   4027                      3969     58     3966
  SINCE JUL 1   5905                      6027   -122     5481
..................................................................


WIND (MPH)
  HIGHEST WIND SPEED    30   HIGHEST WIND DIRECTION    SW (220)
  HIGHEST GUST SPEED    37   HIGHEST GUST DIRECTION    SW (220)
  AVERAGE WIND SPEED    16.1


SKY COVER
  POSSIBLE SUNSHINE  MM
  AVERAGE SKY COVER 0.3


WEATHER CONDITIONS
 THE FOLLOWING WEATHER WAS RECORDED YESTERDAY.
  NO SIGNIFICANT WEATHER WAS OBSERVED.


RELATIVE HUMIDITY (PERCENT)
 HIGHEST    76           900 AM
 LOWEST     55           200 PM
 AVERAGE    66

..........................................................


THE MINOT ND CLIMATE NORMALS FOR TODAY
                         NORMAL    RECORD    YEAR
 MAXIMUM TEMPERATURE (F)   26        50      2002
 MINIMUM TEMPERATURE (F)    9       -31      1936


SUNRISE AND SUNSET
FEBRUARY 17 2018......SUNRISE   748 AM CST   SUNSET   610 PM CST
FEBRUARY 18 2018......SUNRISE   747 AM CST   SUNSET   612 PM CST


-  INDICATES NEGATIVE NUMBERS.
R  INDICATES RECORD WAS SET OR TIED.
MM INDICATES DATA IS MISSING.
T  INDICATES TRACE AMOUNT.




$$
