000
CDUS43 KBIS 220728
CLIMOT


CLIMATE REPORT
NATIONAL WEATHER SERVICE BISMARCK ND
227 AM CDT MON SEP 22 2014


...................................

...THE MINOT ND CLIMATE SUMMARY FOR SEPTEMBER 21 2014...

CLIMATE NORMAL PERIOD 1981 TO 2010
CLIMATE RECORD PERIOD 1905 TO 2014


WEATHER ITEM   OBSERVED TIME   RECORD YEAR NORMAL DEPARTURE LAST
                VALUE   (LST)  VALUE       VALUE  FROM      YEAR
                                                  NORMAL
..................................................................
TEMPERATURE (F)
 YESTERDAY
  MAXIMUM         73    411 PM  96    1938  67      6       71
  MINIMUM         43    640 AM  25    1995  44     -1       34
  AVERAGE         58                        55      3       53

PRECIPITATION (IN)
  YESTERDAY        0.00          0.64 1968   0.05  -0.05     0.00
  MONTH TO DATE    0.31                      1.03  -0.72     1.10
  SINCE SEP 1      0.31                      1.03  -0.72     1.10
  SINCE JAN 1     14.95                     14.47   0.48    21.28

DEGREE DAYS
 HEATING
  YESTERDAY        7                        10     -3       12
  MONTH TO DATE  165                       141     24       68
  SINCE SEP 1    165                       141     24       68
  SINCE JUL 1    233                       212     21      137

 COOLING
  YESTERDAY        0                         1     -1        0
  MONTH TO DATE    4                        30    -26       50
  SINCE SEP 1      4                        30    -26       50
  SINCE JAN 1    309                       441   -132      421
..................................................................


WIND (MPH)
  HIGHEST WIND SPEED    15   HIGHEST WIND DIRECTION     W (270)
  HIGHEST GUST SPEED    19   HIGHEST GUST DIRECTION     W (270)
  AVERAGE WIND SPEED     8.0


SKY COVER
  POSSIBLE SUNSHINE  MM
  AVERAGE SKY COVER 0.0


WEATHER CONDITIONS
 THE FOLLOWING WEATHER WAS RECORDED YESTERDAY.
  NO SIGNIFICANT WEATHER WAS OBSERVED.


RELATIVE HUMIDITY (PERCENT)
 HIGHEST    76           600 AM
 LOWEST     29           400 PM
 AVERAGE    53

..........................................................


THE MINOT ND CLIMATE NORMALS FOR TODAY
                         NORMAL    RECORD    YEAR
 MAXIMUM TEMPERATURE (F)   67        98      1938
 MINIMUM TEMPERATURE (F)   43        24      1947


SUNRISE AND SUNSET
SEPTEMBER 22 2014.....SUNRISE   732 AM CDT   SUNSET   743 PM CDT
SEPTEMBER 23 2014.....SUNRISE   733 AM CDT   SUNSET   741 PM CDT


-  INDICATES NEGATIVE NUMBERS.
R  INDICATES RECORD WAS SET OR TIED.
MM INDICATES DATA IS MISSING.
T  INDICATES TRACE AMOUNT.




$$
