549
CDUS43 KBIS 040041
CLIMOT


CLIMATE REPORT
NATIONAL WEATHER SERVICE BISMARCK ND
640 PM CST SAT DEC 3 2016


...................................

...THE MINOT ND CLIMATE SUMMARY FOR DECEMBER 3 2016...
VALID TODAY AS OF 0600 PM LOCAL TIME.

CLIMATE NORMAL PERIOD 1981 TO 2010
CLIMATE RECORD PERIOD 1897 TO 2016


WEATHER ITEM   OBSERVED TIME   RECORD YEAR NORMAL DEPARTURE LAST
                VALUE   (LST)  VALUE       VALUE  FROM      YEAR
                                                  NORMAL
..................................................................
TEMPERATURE (F)
 TODAY
  MAXIMUM         29    510 PM  59    1941  27      2       50
  MINIMUM         19    250 AM -26    1905  11      8       24
  AVERAGE         24                        19      5       37

PRECIPITATION (IN)
  TODAY            T             0.80 2004   0.01  -0.01     0.00
  MONTH TO DATE    T                         0.04  -0.04     0.00
  SINCE DEC 1      T                         0.04  -0.04     0.00
  SINCE JAN 1     18.11                     16.85   1.26    14.35

DEGREE DAYS
 HEATING
  TODAY           41                        46     -5       28
  MONTH TO DATE  114                       136    -22       94
  SINCE DEC 1    114                       136    -22       94
  SINCE JUL 1   1629                      2194   -565     1795

 COOLING
  TODAY            0                         0      0        0
  MONTH TO DATE    0                         0      0        0
  SINCE DEC 1      0                         0      0        0
  SINCE JAN 1    682                       445    237      508
..................................................................


WIND (MPH)
  RESULTANT WIND SPEED  10   RESULTANT WIND DIRECTION   S (160)
  HIGHEST WIND SPEED    20   HIGHEST WIND DIRECTION     S (170)
  HIGHEST GUST SPEED    28   HIGHEST GUST DIRECTION     S (160)
  AVERAGE WIND SPEED     9.8


SKY COVER
  POSSIBLE SUNSHINE  MM
  AVERAGE SKY COVER 0.2


WEATHER CONDITIONS
 THE FOLLOWING WEATHER WAS RECORDED TODAY.
  LIGHT SNOW
  FOG


RELATIVE HUMIDITY (PERCENT)
 HIGHEST    92           100 AM
 LOWEST     78           400 PM
 AVERAGE    85

..........................................................


THE MINOT ND CLIMATE NORMALS FOR TOMORROW
                         NORMAL    RECORD    YEAR
 MAXIMUM TEMPERATURE (F)   27        58      1979
 MINIMUM TEMPERATURE (F)   11       -22      1905


SUNRISE AND SUNSET
DECEMBER  3 2016......SUNRISE   818 AM CST   SUNSET   452 PM CST
DECEMBER  4 2016......SUNRISE   819 AM CST   SUNSET   452 PM CST


-  INDICATES NEGATIVE NUMBERS.
R  INDICATES RECORD WAS SET OR TIED.
MM INDICATES DATA IS MISSING.
T  INDICATES TRACE AMOUNT.




$$
