000
CDUS43 KBIS 110801
CLIMOT


CLIMATE REPORT
NATIONAL WEATHER SERVICE BISMARCK ND
159 AM CST MON DEC 11 2017


...................................

...THE MINOT ND CLIMATE SUMMARY FOR DECEMBER 10 2017...

CLIMATE NORMAL PERIOD 1981 TO 2010
CLIMATE RECORD PERIOD 1897 TO 2017


WEATHER ITEM   OBSERVED TIME   RECORD YEAR NORMAL DEPARTURE LAST
                VALUE   (LST)  VALUE       VALUE  FROM      YEAR
                                                  NORMAL
..................................................................
TEMPERATURE (F)
 YESTERDAY
  MAXIMUM         48    159 PM  56    1987  25     23       -2
  MINIMUM         31    609 AM -32    1919   9     22      -21
  AVERAGE         40                        17     23      -11

PRECIPITATION (IN)
  YESTERDAY        T             0.26 1929   0.01  -0.01      T
  MONTH TO DATE    T                         0.12  -0.12     0.43
  SINCE DEC 1      T                         0.12  -0.12     0.43
  SINCE JAN 1      7.55                     16.93  -9.38    18.54

DEGREE DAYS
 HEATING
  YESTERDAY       25                        48    -23       76
  MONTH TO DATE  370                       466    -96      525
  SINCE DEC 1    370                       466    -96      525
  SINCE JUL 1   2248                      2524   -276     2040
..................................................................


WIND (MPH)
  HIGHEST WIND SPEED    40   HIGHEST WIND DIRECTION    NW (300)
  HIGHEST GUST SPEED    50   HIGHEST GUST DIRECTION     W (290)
  AVERAGE WIND SPEED    15.5


SKY COVER
  POSSIBLE SUNSHINE  MM
  AVERAGE SKY COVER 0.5


WEATHER CONDITIONS
 THE FOLLOWING WEATHER WAS RECORDED YESTERDAY.
  LIGHT RAIN


RELATIVE HUMIDITY (PERCENT)
 HIGHEST    72           600 AM
 LOWEST     42           200 PM
 AVERAGE    57

..........................................................


THE MINOT ND CLIMATE NORMALS FOR TODAY
                         NORMAL    RECORD    YEAR
 MAXIMUM TEMPERATURE (F)   25        62      1939
 MINIMUM TEMPERATURE (F)    8       -31      1917


SUNRISE AND SUNSET
DECEMBER 11 2017......SUNRISE   826 AM CST   SUNSET   451 PM CST
DECEMBER 12 2017......SUNRISE   827 AM CST   SUNSET   451 PM CST


-  INDICATES NEGATIVE NUMBERS.
R  INDICATES RECORD WAS SET OR TIED.
MM INDICATES DATA IS MISSING.
T  INDICATES TRACE AMOUNT.




$$
