000
CDUS41 KPHI 030628
CLIMPO


CLIMATE REPORT
NATIONAL WEATHER SERVICE MOUNT HOLLY NJ
127 AM EST SAT DEC 3 2016


...................................

...THE MOUNT POCONO PA CLIMATE SUMMARY FOR DECEMBER 2 2016...

CLIMATE NORMAL PERIOD 1981 TO 2010
CLIMATE RECORD PERIOD 1901 TO 2016


WEATHER ITEM   OBSERVED TIME   RECORD YEAR NORMAL DEPARTURE LAST
                VALUE   (LST)  VALUE       VALUE  FROM      YEAR
                                                  NORMAL
..................................................................
TEMPERATURE (F)
 YESTERDAY
  MAXIMUM         40    301 PM  61    1982  39      1       49
  MINIMUM         32    832 AM   0    1967  26      6       41
  AVERAGE         36                        32      4       45

PRECIPITATION (IN)
  YESTERDAY        T             3.56 1996   0.13  -0.13     0.50
  MONTH TO DATE    0.26                      0.25   0.01     0.96
  SINCE DEC 1      0.26                      0.25   0.01     0.96
  SINCE JAN 1     38.16                     45.16  -7.00    40.86

SNOWFALL (IN)
  YESTERDAY       MM            MM      MM  MM     MM       MM
  MONTH TO DATE   MM                        MM     MM       MM
  SINCE DEC 1     MM                        MM     MM       MM
  SINCE JUL 1     MM                        MM     MM       MM
  SNOW DEPTH      MM

DEGREE DAYS
 HEATING
  YESTERDAY       29                        33     -4       20
  MONTH TO DATE   53                        65    -12       46
  SINCE DEC 1     53                        65    -12       46
  SINCE JUL 1   1446                      1644   -198     1313

 COOLING
  YESTERDAY        0                         0      0        0
  MONTH TO DATE    0                         0      0        0
  SINCE DEC 1      0                         0      0        0
  SINCE JAN 1    397                       314     83      403
..................................................................


WIND (MPH)
  HIGHEST WIND SPEED    24   HIGHEST WIND DIRECTION     W (290)
  HIGHEST GUST SPEED    33   HIGHEST GUST DIRECTION     W (260)
  AVERAGE WIND SPEED    14.5


SKY COVER
  POSSIBLE SUNSHINE  MM
  AVERAGE SKY COVER 0.9


WEATHER CONDITIONS
 THE FOLLOWING WEATHER WAS RECORDED YESTERDAY.
  LIGHT SNOW


RELATIVE HUMIDITY (PERCENT)
 HIGHEST    82          1100 PM
 LOWEST     59           100 PM
 AVERAGE    71

..........................................................


THE MOUNT POCONO PA CLIMATE NORMALS FOR TODAY
                         NORMAL    RECORD    YEAR
 MAXIMUM TEMPERATURE (F)   38        60      1941
 MINIMUM TEMPERATURE (F)   26        -7      1976


SUNRISE AND SUNSET
DECEMBER  3 2016......SUNRISE   710 AM EST   SUNSET   433 PM EST
DECEMBER  4 2016......SUNRISE   711 AM EST   SUNSET   433 PM EST


-  INDICATES NEGATIVE NUMBERS.
R  INDICATES RECORD WAS SET OR TIED.
MM INDICATES DATA IS MISSING.
T  INDICATES TRACE AMOUNT.




$$
