000
CDUS41 KPHI 262131
CLIMPO


CLIMATE REPORT
NATIONAL WEATHER SERVICE MOUNT HOLLY NJ
530 PM EDT MON JUN 26 2017


...................................

...THE MOUNT POCONO PA CLIMATE SUMMARY FOR JUNE 26 2017...
VALID TODAY AS OF 0500 PM LOCAL TIME.

CLIMATE NORMAL PERIOD 1981 TO 2010
CLIMATE RECORD PERIOD 1901 TO 2017


WEATHER ITEM   OBSERVED TIME   RECORD YEAR NORMAL DEPARTURE LAST
                VALUE   (LST)  VALUE       VALUE  FROM      YEAR
                                                  NORMAL
..................................................................
TEMPERATURE (F)
 TODAY
  MAXIMUM         71    333 PM  92    1952  76     -5       81
  MINIMUM         45    453 AM  36    1965  57    -12       53
  AVERAGE         58                        66     -8       67

PRECIPITATION (IN)
  TODAY            T             2.77 2006   0.12  -0.12     0.00
  MONTH TO DATE    3.51                      3.88  -0.37     1.42
  SINCE JUN 1      3.51                      3.88  -0.37     1.42
  SINCE JAN 1     20.41                     21.38  -0.97    18.85

DEGREE DAYS
 HEATING
  TODAY            7                         1      6        0
  MONTH TO DATE  114                        94     20       90
  SINCE JUN 1    114                        94     20       90
  SINCE JUL 1   6638                      7110   -472     6142

 COOLING
  TODAY            0                         3     -3        2
  MONTH TO DATE   49                        49      0       17
  SINCE JUN 1     49                        49      0       17
  SINCE JAN 1     67                        68     -1       46
..................................................................


WIND (MPH)
  HIGHEST WIND SPEED    17   HIGHEST WIND DIRECTION     W (260)
  HIGHEST GUST SPEED    25   HIGHEST GUST DIRECTION    SW (230)
  AVERAGE WIND SPEED    11.5


SKY COVER
  POSSIBLE SUNSHINE  MM
  AVERAGE SKY COVER 0.2


WEATHER CONDITIONS
 THE FOLLOWING WEATHER WAS RECORDED TODAY.
  LIGHT RAIN
  FOG


RELATIVE HUMIDITY (PERCENT)
 HIGHEST    89          1200 AM
 LOWEST     36           100 PM
 AVERAGE    63

..........................................................


THE MOUNT POCONO PA CLIMATE NORMALS FOR TOMORROW
                         NORMAL    RECORD    YEAR
 MAXIMUM TEMPERATURE (F)   77        88      1999
 MINIMUM TEMPERATURE (F)   57        38      1940


SUNRISE AND SUNSET
JUNE 26 2017..........SUNRISE   531 AM EDT   SUNSET   838 PM EDT
JUNE 27 2017..........SUNRISE   531 AM EDT   SUNSET   838 PM EDT


-  INDICATES NEGATIVE NUMBERS.
R  INDICATES RECORD WAS SET OR TIED.
MM INDICATES DATA IS MISSING.
T  INDICATES TRACE AMOUNT.




$$
