000
CDUS41 KPHI 072127
CLIMPO


CLIMATE REPORT
NATIONAL WEATHER SERVICE MOUNT HOLLY NJ
526 PM EDT TUE JUL 7 2015


...................................

...THE MOUNT POCONO PA CLIMATE SUMMARY FOR JULY 7 2015...
VALID TODAY AS OF 0500 PM LOCAL TIME.

CLIMATE NORMAL PERIOD 1981 TO 2010
CLIMATE RECORD PERIOD 1901 TO 2015


WEATHER ITEM   OBSERVED TIME   RECORD YEAR NORMAL DEPARTURE LAST
                VALUE   (LST)  VALUE       VALUE  FROM      YEAR
                                                  NORMAL
..................................................................
TEMPERATURE (F)
 TODAY
  MAXIMUM         78   1120 AM  95    1908  78      0       82
  MINIMUM         68    222 AM  38    1979  58     10       67
  AVERAGE         73                        68      5       75

PRECIPITATION (IN)
  TODAY            0.25          2.42 1947   0.10   0.15     0.01
  MONTH TO DATE    1.18                      0.84   0.34     1.58
  SINCE JUN 1      9.95                      5.22   4.73     5.03
  SINCE JAN 1     20.95                     22.72  -1.77    23.79

SNOWFALL (IN)
  TODAY           MM            MM      MM  MM     MM       MM
  MONTH TO DATE   MM                        MM     MM       MM
  SINCE JUN 1     MM                        MM     MM       MM
  SINCE JUL 1     MM                        MM     MM       MM
  SNOW DEPTH      MM

DEGREE DAYS
 HEATING
  TODAY            0                         1     -1        0
  MONTH TO DATE    6                         7     -1        5
  SINCE JUN 1     90                       107    -17       60
  SINCE JUL 1      6                         7     -1        5

 COOLING
  TODAY            8                         4      4       10
  MONTH TO DATE   14                        27    -13       40
  SINCE JUN 1     80                        89     -9      100
  SINCE JAN 1    137                       108     29      107
..................................................................


WIND (MPH)
  HIGHEST WIND SPEED    15   HIGHEST WIND DIRECTION     S (200)
  HIGHEST GUST SPEED    18   HIGHEST GUST DIRECTION     S (200)
  AVERAGE WIND SPEED     6.6


SKY COVER
  POSSIBLE SUNSHINE  MM
  AVERAGE SKY COVER 0.9


WEATHER CONDITIONS
 THE FOLLOWING WEATHER WAS RECORDED TODAY.
  THUNDERSTORM
  HEAVY RAIN
  RAIN
  LIGHT RAIN
  FOG
  FOG W/VISIBILITY <= 1/4 MILE
  HAZE


RELATIVE HUMIDITY (PERCENT)
 HIGHEST    84           100 PM
 LOWEST     74          1100 AM
 AVERAGE    79

..........................................................


THE MOUNT POCONO PA CLIMATE NORMALS FOR TOMORROW
                         NORMAL    RECORD    YEAR
 MAXIMUM TEMPERATURE (F)   78        94      1988
 MINIMUM TEMPERATURE (F)   58        38      1909


SUNRISE AND SUNSET
JULY  7 2015..........SUNRISE   536 AM EDT   SUNSET   837 PM EDT
JULY  8 2015..........SUNRISE   537 AM EDT   SUNSET   836 PM EDT


-  INDICATES NEGATIVE NUMBERS.
R  INDICATES RECORD WAS SET OR TIED.
MM INDICATES DATA IS MISSING.
T  INDICATES TRACE AMOUNT.




$$
