000
CDUS41 KPHI 110635
CLIMPO


CLIMATE REPORT
NATIONAL WEATHER SERVICE MOUNT HOLLY NJ
131 AM EST THU FEB 11 2016


...................................

...THE MOUNT POCONO PA CLIMATE SUMMARY FOR FEBRUARY 10 2016...

CLIMATE NORMAL PERIOD 1981 TO 2010
CLIMATE RECORD PERIOD 1901 TO 2016


WEATHER ITEM   OBSERVED TIME   RECORD YEAR NORMAL DEPARTURE LAST
                VALUE   (LST)  VALUE       VALUE  FROM      YEAR
                                                  NORMAL
..................................................................
TEMPERATURE (F)
 YESTERDAY
  MAXIMUM         28    219 PM  50    2002  33     -5       28
                                      1990
  MINIMUM         17   1159 PM -23    1934  17      0       20
  AVERAGE         23                        25     -2       24

PRECIPITATION (IN)
  YESTERDAY        0.01          2.74 1998   0.09  -0.08      T
  MONTH TO DATE    0.77                      0.75   0.02     1.13
  SINCE DEC 1      7.83                      7.47   0.36     5.65
  SINCE JAN 1      4.00                      3.60   0.40     2.85

SNOWFALL (IN)
  YESTERDAY       MM            MM      MM  MM     MM       MM
  MONTH TO DATE   MM                        MM     MM       MM
  SINCE DEC 1     MM                        MM     MM       MM
  SINCE JUL 1     MM                        MM     MM       MM
  SNOW DEPTH      MM

DEGREE DAYS
 HEATING
  YESTERDAY       42                        40      2       41
  MONTH TO DATE  325                       406    -81      442
  SINCE DEC 1   2289                      2858   -569     2876
  SINCE JUL 1   3556                      4437   -881     4443

 COOLING
  YESTERDAY        0                         0      0        0
  MONTH TO DATE    0                         0      0        0
  SINCE DEC 1      0                         0      0        0
  SINCE JAN 1      0                         0      0        0
..................................................................


WIND (MPH)
  HIGHEST WIND SPEED    21   HIGHEST WIND DIRECTION     W (290)
  HIGHEST GUST SPEED    28   HIGHEST GUST DIRECTION     W (290)
  AVERAGE WIND SPEED    13.7


SKY COVER
  POSSIBLE SUNSHINE  MM
  AVERAGE SKY COVER 0.9


WEATHER CONDITIONS
 THE FOLLOWING WEATHER WAS RECORDED YESTERDAY.
  LIGHT SNOW
  FOG


RELATIVE HUMIDITY (PERCENT)
 HIGHEST    84          1200 AM
 LOWEST     57           400 PM
 AVERAGE    71

..........................................................


THE MOUNT POCONO PA CLIMATE NORMALS FOR TODAY
                         NORMAL    RECORD    YEAR
 MAXIMUM TEMPERATURE (F)   33        59      2009
 MINIMUM TEMPERATURE (F)   17       -13      1979


SUNRISE AND SUNSET
FEBRUARY 11 2016......SUNRISE   702 AM EST   SUNSET   530 PM EST
FEBRUARY 12 2016......SUNRISE   701 AM EST   SUNSET   532 PM EST


-  INDICATES NEGATIVE NUMBERS.
R  INDICATES RECORD WAS SET OR TIED.
MM INDICATES DATA IS MISSING.
T  INDICATES TRACE AMOUNT.




$$
