000
CDUS41 KBTV 310528
CLIMPV


CLIMATE REPORT
NATIONAL WEATHER SERVICE BURLINGTON VT
119 AM EDT WED AUG 31 2016


...................................

...THE MONTPELIER VT CLIMATE SUMMARY FOR AUGUST 30 2016...

CLIMATE NORMAL PERIOD 1981 TO 2010
CLIMATE RECORD PERIOD 1948 TO 2016


WEATHER ITEM   OBSERVED TIME   RECORD YEAR NORMAL DEPARTURE LAST
                VALUE   (LST)  VALUE       VALUE  FROM      YEAR
                                                  NORMAL
..................................................................
TEMPERATURE (F)
 YESTERDAY
  MAXIMUM         74    235 PM  90    1973  75     -1       78
  MINIMUM         49    241 AM  34    1965  52     -3       59
  AVERAGE         62                        63     -1       69

PRECIPITATION (IN)
  YESTERDAY        0.00          1.47        0.10  -0.10     0.00
  MONTH TO DATE    5.35                      3.91   1.44     1.82
  SINCE JUN 1     12.13                     11.79   0.34    15.24
  SINCE JAN 1     24.41                     24.70  -0.29    25.94

DEGREE DAYS
 HEATING
  YESTERDAY        3                         4     -1        0
  MONTH TO DATE   22                        65    -43       26
  SINCE JUN 1    186                       226    -40      239
  SINCE JUL 1     54                       105    -51       77

 COOLING
  YESTERDAY        0                         2     -2        4
  MONTH TO DATE  106                        76     30       92
  SINCE JUN 1    241                       234      7      203
  SINCE JAN 1    270                       244     26      237
..................................................................


WIND (MPH)
  HIGHEST WIND SPEED    10   HIGHEST WIND DIRECTION     W (290)
  HIGHEST GUST SPEED    13   HIGHEST GUST DIRECTION     W (270)
  AVERAGE WIND SPEED     1.6


SKY COVER
  AVERAGE SKY COVER 0.4


WEATHER CONDITIONS
 THE FOLLOWING WEATHER WAS RECORDED YESTERDAY.
  FOG
  FOG W/VISIBILITY <= 1/4 MILE


RELATIVE HUMIDITY (PERCENT)
 HIGHEST   100           300 AM
 LOWEST     49           300 PM
 AVERAGE    75

..........................................................


THE MONTPELIER VT CLIMATE NORMALS FOR TODAY
                         NORMAL    RECORD    YEAR
 MAXIMUM TEMPERATURE (F)   74        89      1993
 MINIMUM TEMPERATURE (F)   51        31      1965


SUNRISE AND SUNSET
AUGUST 31 2016........SUNRISE   613 AM EDT   SUNSET   727 PM EDT
SEPTEMBER  1 2016.....SUNRISE   614 AM EDT   SUNSET   726 PM EDT


-  INDICATES NEGATIVE NUMBERS.
R  INDICATES RECORD WAS SET OR TIED.
MM INDICATES DATA IS MISSING.
T  INDICATES TRACE AMOUNT.




$$
