000
CDUS41 KBTV 210639
CLIMPV


CLIMATE REPORT
NATIONAL WEATHER SERVICE BURLINGTON VT
117 AM EST TUE FEB 21 2017


...................................

...THE MONTPELIER VT CLIMATE SUMMARY FOR FEBRUARY 20 2017...

CLIMATE NORMAL PERIOD 1981 TO 2010
CLIMATE RECORD PERIOD 1948 TO 2017


WEATHER ITEM   OBSERVED TIME   RECORD YEAR NORMAL DEPARTURE LAST
                VALUE   (LST)  VALUE       VALUE  FROM      YEAR
                                                  NORMAL
..................................................................
TEMPERATURE (F)
 YESTERDAY
  MAXIMUM         36   1202 AM  56    1994  32      4       48
  MINIMUM         16   1159 PM -20    1966  11      5       28
  AVERAGE         26                        21      5       38

PRECIPITATION (IN)
  YESTERDAY        0.00          0.36        0.07  -0.07     0.04
  MONTH TO DATE    1.47                      1.48  -0.01     1.45
  SINCE DEC 1      5.83                      6.67  -0.84     6.40
  SINCE JAN 1      3.24                      3.93  -0.69     2.71

DEGREE DAYS
 HEATING
  YESTERDAY       39                        44     -5       27
  MONTH TO DATE  870                       920    -50      880
  SINCE DEC 1   3417                      3719   -302     3184
  SINCE JUL 1   5006                      5565   -559     4827

 COOLING
  YESTERDAY        0                         0      0        0
  MONTH TO DATE    0                         0      0        0
  SINCE DEC 1      0                         0      0        0
  SINCE JAN 1      0                         0      0        0
..................................................................


WIND (MPH)
  HIGHEST WIND SPEED    18   HIGHEST WIND DIRECTION    NW (300)
  HIGHEST GUST SPEED    26   HIGHEST GUST DIRECTION    NW (300)
  AVERAGE WIND SPEED     9.0


SKY COVER
  AVERAGE SKY COVER 0.5


WEATHER CONDITIONS
 THE FOLLOWING WEATHER WAS RECORDED YESTERDAY.
  NO SIGNIFICANT WEATHER WAS OBSERVED.


RELATIVE HUMIDITY (PERCENT)
 HIGHEST    80          1100 PM
 LOWEST     43           400 PM
 AVERAGE    62

..........................................................


THE MONTPELIER VT CLIMATE NORMALS FOR TODAY
                         NORMAL    RECORD    YEAR
 MAXIMUM TEMPERATURE (F)   32        57      1953
 MINIMUM TEMPERATURE (F)   11       -15      1950


SUNRISE AND SUNSET
FEBRUARY 21 2017......SUNRISE   640 AM EST   SUNSET   528 PM EST
FEBRUARY 22 2017......SUNRISE   639 AM EST   SUNSET   529 PM EST


-  INDICATES NEGATIVE NUMBERS.
R  INDICATES RECORD WAS SET OR TIED.
MM INDICATES DATA IS MISSING.
T  INDICATES TRACE AMOUNT.




$$
