995
CDUS41 KBTV 270527
CLIMPV


CLIMATE REPORT
NATIONAL WEATHER SERVICE BURLINGTON VT
126 AM EDT TUE SEP 27 2016


...................................

...THE MONTPELIER VT CLIMATE SUMMARY FOR SEPTEMBER 26 2016...

CLIMATE NORMAL PERIOD 1981 TO 2010
CLIMATE RECORD PERIOD 1948 TO 2016


WEATHER ITEM   OBSERVED TIME   RECORD YEAR NORMAL DEPARTURE LAST
                VALUE   (LST)  VALUE       VALUE  FROM      YEAR
                                                  NORMAL
..................................................................
TEMPERATURE (F)
 YESTERDAY
  MAXIMUM         63    247 PM  83    2007  64     -1       65
  MINIMUM         32    613 AM  28    1950  42    -10       35
  AVERAGE         48                        53     -5       50

PRECIPITATION (IN)
  YESTERDAY        T             1.89        0.12  -0.12     0.00
  MONTH TO DATE    1.71                      2.66  -0.95     2.74
  SINCE SEP 1      1.71                      2.66  -0.95     2.74
  SINCE JAN 1     26.27                     27.46  -1.19    28.68

DEGREE DAYS
 HEATING
  YESTERDAY       17                        12      5       15
  MONTH TO DATE  117                       195    -78      101
  SINCE SEP 1    117                       195    -78      101
  SINCE JUL 1    171                       303   -132      178

 COOLING
  YESTERDAY        0                         0      0        0
  MONTH TO DATE   28                        16     12       48
  SINCE SEP 1     28                        16     12       48
  SINCE JAN 1    300                       260     40      289
..................................................................


WIND (MPH)
  HIGHEST WIND SPEED    14   HIGHEST WIND DIRECTION     S (160)
  HIGHEST GUST SPEED    19   HIGHEST GUST DIRECTION     S (170)
  AVERAGE WIND SPEED     4.6


SKY COVER
  AVERAGE SKY COVER 0.5


WEATHER CONDITIONS
 THE FOLLOWING WEATHER WAS RECORDED YESTERDAY.
  LIGHT RAIN
  FOG
  FOG W/VISIBILITY <= 1/4 MILE


RELATIVE HUMIDITY (PERCENT)
 HIGHEST   100           200 AM
 LOWEST     42           100 PM
 AVERAGE    71

..........................................................


THE MONTPELIER VT CLIMATE NORMALS FOR TODAY
                         NORMAL    RECORD    YEAR
 MAXIMUM TEMPERATURE (F)   64        80      2007
 MINIMUM TEMPERATURE (F)   42        26      1965


SUNRISE AND SUNSET
SEPTEMBER 27 2016.....SUNRISE   644 AM EDT   SUNSET   638 PM EDT
SEPTEMBER 28 2016.....SUNRISE   645 AM EDT   SUNSET   636 PM EDT


-  INDICATES NEGATIVE NUMBERS.
R  INDICATES RECORD WAS SET OR TIED.
MM INDICATES DATA IS MISSING.
T  INDICATES TRACE AMOUNT.




$$
