000
CDUS41 KBTV 220606
CLIMPV


CLIMATE REPORT
NATIONAL WEATHER SERVICE BURLINGTON VT
104 AM EST MON DEC 22 2014


...................................

...THE MONTPELIER VT CLIMATE SUMMARY FOR DECEMBER 21 2014...

CLIMATE NORMAL PERIOD 1981 TO 2010
CLIMATE RECORD PERIOD 1948 TO 2014


WEATHER ITEM   OBSERVED TIME   RECORD YEAR NORMAL DEPARTURE LAST
                VALUE   (LST)  VALUE       VALUE  FROM      YEAR
                                                  NORMAL
..................................................................
TEMPERATURE (F)
 YESTERDAY
  MAXIMUM         24    853 PM  56    1957  30     -6       53
  MINIMUM         11    406 AM -22    1955  12     -1       31
  AVERAGE         18                        21     -3       42

PRECIPITATION (IN)
  YESTERDAY        T             1.91        0.08  -0.08     0.31
  MONTH TO DATE    2.95                      1.96   0.99     0.85
  SINCE DEC 1      2.95                      1.96   0.99     0.85
  SINCE JAN 1     35.74                     36.49  -0.75    35.94

DEGREE DAYS
 HEATING
  YESTERDAY       47                        44      3       23
  MONTH TO DATE  841                       844     -3      919
  SINCE DEC 1    841                       844     -3      919
  SINCE JUL 1   2659                      2690    -31     2823

 COOLING
  YESTERDAY        0                         0      0        0
  MONTH TO DATE    0                         0      0        0
  SINCE DEC 1      0                         0      0        0
  SINCE JAN 1    188                       264    -76      323
..................................................................


WIND (MPH)
  HIGHEST WIND SPEED     5   HIGHEST WIND DIRECTION     W (250)
  HIGHEST GUST SPEED     7   HIGHEST GUST DIRECTION    NW (310)
  AVERAGE WIND SPEED     0.4


SKY COVER
  AVERAGE SKY COVER 0.9


WEATHER CONDITIONS
 THE FOLLOWING WEATHER WAS RECORDED YESTERDAY.
  LIGHT SNOW
  FOG


RELATIVE HUMIDITY (PERCENT)
 HIGHEST    96           200 AM
 LOWEST     74           300 PM
 AVERAGE    85

..........................................................


THE MONTPELIER VT CLIMATE NORMALS FOR TODAY
                         NORMAL    RECORD    YEAR
 MAXIMUM TEMPERATURE (F)   29        58      1949
 MINIMUM TEMPERATURE (F)   12       -23      1955


SUNRISE AND SUNSET
DECEMBER 22 2014......SUNRISE   723 AM EST   SUNSET   415 PM EST
DECEMBER 23 2014......SUNRISE   723 AM EST   SUNSET   415 PM EST


-  INDICATES NEGATIVE NUMBERS.
R  INDICATES RECORD WAS SET OR TIED.
MM INDICATES DATA IS MISSING.
T  INDICATES TRACE AMOUNT.




$$
