000
CDUS41 KBTV 270534
CLIMPV


CLIMATE REPORT
NATIONAL WEATHER SERVICE BURLINGTON VT
129 AM EDT THU JUL 27 2017


...................................

...THE MONTPELIER VT CLIMATE SUMMARY FOR JULY 26 2017...

CLIMATE NORMAL PERIOD 1981 TO 2010
CLIMATE RECORD PERIOD 1948 TO 2017


WEATHER ITEM   OBSERVED TIME   RECORD YEAR NORMAL DEPARTURE LAST
                VALUE   (LST)  VALUE       VALUE  FROM      YEAR
                                                  NORMAL
..................................................................
TEMPERATURE (F)
 YESTERDAY
  MAXIMUM         75    303 PM  90    1989  79     -4       78
  MINIMUM         51   1208 AM  44    1976  56     -5       60
  AVERAGE         63                        67     -4       69

PRECIPITATION (IN)
  YESTERDAY        0.01          1.02        0.14  -0.13      T
  MONTH TO DATE    4.53                      3.34   1.19     4.04
  SINCE JUN 1     13.13                      7.14   5.99     6.72
  SINCE JAN 1     28.33                     20.05   8.28    19.00

DEGREE DAYS
 HEATING
  YESTERDAY        2                         1      1        0
  MONTH TO DATE   33                        32      1       29
  SINCE JUN 1    179                       153     26      161
  SINCE JUL 1     33                        32      1       29

 COOLING
  YESTERDAY        0                         3     -3        4
  MONTH TO DATE   65                        82    -17       86
  SINCE JUN 1    130                       135     -5      118
  SINCE JAN 1    147                       145      2      147
..................................................................


WIND (MPH)
  HIGHEST WIND SPEED    12   HIGHEST WIND DIRECTION     S (200)
  HIGHEST GUST SPEED    15   HIGHEST GUST DIRECTION     S (190)
  AVERAGE WIND SPEED     4.4


SKY COVER
  AVERAGE SKY COVER 0.7


WEATHER CONDITIONS
 THE FOLLOWING WEATHER WAS RECORDED YESTERDAY.
  FOG
  FOG W/VISIBILITY <= 1/4 MILE


RELATIVE HUMIDITY (PERCENT)
 HIGHEST   100          1200 AM
 LOWEST     57          1100 AM
 AVERAGE    79

..........................................................


THE MONTPELIER VT CLIMATE NORMALS FOR TODAY
                         NORMAL    RECORD    YEAR
 MAXIMUM TEMPERATURE (F)   78        92      1949
 MINIMUM TEMPERATURE (F)   56        40      2001


SUNRISE AND SUNSET
JULY 27 2017..........SUNRISE   533 AM EDT   SUNSET   820 PM EDT
JULY 28 2017..........SUNRISE   534 AM EDT   SUNSET   819 PM EDT


-  INDICATES NEGATIVE NUMBERS.
R  INDICATES RECORD WAS SET OR TIED.
MM INDICATES DATA IS MISSING.
T  INDICATES TRACE AMOUNT.




$$
