000
CDUS41 KBTV 200527
CLIMPV


CLIMATE REPORT
NATIONAL WEATHER SERVICE BURLINGTON VT
126 AM EDT SUN APR 20 2014


...................................

...THE MONTPELIER VT CLIMATE SUMMARY FOR APRIL 19 2014...

CLIMATE NORMAL PERIOD 1981 TO 2010
CLIMATE RECORD PERIOD 1948 TO 2014


WEATHER ITEM   OBSERVED TIME   RECORD YEAR NORMAL DEPARTURE LAST
                VALUE   (LST)  VALUE       VALUE  FROM      YEAR
                                                  NORMAL
..................................................................
TEMPERATURE (F)
 YESTERDAY
  MAXIMUM         45    457 PM  90    1976  55    -10       74
  MINIMUM         28   1159 PM  22    2001  33     -5       46
  AVERAGE         37                        44     -7       60

PRECIPITATION (IN)
  YESTERDAY        0.01          0.80        0.08  -0.07     0.47
  MONTH TO DATE    1.35                      1.65  -0.30     1.89
  SINCE MAR 1      4.40                      4.04   0.36     2.78
  SINCE JAN 1      8.71                      8.53   0.18     5.02

DEGREE DAYS
 HEATING
  YESTERDAY       28                        21      7        5
  MONTH TO DATE  509                       475     34      504
  SINCE MAR 1   1958                      1592    366     1568
  SINCE JUL 1   8123                      7500    623     7117

 COOLING
  YESTERDAY        0                         0      0        0
  MONTH TO DATE    0                         0      0        0
  SINCE MAR 1      0                         0      0        0
  SINCE JAN 1      0                         0      0        0
..................................................................


WIND (MPH)
  HIGHEST WIND SPEED    18   HIGHEST WIND DIRECTION    NW (300)
  HIGHEST GUST SPEED    26   HIGHEST GUST DIRECTION    NW (300)
  AVERAGE WIND SPEED     7.3


SKY COVER
  AVERAGE SKY COVER 0.7


WEATHER CONDITIONS
 THE FOLLOWING WEATHER WAS RECORDED YESTERDAY.
  LIGHT RAIN
  FOG


RELATIVE HUMIDITY (PERCENT)
 HIGHEST    92           900 AM
 LOWEST     45           500 PM
 AVERAGE    69

..........................................................


THE MONTPELIER VT CLIMATE NORMALS FOR TODAY
                         NORMAL    RECORD    YEAR
 MAXIMUM TEMPERATURE (F)   56        80      1987
 MINIMUM TEMPERATURE (F)   33        18      2001


SUNRISE AND SUNSET
APRIL 20 2014.........SUNRISE   559 AM EDT   SUNSET   741 PM EDT
APRIL 21 2014.........SUNRISE   557 AM EDT   SUNSET   742 PM EDT


-  INDICATES NEGATIVE NUMBERS.
R  INDICATES RECORD WAS SET OR TIED.
MM INDICATES DATA IS MISSING.
T  INDICATES TRACE AMOUNT.




$$
