000
CDUS41 KBTV 210532
CLIMPV


CLIMATE REPORT
NATIONAL WEATHER SERVICE BURLINGTON VT
1231 AM EST WED FEB 21 2018


...................................

...THE MONTPELIER VT CLIMATE SUMMARY FOR FEBRUARY 20 2018...

CLIMATE NORMAL PERIOD 1981 TO 2010
CLIMATE RECORD PERIOD 1948 TO 2018


WEATHER ITEM   OBSERVED TIME   RECORD YEAR NORMAL DEPARTURE LAST
                VALUE   (LST)  VALUE       VALUE  FROM      YEAR
                                                  NORMAL
..................................................................
TEMPERATURE (F)
 YESTERDAY
  MAXIMUM         56R  1111 PM  56    1994  32     24       36
  MINIMUM         35    727 AM -20    1966  11     24       16
  AVERAGE         46                        21     25       26

PRECIPITATION (IN)
  YESTERDAY        0.06          0.36        0.07  -0.01     0.00
  MONTH TO DATE    1.51                      1.48   0.03     1.47
  SINCE DEC 1      6.31                      6.67  -0.36     5.83
  SINCE JAN 1      4.04                      3.93   0.11     3.24

DEGREE DAYS
 HEATING
  YESTERDAY       19                        44    -25       39
  MONTH TO DATE  836                       920    -84      870
  SINCE DEC 1   3784                      3719     65     3417
  SINCE JUL 1   5418                      5565   -147     5006

 COOLING
  YESTERDAY        0                         0      0        0
  MONTH TO DATE    0                         0      0        0
  SINCE DEC 1      0                         0      0        0
  SINCE JAN 1      0                         0      0        0
..................................................................


WIND (MPH)
  HIGHEST WIND SPEED    18   HIGHEST WIND DIRECTION     S (170)
  HIGHEST GUST SPEED    22   HIGHEST GUST DIRECTION     S (160)
  AVERAGE WIND SPEED     5.1


SKY COVER
  AVERAGE SKY COVER 1.0


WEATHER CONDITIONS
 THE FOLLOWING WEATHER WAS RECORDED YESTERDAY.
  LIGHT RAIN
  FOG
  FOG W/VISIBILITY <= 1/4 MILE


RELATIVE HUMIDITY (PERCENT)
 HIGHEST   100           100 AM
 LOWEST     83           500 PM
 AVERAGE    92

..........................................................


THE MONTPELIER VT CLIMATE NORMALS FOR TODAY
                         NORMAL    RECORD    YEAR
 MAXIMUM TEMPERATURE (F)   32        57      1953
 MINIMUM TEMPERATURE (F)   11       -15      1950


SUNRISE AND SUNSET
FEBRUARY 21 2018......SUNRISE   641 AM EST   SUNSET   528 PM EST
FEBRUARY 22 2018......SUNRISE   639 AM EST   SUNSET   529 PM EST


-  INDICATES NEGATIVE NUMBERS.
R  INDICATES RECORD WAS SET OR TIED.
MM INDICATES DATA IS MISSING.
T  INDICATES TRACE AMOUNT.




$$
