000
CDUS43 KMPX 050901
CLIMPX


CLIMATE REPORT
NATIONAL WEATHER SERVICE CHANHASSEN MN
300 AM CST MON DEC 5 2016


...................................

...THE CHANHASSEN MN CLIMATE SUMMARY FOR DECEMBER 4 2016...

CLIMATE NORMAL PERIOD 1981 TO 2010
CLIMATE RECORD PERIOD 1995 TO 2016


WEATHER ITEM   OBSERVED TIME   RECORD YEAR NORMAL DEPARTURE LAST
                VALUE   (LST)  VALUE       VALUE  FROM      YEAR
                                                  NORMAL
..................................................................
TEMPERATURE (F)
 YESTERDAY
  MAXIMUM         36        MM  MM      MM  29      7       45
  MINIMUM         29        MM  MM      MM  15     14       19
  AVERAGE         33                        22     11       32

PRECIPITATION (IN)
  YESTERDAY        0.16         MM      MM   0.04   0.12     0.00
  MONTH TO DATE    0.19                      0.17   0.02     0.04
  SINCE DEC 1      0.19                      0.17   0.02     0.04
  SINCE JAN 1     38.47                     30.08   8.39    33.48

SNOWFALL (IN)
  YESTERDAY        2.5          MM      MM   0.4    2.1      0.0
  MONTH TO DATE    3.1                       1.6    1.5      0.3
  SINCE DEC 1      3.1                       1.6    1.5      0.3
  SINCE JUL 1      8.2                       7.4    0.8      3.3
  SNOW DEPTH       3

DEGREE DAYS
 HEATING
  YESTERDAY       32                        43    -11       33
  MONTH TO DATE  132                       168    -36      142
  SINCE DEC 1    132                       168    -36      142
  SINCE JUL 1   1355                      1875   -520     1474

 COOLING
  YESTERDAY        0                         0      0        0
  MONTH TO DATE    0                         0      0        0
  SINCE DEC 1      0                         0      0        0
  SINCE JAN 1    631                       605     26      551
..................................................................


WIND (MPH)
  HIGHEST WIND SPEED    MM   HIGHEST WIND DIRECTION    MM
  HIGHEST GUST SPEED    MM   HIGHEST GUST DIRECTION    MM
  AVERAGE WIND SPEED    MM


SKY COVER
  POSSIBLE SUNSHINE  MM
  AVERAGE SKY COVER  MM


WEATHER CONDITIONS
 THE FOLLOWING WEATHER WAS RECORDED YESTERDAY.
  NO SIGNIFICANT WEATHER WAS OBSERVED.


RELATIVE HUMIDITY (PERCENT)
 HIGHEST    MM
 LOWEST     MM
 AVERAGE    MM

..........................................................


THE CHANHASSEN MN CLIMATE NORMALS FOR TODAY
                         NORMAL    RECORD    YEAR
 MAXIMUM TEMPERATURE (F)   29        MM        MM
 MINIMUM TEMPERATURE (F)   14        MM        MM


SUNRISE AND SUNSET
DECEMBER  5 2016......SUNRISE   737 AM CST   SUNSET   433 PM CST
DECEMBER  6 2016......SUNRISE   738 AM CST   SUNSET   433 PM CST


-  INDICATES NEGATIVE NUMBERS.
R  INDICATES RECORD WAS SET OR TIED.
MM INDICATES DATA IS MISSING.
T  INDICATES TRACE AMOUNT.




$$
