000
CDUS43 KMPX 182223
CLIMPX


CLIMATE REPORT
NATIONAL WEATHER SERVICE CHANHASSEN MN
423 PM CST MON DEC 18 2017


...................................

...THE CHANHASSEN MN CLIMATE SUMMARY FOR DECEMBER 18 2017...
VALID TODAY AS OF 0400 PM LOCAL TIME.

CLIMATE NORMAL PERIOD 1981 TO 2010
CLIMATE RECORD PERIOD 1995 TO 2017


WEATHER ITEM   OBSERVED TIME   RECORD YEAR NORMAL DEPARTURE LAST
                VALUE   (LST)  VALUE       VALUE  FROM      YEAR
                                                  NORMAL
..................................................................
TEMPERATURE (F)
 TODAY
  MAXIMUM         38        MM  47    2011  25     13       -3
  MINIMUM         24        MM -25           9     15      -25
  AVERAGE         31                        17     14      -14

PRECIPITATION (IN)
  TODAY            0.00          0.33 2000   0.04  -0.04     0.00
  MONTH TO DATE    0.51                      0.74  -0.23     1.10
  SINCE DEC 1      0.51                      0.74  -0.23     1.10
  SINCE JAN 1     37.73                     30.65   7.08    39.38

SNOWFALL (IN)
  TODAY            0.0           6.5  2000   0.5   -0.5      0.0
  MONTH TO DATE    4.3                       8.2   -3.9     17.9
  SINCE DEC 1      4.3                       8.2   -3.9     17.9
  SINCE JUL 1      6.1                      14.0   -7.9     23.0
  SNOW DEPTH       2

DEGREE DAYS
 HEATING
  TODAY           34                        48    -14       79
  MONTH TO DATE  718                       810    -92      931
  SINCE DEC 1    718                       810    -92      931
  SINCE JUL 1   2331                      2517   -186     2154

 COOLING
  TODAY            0                         0      0        0
  MONTH TO DATE    0                         0      0        0
  SINCE DEC 1      0                         0      0        0
  SINCE JAN 1    478                       605   -127      631
..................................................................


WIND (MPH)
  HIGHEST WIND SPEED    MM   HIGHEST WIND DIRECTION    MM
  HIGHEST GUST SPEED    MM   HIGHEST GUST DIRECTION    MM
  AVERAGE WIND SPEED    MM


SKY COVER
  POSSIBLE SUNSHINE  MM
  AVERAGE SKY COVER  MM


WEATHER CONDITIONS
 THE FOLLOWING WEATHER WAS RECORDED TODAY.
  NO SIGNIFICANT WEATHER WAS OBSERVED.


RELATIVE HUMIDITY (PERCENT)
 HIGHEST    MM
 LOWEST     MM
 AVERAGE    MM

..........................................................


THE CHANHASSEN MN CLIMATE NORMALS FOR TOMORROW
                         NORMAL    RECORD    YEAR
 MAXIMUM TEMPERATURE (F)   25        42      2006
 MINIMUM TEMPERATURE (F)    9       -13      2005


SUNRISE AND SUNSET
DECEMBER 18 2017......SUNRISE   747 AM CST   SUNSET   435 PM CST
DECEMBER 19 2017......SUNRISE   748 AM CST   SUNSET   435 PM CST


-  INDICATES NEGATIVE NUMBERS.
R  INDICATES RECORD WAS SET OR TIED.
MM INDICATES DATA IS MISSING.
T  INDICATES TRACE AMOUNT.




$$
