000
CDUS43 KMQT 012217
CLIMQT


CLIMATE REPORT
NATIONAL WEATHER SERVICE MARQUETTE MI
510 PM EST SUN FEB 1 2015


...................................

...THE MARQUETTE MI CLIMATE SUMMARY FOR FEBRUARY 1 2015...
VALID TODAY AS OF 500 PM LOCAL TIME.

CLIMATE NORMAL PERIOD 1981 TO 2010
CLIMATE RECORD PERIOD 1961 TO 2015


WEATHER ITEM   OBSERVED RECORD YEAR NORMAL DEPARTURE LAST
                VALUE   VALUE       VALUE  FROM      YEAR
                                           NORMAL
...........................................................
TEMPERATURE (F)
 TODAY
  MAXIMUM          8     42    1970  23    -15       13
  MINIMUM          6    -27    1985   4      2      -17
  AVERAGE          7                 13     -6       -2

PRECIPITATION (IN)
  TODAY            0.09   0.70 2002   0.07   0.02      T
  MONTH TO DATE    0.09               0.07   0.02      T
  SINCE DEC 1      3.62               5.05  -1.43     4.76
  SINCE JAN 1      1.34               2.48  -1.14     2.18

SNOWFALL (IN)
  TODAY            2.0   14.6  2002   1.4    0.6      0.1
  MONTH TO DATE    2.0                1.4    0.6      0.1
  SINCE DEC 1     59.1               87.4  -28.3     86.2
  SINCE JUL 1    115.3              117.9   -2.6    108.7
  SNOW DEPTH      27

DEGREE DAYS
 HEATING
  TODAY           58                 52      6       67
  MONTH TO DATE   58                 52      6       67
  SINCE DEC 1   3092               3087      5     3565
  SINCE JUL 1   5622               5289    333     5734

 COOLING
  TODAY            0                  0      0        0
  MONTH TO DATE    0                  0      0        0
  SINCE DEC 1      0                  0      0        0
  SINCE JAN 1      0                  0      0        0
...........................................................


WIND (MPH)
  HIGHEST WIND SPEED    MM   HIGHEST WIND DIRECTION    MM
  HIGHEST GUST SPEED    20   HIGHEST GUST DIRECTION    NE (45)
  AVERAGE WIND SPEED    MM


SKY COVER
  POSSIBLE SUNSHINE  MM
  AVERAGE SKY COVER  MM


WEATHER CONDITIONS
 THE FOLLOWING WEATHER WAS RECORDED TODAY.
  LIGHT SNOW


RELATIVE HUMIDITY (PERCENT)
 HIGHEST    MM
 LOWEST     MM
 AVERAGE    MM

..........................................................


THE MARQUETTE MI CLIMATE NORMALS FOR TOMORROW
                         NORMAL    RECORD    YEAR
 MAXIMUM TEMPERATURE (F)   23        54      1991
 MINIMUM TEMPERATURE (F)    4       -26      1996


SUNRISE AND SUNSET
FEBRUARY  1 2015......SUNRISE   814 AM EST   SUNSET   554 PM EST
FEBRUARY  2 2015......SUNRISE   813 AM EST   SUNSET   555 PM EST


-  INDICATES NEGATIVE NUMBERS.
R  INDICATES RECORD WAS SET OR TIED.
MM INDICATES DATA IS MISSING.
T  INDICATES TRACE AMOUNT.




$$
