284
CDUS41 KLWX 300522
CLIMRB


CLIMATE REPORT
NATIONAL WEATHER SERVICE BALTIMORE MD/WASHINGTON DC
121 AM EDT MON MAY 30 2016


...................................

...THE MARTINSBURG WV CLIMATE SUMMARY FOR MAY 29 2016...

CLIMATE NORMAL PERIOD 1981 TO 2010
CLIMATE RECORD PERIOD 1926 TO 2016


WEATHER ITEM   OBSERVED TIME   RECORD YEAR NORMAL DEPARTURE LAST
                VALUE   (LST)  VALUE       VALUE  FROM      YEAR
                                                  NORMAL
..................................................................
TEMPERATURE (F)
 YESTERDAY
  MAXIMUM         84    100 PM  98    1941  76      8       84
  MINIMUM         59    509 AM  38    1936  54      5       67
  AVERAGE         72                        65      7       76

PRECIPITATION (IN)
  YESTERDAY        0.10          1.31 1948   0.13  -0.03     0.00
  MONTH TO DATE    4.58                      3.83   0.75     2.23
  SINCE MAR 1      7.42                     10.69  -3.27     7.85
  SINCE JAN 1     11.51                     15.47  -3.96    10.14

DEGREE DAYS
 HEATING
  YESTERDAY        0                         3     -3        0
  MONTH TO DATE  182                       164     18       65
  SINCE MAR 1   1058                      1265   -207     1092
  SINCE JUL 1   4473                      5221   -748     5015

 COOLING
  YESTERDAY        7                         3      4       11
  MONTH TO DATE   44                        46     -2      125
  SINCE MAR 1     56                        55      1      126
  SINCE JAN 1     56                        55      1      126
..................................................................


WIND (MPH)
  HIGHEST WIND SPEED    12   HIGHEST WIND DIRECTION     S (160)
  HIGHEST GUST SPEED    16   HIGHEST GUST DIRECTION    SE (140)
  AVERAGE WIND SPEED     2.9


SKY COVER
  POSSIBLE SUNSHINE  MM
  AVERAGE SKY COVER 0.2


WEATHER CONDITIONS
 THE FOLLOWING WEATHER WAS RECORDED YESTERDAY.
  LIGHT RAIN
  FOG


RELATIVE HUMIDITY (PERCENT)
 HIGHEST   100           300 AM
 LOWEST     37          1200 PM
 AVERAGE    69

..........................................................


THE MARTINSBURG WV CLIMATE NORMALS FOR TODAY
                         NORMAL    RECORD    YEAR
 MAXIMUM TEMPERATURE (F)   77        96      1941
 MINIMUM TEMPERATURE (F)   54        37      1996


SUNRISE AND SUNSET
MAY 30 2016...........SUNRISE   548 AM EDT   SUNSET   832 PM EDT
MAY 31 2016...........SUNRISE   547 AM EDT   SUNSET   833 PM EDT


-  INDICATES NEGATIVE NUMBERS.
R  INDICATES RECORD WAS SET OR TIED.
MM INDICATES DATA IS MISSING.
T  INDICATES TRACE AMOUNT.




$$
