000
CDUS41 KLWX 200527
CLIMRB


CLIMATE REPORT
NATIONAL WEATHER SERVICE BALTIMORE MD/WASHINGTON DC
126 AM EDT FRI OCT 20 2017


...................................

...THE MARTINSBURG WV CLIMATE SUMMARY FOR OCTOBER 19 2017...

CLIMATE NORMAL PERIOD 1981 TO 2010
CLIMATE RECORD PERIOD 1926 TO 2017


WEATHER ITEM   OBSERVED TIME   RECORD YEAR NORMAL DEPARTURE LAST
                VALUE   (LST)  VALUE       VALUE  FROM      YEAR
                                                  NORMAL
..................................................................
TEMPERATURE (F)
 YESTERDAY
  MAXIMUM         74    356 PM  85    2016  64     10       85
  MINIMUM         37    557 AM  25    2015  41     -4       61
                                      1976
  AVERAGE         56                        53      3       73

PRECIPITATION (IN)
  YESTERDAY        0.00          1.75 1932   0.09  -0.09     0.00
  MONTH TO DATE    2.52                      1.88   0.64     0.52
  SINCE SEP 1      3.98                      5.45  -1.47     4.81
  SINCE JAN 1     30.92                     31.69  -0.77    21.66

DEGREE DAYS
 HEATING
  YESTERDAY        9                        12     -3        0
  MONTH TO DATE   88                       183    -95      119
  SINCE SEP 1    148                       267   -119      139
  SINCE JUL 1    150                       274   -124      139

 COOLING
  YESTERDAY        0                         0      0        8
  MONTH TO DATE   53                         8     45       14
  SINCE SEP 1    178                       101     77      213
  SINCE JAN 1   1074                       893    181     1285
..................................................................


WIND (MPH)
  HIGHEST WIND SPEED    10   HIGHEST WIND DIRECTION     W (290)
  HIGHEST GUST SPEED    14   HIGHEST GUST DIRECTION     S (180)
  AVERAGE WIND SPEED     3.5


SKY COVER
  POSSIBLE SUNSHINE  MM
  AVERAGE SKY COVER 0.0


WEATHER CONDITIONS
 THE FOLLOWING WEATHER WAS RECORDED YESTERDAY.
  FOG


RELATIVE HUMIDITY (PERCENT)
 HIGHEST   100           500 AM
 LOWEST     35           200 PM
 AVERAGE    68

..........................................................


THE MARTINSBURG WV CLIMATE NORMALS FOR TODAY
                         NORMAL    RECORD    YEAR
 MAXIMUM TEMPERATURE (F)   64        86      1938
 MINIMUM TEMPERATURE (F)   41        19      1972


SUNRISE AND SUNSET
OCTOBER 20 2017.......SUNRISE   727 AM EDT   SUNSET   625 PM EDT
OCTOBER 21 2017.......SUNRISE   728 AM EDT   SUNSET   624 PM EDT


-  INDICATES NEGATIVE NUMBERS.
R  INDICATES RECORD WAS SET OR TIED.
MM INDICATES DATA IS MISSING.
T  INDICATES TRACE AMOUNT.




$$
