000
CDUS41 KLWX 260534
CLIMRB


CLIMATE REPORT
NATIONAL WEATHER SERVICE BALTIMORE MD/WASHINGTON DC
129 AM EDT MON JUN 26 2017


...................................

...THE MARTINSBURG WV CLIMATE SUMMARY FOR JUNE 25 2017...

CLIMATE NORMAL PERIOD 1981 TO 2010
CLIMATE RECORD PERIOD 1926 TO 2017


WEATHER ITEM   OBSERVED TIME   RECORD YEAR NORMAL DEPARTURE LAST
                VALUE   (LST)  VALUE       VALUE  FROM      YEAR
                                                  NORMAL
..................................................................
TEMPERATURE (F)
 YESTERDAY
  MAXIMUM         83    215 PM  99    1997  84     -1       82
  MINIMUM         60   1147 PM  46    1979  62     -2       63
  AVERAGE         72                        73     -1       73

PRECIPITATION (IN)
  YESTERDAY        0.00          2.09 2006   0.12  -0.12     0.00
  MONTH TO DATE    1.11                      3.17  -2.06     2.08
  SINCE JUN 1      1.11                      3.17  -2.06     2.08
  SINCE JAN 1     18.33                     18.90  -0.57    13.67

DEGREE DAYS
 HEATING
  YESTERDAY        0                         0      0        0
  MONTH TO DATE   10                        22    -12        5
  SINCE JUN 1     10                        22    -12        5
  SINCE JUL 1   4136                      5247  -1111     4478

 COOLING
  YESTERDAY        7                         8     -1        8
  MONTH TO DATE  199                       140     59      183
  SINCE JUN 1    199                       140     59      183
  SINCE JAN 1    306                       197    109      256
..................................................................


WIND (MPH)
  HIGHEST WIND SPEED    23   HIGHEST WIND DIRECTION     W (260)
  HIGHEST GUST SPEED    29   HIGHEST GUST DIRECTION     W (260)
  AVERAGE WIND SPEED     9.2


SKY COVER
  POSSIBLE SUNSHINE  MM
  AVERAGE SKY COVER 0.2


WEATHER CONDITIONS
 THE FOLLOWING WEATHER WAS RECORDED YESTERDAY.
  NO SIGNIFICANT WEATHER WAS OBSERVED.


RELATIVE HUMIDITY (PERCENT)
 HIGHEST    84           200 AM
 LOWEST     28           100 PM
 AVERAGE    56

..........................................................


THE MARTINSBURG WV CLIMATE NORMALS FOR TODAY
                         NORMAL    RECORD    YEAR
 MAXIMUM TEMPERATURE (F)   85       102      1943
 MINIMUM TEMPERATURE (F)   62        46      1979


SUNRISE AND SUNSET
JUNE 26 2017..........SUNRISE   547 AM EDT   SUNSET   843 PM EDT
JUNE 27 2017..........SUNRISE   547 AM EDT   SUNSET   843 PM EDT


-  INDICATES NEGATIVE NUMBERS.
R  INDICATES RECORD WAS SET OR TIED.
MM INDICATES DATA IS MISSING.
T  INDICATES TRACE AMOUNT.




$$
