000
CDUS41 KLWX 240522
CLIMRB


CLIMATE REPORT
NATIONAL WEATHER SERVICE BALTIMORE MD/WASHINGTON DC
122 AM EDT SUN MAY 24 2015


...................................

...THE MARTINSBURG WV CLIMATE SUMMARY FOR MAY 23 2015...

CLIMATE NORMAL PERIOD 1981 TO 2010
CLIMATE RECORD PERIOD 1926 TO 2015


WEATHER ITEM   OBSERVED TIME   RECORD YEAR NORMAL DEPARTURE LAST
                VALUE   (LST)  VALUE       VALUE  FROM      YEAR
                                                  NORMAL
..................................................................
TEMPERATURE (F)
 YESTERDAY
  MAXIMUM         72    438 PM  98    1941  75     -3       76
  MINIMUM         38    520 AM  35    2002  52    -14       57
  AVERAGE         55                        63     -8       67

PRECIPITATION (IN)
  YESTERDAY        0.00          1.54 1962   0.13  -0.13     0.00
  MONTH TO DATE    1.95                      3.04  -1.09     4.74
  SINCE MAR 1      7.57                      9.90  -2.33    10.57
  SINCE JAN 1      9.86                     14.68  -4.82    14.32

DEGREE DAYS
 HEATING
  YESTERDAY       10                         4      6        0
  MONTH TO DATE   63                       143    -80       89
  SINCE MAR 1   1090                      1244   -154     1286
  SINCE JUL 1   5013                      5200   -187     5379

 COOLING
  YESTERDAY        0                         2     -2        2
  MONTH TO DATE   82                        30     52       49
  SINCE MAR 1     83                        39     44       56
  SINCE JAN 1     83                        39     44       56
..................................................................


WIND (MPH)
  HIGHEST WIND SPEED    12   HIGHEST WIND DIRECTION    NW (330)
  HIGHEST GUST SPEED    15   HIGHEST GUST DIRECTION    SE (140)
  AVERAGE WIND SPEED     3.6


SKY COVER
  POSSIBLE SUNSHINE  MM
  AVERAGE SKY COVER 0.0


WEATHER CONDITIONS
 THE FOLLOWING WEATHER WAS RECORDED YESTERDAY.
  NO SIGNIFICANT WEATHER WAS OBSERVED.


RELATIVE HUMIDITY (PERCENT)
 HIGHEST    77          1100 PM
 LOWEST     24          1100 AM
 AVERAGE    51

..........................................................


THE MARTINSBURG WV CLIMATE NORMALS FOR TODAY
                         NORMAL    RECORD    YEAR
 MAXIMUM TEMPERATURE (F)   75        96      1941
 MINIMUM TEMPERATURE (F)   52        31      1963


SUNRISE AND SUNSET
MAY 24 2015...........SUNRISE   551 AM EDT   SUNSET   827 PM EDT
MAY 25 2015...........SUNRISE   551 AM EDT   SUNSET   827 PM EDT


-  INDICATES NEGATIVE NUMBERS.
R  INDICATES RECORD WAS SET OR TIED.
MM INDICATES DATA IS MISSING.
T  INDICATES TRACE AMOUNT.




$$
