601
CDUS41 KLWX 210526
CLIMRB


CLIMATE REPORT
NATIONAL WEATHER SERVICE BALTIMORE MD/WASHINGTON DC
124 AM EDT MON AUG 21 2017


...................................

...THE MARTINSBURG WV CLIMATE SUMMARY FOR AUGUST 20 2017...

CLIMATE NORMAL PERIOD 1981 TO 2010
CLIMATE RECORD PERIOD 1926 TO 2017


WEATHER ITEM   OBSERVED TIME   RECORD YEAR NORMAL DEPARTURE LAST
                VALUE   (LST)  VALUE       VALUE  FROM      YEAR
                                                  NORMAL
..................................................................
TEMPERATURE (F)
 YESTERDAY
  MAXIMUM         85    259 PM 103    1983  84      1       87
  MINIMUM         59    555 AM  49    1998  62     -3       65
  AVERAGE         72                        73     -1       76

PRECIPITATION (IN)
  YESTERDAY        0.00          2.15 1990   0.09  -0.09     0.00
  MONTH TO DATE    1.93                      2.02  -0.09     2.17
  SINCE JUN 1      9.43                      9.45  -0.02     5.24
  SINCE JAN 1     26.65                     25.18   1.47    16.83

DEGREE DAYS
 HEATING
  YESTERDAY        0                         0      0        0
  MONTH TO DATE    0                         0      0        0
  SINCE JUN 1     10                        25    -15        5
  SINCE JUL 1      0                         1     -1        0

 COOLING
  YESTERDAY        7                         8     -1       11
  MONTH TO DATE  156                       173    -17      261
  SINCE JUN 1    737                       659     78      880
  SINCE JAN 1    844                       716    128      953
..................................................................


WIND (MPH)
  HIGHEST WIND SPEED     8   HIGHEST WIND DIRECTION     W (270)
  HIGHEST GUST SPEED    11   HIGHEST GUST DIRECTION     N (10)
  AVERAGE WIND SPEED     1.6


SKY COVER
  POSSIBLE SUNSHINE  MM
  AVERAGE SKY COVER 0.0


WEATHER CONDITIONS
 THE FOLLOWING WEATHER WAS RECORDED YESTERDAY.
  FOG


RELATIVE HUMIDITY (PERCENT)
 HIGHEST   100           100 AM
 LOWEST     40           100 PM
 AVERAGE    70

..........................................................


THE MARTINSBURG WV CLIMATE NORMALS FOR TODAY
                         NORMAL    RECORD    YEAR
 MAXIMUM TEMPERATURE (F)   84        99      1937
 MINIMUM TEMPERATURE (F)   61        45      1929


SUNRISE AND SUNSET
AUGUST 21 2017........SUNRISE   630 AM EDT   SUNSET   759 PM EDT
AUGUST 22 2017........SUNRISE   631 AM EDT   SUNSET   757 PM EDT


-  INDICATES NEGATIVE NUMBERS.
R  INDICATES RECORD WAS SET OR TIED.
MM INDICATES DATA IS MISSING.
T  INDICATES TRACE AMOUNT.




$$
