000
CDUS44 KHUN 260812
CLIMSL


CLIMATE REPORT
NATIONAL WEATHER SERVICE HUNTSVILLE AL
212 AM CST MON JAN 26 2015


...................................

...THE MUSCLE SHOALS CLIMATE SUMMARY FOR JANUARY 25 2015...

CLIMATE NORMAL PERIOD 1981 TO 2010
CLIMATE RECORD PERIOD 1893 TO 2015


WEATHER ITEM   OBSERVED TIME   RECORD YEAR NORMAL DEPARTURE LAST
                VALUE   (LST)  VALUE       VALUE  FROM      YEAR
                                                  NORMAL
..................................................................
TEMPERATURE (F)
 YESTERDAY
  MAXIMUM         58   1245 PM  79    1909  51      7       50
  MINIMUM         33   1239 AM   3    1905  31      2       25
                                      1894
  AVERAGE         46                        41      5       38

PRECIPITATION (IN)
  YESTERDAY        0.15          1.86 1929   0.15   0.00     0.00
  MONTH TO DATE    3.08                      3.67  -0.59     1.70
  SINCE DEC 1      8.21                      9.35  -1.14     6.47
  SINCE JAN 1      3.08                      3.67  -0.59     1.70

SNOWFALL (IN)
  YESTERDAY        0.0
  MONTH TO DATE    0.0
  SINCE DEC 1      0.0
  SINCE JUL 1      0.0
  SNOW DEPTH       0

DEGREE DAYS
 HEATING
  YESTERDAY       19                        24     -5       27
  MONTH TO DATE  631                       600     31      712
  SINCE DEC 1   1195                      1274    -79     1354
  SINCE JUL 1   1847                      1836     11     1971

 COOLING
  YESTERDAY        0                         0      0        0
  MONTH TO DATE    0                         0      0        0
  SINCE DEC 1      0                         1     -1        8
  SINCE JAN 1      0                         0      0        0
..................................................................


WIND (MPH)
  HIGHEST WIND SPEED    39   HIGHEST WIND DIRECTION     W (280)
  HIGHEST GUST SPEED    51   HIGHEST GUST DIRECTION     W (280)
  AVERAGE WIND SPEED     8.6


SKY COVER
  POSSIBLE SUNSHINE  MM
  AVERAGE SKY COVER 0.4


WEATHER CONDITIONS
 THE FOLLOWING WEATHER WAS RECORDED YESTERDAY.
  HEAVY RAIN
  LIGHT RAIN
  FOG


RELATIVE HUMIDITY (PERCENT)
 HIGHEST    89           900 PM
 LOWEST     43           100 PM
 AVERAGE    66

..........................................................


THE MUSCLE SHOALS CLIMATE NORMALS FOR TODAY
                         NORMAL    RECORD    YEAR
 MAXIMUM TEMPERATURE (F)   51        77      1950
 MINIMUM TEMPERATURE (F)   32        -9      1940


SUNRISE AND SUNSET
JANUARY 26 2015.......SUNRISE   653 AM CST   SUNSET   513 PM CST
JANUARY 27 2015.......SUNRISE   652 AM CST   SUNSET   514 PM CST


-  INDICATES NEGATIVE NUMBERS.
R  INDICATES RECORD WAS SET OR TIED.
MM INDICATES DATA IS MISSING.
T  INDICATES TRACE AMOUNT.


$$
