000
CDUS44 KHUN 220801
CLIMSL


CLIMATE REPORT
NATIONAL WEATHER SERVICE HUNTSVILLE AL
200 AM CST SUN JAN 22 2017


...................................

...THE MUSCLE SHOALS CLIMATE SUMMARY FOR JANUARY 21 2017...

CLIMATE NORMAL PERIOD 1981 TO 2010
CLIMATE RECORD PERIOD 1893 TO 2017


WEATHER ITEM   OBSERVED TIME   RECORD YEAR NORMAL DEPARTURE LAST
                VALUE   (LST)  VALUE       VALUE  FROM      YEAR
                                                  NORMAL
..................................................................
TEMPERATURE (F)
 YESTERDAY
  MAXIMUM         69    253 PM  75    1937  51     18       43
  MINIMUM         53    257 AM -11    1985  31     22       38
  AVERAGE         61                        41     20       41

PRECIPITATION (IN)
  YESTERDAY        0.12          2.40 1927   0.15  -0.03     1.89
  MONTH TO DATE    2.94                      3.07  -0.13     2.59
  SINCE DEC 1      8.28                      8.75  -0.47     9.53
  SINCE JAN 1      2.94                      3.07  -0.13     2.59

SNOWFALL (IN)
  YESTERDAY        0.0
  MONTH TO DATE    T
  SINCE DEC 1      T
  SINCE JUL 1      T
  SNOW DEPTH       0

DEGREE DAYS
 HEATING
  YESTERDAY        4                        24    -20       24
  MONTH TO DATE  280                       504   -224      544
  SINCE DEC 1    848                      1178   -330      897
  SINCE JUL 1   1176                      1740   -564     1262

 COOLING
  YESTERDAY        0                         0      0        0
  MONTH TO DATE    4                         0      4        0
  SINCE DEC 1      6                         1      5       22
  SINCE JAN 1      4                         0      4        0
..................................................................


WIND (MPH)
  HIGHEST WIND SPEED    23   HIGHEST WIND DIRECTION    SE (120)
  HIGHEST GUST SPEED    28   HIGHEST GUST DIRECTION    SE (120)
  AVERAGE WIND SPEED     5.4


SKY COVER
  POSSIBLE SUNSHINE  MM
  AVERAGE SKY COVER 0.2


WEATHER CONDITIONS
 THE FOLLOWING WEATHER WAS RECORDED YESTERDAY.
  THUNDERSTORM
  LIGHT RAIN
  FOG


RELATIVE HUMIDITY (PERCENT)
 HIGHEST    93           300 AM
 LOWEST     53           200 PM
 AVERAGE    73

..........................................................


THE MUSCLE SHOALS CLIMATE NORMALS FOR TODAY
                         NORMAL    RECORD    YEAR
 MAXIMUM TEMPERATURE (F)   51        75      1937
                                             1927
 MINIMUM TEMPERATURE (F)   31         9      1961


SUNRISE AND SUNSET
JANUARY 22 2017.......SUNRISE   655 AM CST   SUNSET   510 PM CST
JANUARY 23 2017.......SUNRISE   654 AM CST   SUNSET   511 PM CST


-  INDICATES NEGATIVE NUMBERS.
R  INDICATES RECORD WAS SET OR TIED.
MM INDICATES DATA IS MISSING.
T  INDICATES TRACE AMOUNT.




$$
