000
CDUS43 KMKX 200045
CLIMSN


CLIMATE REPORT
NATIONAL WEATHER SERVICE IN MILWAUKEE
644 PM CST SUN FEB 19 2017


...................................

...THE MADISON WI CLIMATE SUMMARY FOR FEBRUARY 19 2017...
VALID TODAY AS OF 0600 PM LOCAL TIME.

CLIMATE NORMAL PERIOD 1981 TO 2010
CLIMATE RECORD PERIOD 1871 TO 2017


WEATHER ITEM   OBSERVED TIME   RECORD YEAR NORMAL DEPARTURE LAST
                VALUE   (LST)  VALUE       VALUE  FROM      YEAR
                                                  NORMAL
..................................................................
TEMPERATURE (F)
 TODAY
  MAXIMUM         62R   330 PM  60    1981  32     30       51
  MINIMUM         27    706 AM -15    1979  16     11       39
  AVERAGE         45                        24     21       45

PRECIPITATION (IN)
  TODAY            0.00          0.86 1971   0.05  -0.05     0.00
  MONTH TO DATE    0.28                      0.92  -0.64     0.50
  SINCE DEC 1      5.07                      3.89   1.18     4.81
  SINCE JAN 1      3.04                      2.15   0.89     1.48

SNOWFALL (IN)
  TODAY            0.0           7.3  1898   0.3   -0.3      0.0
  MONTH TO DATE    T                         7.4   -7.4      6.0
  SINCE DEC 1     33.8                      33.8    0.0     20.3
  SINCE JUL 1     33.8                      37.9   -4.1     24.4
  SNOW DEPTH       0

DEGREE DAYS
 HEATING
  TODAY           20                        41    -21       20
  MONTH TO DATE  681                       822   -141      813
  SINCE DEC 1   3263                      3556   -293     3124
  SINCE JUL 1   4285                      5135   -850     4315

 COOLING
  TODAY            0                         0      0        0
  MONTH TO DATE    0                         0      0        0
  SINCE DEC 1      0                         0      0        0
  SINCE JAN 1      0                         0      0        0
..................................................................


WIND (MPH)
  HIGHEST WIND SPEED    13   HIGHEST WIND DIRECTION     S (160)
  HIGHEST GUST SPEED    15   HIGHEST GUST DIRECTION     S (170)
  AVERAGE WIND SPEED     3.2


SKY COVER
  POSSIBLE SUNSHINE  MM
  AVERAGE SKY COVER 0.3


WEATHER CONDITIONS
 THE FOLLOWING WEATHER WAS RECORDED TODAY.
  FOG


RELATIVE HUMIDITY (PERCENT)
 HIGHEST   100          1200 AM
 LOWEST     39           200 PM
 AVERAGE    70

..........................................................


THE MADISON WI CLIMATE NORMALS FOR TOMORROW
                         NORMAL    RECORD    YEAR
 MAXIMUM TEMPERATURE (F)   33        57      1930
 MINIMUM TEMPERATURE (F)   17       -21      1929


SUNRISE AND SUNSET
FEBRUARY 19 2017......SUNRISE   649 AM CST   SUNSET   534 PM CST
FEBRUARY 20 2017......SUNRISE   647 AM CST   SUNSET   535 PM CST


-  INDICATES NEGATIVE NUMBERS.
R  INDICATES RECORD WAS SET OR TIED.
MM INDICATES DATA IS MISSING.
T  INDICATES TRACE AMOUNT.




$$
