000
CDUS43 KMKX 230719
CLIMSN


CLIMATE REPORT
NATIONAL WEATHER SERVICE IN MILWAUKEE
218 AM CDT MON OCT 23 2017


...................................

...THE MADISON WI CLIMATE SUMMARY FOR OCTOBER 22 2017...

CLIMATE NORMAL PERIOD 1981 TO 2010
CLIMATE RECORD PERIOD 1871 TO 2017


WEATHER ITEM   OBSERVED TIME   RECORD YEAR NORMAL DEPARTURE LAST
                VALUE   (LST)  VALUE       VALUE  FROM      YEAR
                                                  NORMAL
..................................................................
TEMPERATURE (F)
 YESTERDAY
  MAXIMUM         68    139 AM  81    1947  57     11       61
  MINIMUM         44   1159 PM  17    1982  37      7       38
  AVERAGE         56                        47      9       50

PRECIPITATION (IN)
  YESTERDAY        0.21          1.86 2001   0.07   0.14     0.00
  MONTH TO DATE    2.98                      1.68   1.30     2.54
  SINCE SEP 1      3.53                      4.81  -1.28    11.00
  SINCE JAN 1     36.29                     29.63   6.66    39.24

SNOWFALL (IN)
  YESTERDAY        0.0           1.3  1917   0.0    0.0      0.0
  MONTH TO DATE    0.0                       0.2   -0.2      0.0
  SINCE SEP 1      0.0                       0.2   -0.2      0.0
  SINCE JUL 1      0.0                       0.2   -0.2      0.0
  SNOW DEPTH       0

DEGREE DAYS
 HEATING
  YESTERDAY        9                        18     -9       15
  MONTH TO DATE  134                       325   -191      201
  SINCE SEP 1    247                       496   -249      243
  SINCE JUL 1    272                       533   -261      250

 COOLING
  YESTERDAY        0                         0      0        0
  MONTH TO DATE   10                         0     10        9
  SINCE SEP 1    120                        51     69       85
  SINCE JAN 1    580                       564     16      780
..................................................................


WIND (MPH)
  HIGHEST WIND SPEED    20   HIGHEST WIND DIRECTION     S (180)
  HIGHEST GUST SPEED    25   HIGHEST GUST DIRECTION     S (180)
  AVERAGE WIND SPEED     6.1


SKY COVER
  POSSIBLE SUNSHINE  MM
  AVERAGE SKY COVER 0.9


WEATHER CONDITIONS
 THE FOLLOWING WEATHER WAS RECORDED YESTERDAY.
  HEAVY RAIN
  RAIN
  LIGHT RAIN
  FOG


RELATIVE HUMIDITY (PERCENT)
 HIGHEST    93           700 AM
 LOWEST     68          1200 AM
 AVERAGE    81

..........................................................


THE MADISON WI CLIMATE NORMALS FOR TODAY
                         NORMAL    RECORD    YEAR
 MAXIMUM TEMPERATURE (F)   56        81      1963
 MINIMUM TEMPERATURE (F)   37        15      1969


SUNRISE AND SUNSET
OCTOBER 23 2017.......SUNRISE   721 AM CDT   SUNSET   602 PM CDT
OCTOBER 24 2017.......SUNRISE   722 AM CDT   SUNSET   600 PM CDT


-  INDICATES NEGATIVE NUMBERS.
R  INDICATES RECORD WAS SET OR TIED.
MM INDICATES DATA IS MISSING.
T  INDICATES TRACE AMOUNT.




$$
