000
CDUS43 KMKX 290649
CLIMSN


CLIMATE REPORT
NATIONAL WEATHER SERVICE IN MILWAUKEE
147 AM CDT THU JUN 29 2017


...................................

...THE MADISON WI CLIMATE SUMMARY FOR JUNE 28 2017...

CLIMATE NORMAL PERIOD 1981 TO 2010
CLIMATE RECORD PERIOD 1871 TO 2017


WEATHER ITEM   OBSERVED TIME   RECORD YEAR NORMAL DEPARTURE LAST
                VALUE   (LST)  VALUE       VALUE  FROM      YEAR
                                                  NORMAL
..................................................................
TEMPERATURE (F)
 YESTERDAY
  MAXIMUM         73    452 PM  97    2012  81     -8       73
                                      1931
  MINIMUM         59    151 AM  47    1968  60     -1       54
  AVERAGE         66                        70     -4       64

PRECIPITATION (IN)
  YESTERDAY        1.31          2.00 1990   0.15   1.16     0.00
  MONTH TO DATE    6.49                      4.25   2.24     4.96
  SINCE JUN 1      6.49                      4.25   2.24     4.96
  SINCE JAN 1     22.15                     16.08   6.07    14.75

SNOWFALL (IN)
  YESTERDAY        0.0           0.0    MM   0.0    0.0      0.0
  MONTH TO DATE    0.0                       0.0    0.0      0.0
  SINCE JUN 1      0.0                       0.0    0.0      0.0
  SINCE JUL 1     44.0                      50.9   -6.9     32.7
  SNOW DEPTH       0

DEGREE DAYS
 HEATING
  YESTERDAY        0                         1     -1        1
  MONTH TO DATE   30                        61    -31       14
  SINCE JUN 1     30                        61    -31       14
  SINCE JUL 1   6218                      7334  -1116     6198

 COOLING
  YESTERDAY        1                         6     -5        0
  MONTH TO DATE  143                       108     35      147
  SINCE JUN 1    143                       108     35      147
  SINCE JAN 1    158                       138     20      199
..................................................................


WIND (MPH)
  HIGHEST WIND SPEED    24   HIGHEST WIND DIRECTION    SE (130)
  HIGHEST GUST SPEED    29   HIGHEST GUST DIRECTION     S (190)
  AVERAGE WIND SPEED    10.9


SKY COVER
  POSSIBLE SUNSHINE  MM
  AVERAGE SKY COVER 0.7


WEATHER CONDITIONS
 THE FOLLOWING WEATHER WAS RECORDED YESTERDAY.
  THUNDERSTORM
  HEAVY RAIN
  RAIN
  LIGHT RAIN
  FOG


RELATIVE HUMIDITY (PERCENT)
 HIGHEST    93           900 AM
 LOWEST     60          1200 AM
 AVERAGE    77

..........................................................


THE MADISON WI CLIMATE NORMALS FOR TODAY
                         NORMAL    RECORD    YEAR
 MAXIMUM TEMPERATURE (F)   81        98      1931
 MINIMUM TEMPERATURE (F)   60        43      1989


SUNRISE AND SUNSET
JUNE 29 2017..........SUNRISE   521 AM CDT   SUNSET   841 PM CDT
JUNE 30 2017..........SUNRISE   521 AM CDT   SUNSET   841 PM CDT


-  INDICATES NEGATIVE NUMBERS.
R  INDICATES RECORD WAS SET OR TIED.
MM INDICATES DATA IS MISSING.
T  INDICATES TRACE AMOUNT.




$$
