000
CDUS45 KMSO 260737
CLIMSO


CLIMATE REPORT
NATIONAL WEATHER SERVICE MISSOULA, MT
137 AM MDT MON SEP 26 2016


...................................

...THE MISSOULA MT CLIMATE SUMMARY FOR SEPTEMBER 25 2016...

CLIMATE NORMAL PERIOD 1981 TO 2010
CLIMATE RECORD PERIOD 1893 TO 2016


WEATHER ITEM   OBSERVED TIME   RECORD YEAR NORMAL DEPARTURE LAST
                VALUE   (LST)  VALUE       VALUE  FROM      YEAR
                                                  NORMAL
..................................................................
TEMPERATURE (F)
 YESTERDAY
  MAXIMUM         68    506 PM  88    2015  69     -1       88
  MINIMUM         37    354 AM  15    1926  39     -2       38
  AVERAGE         53                        54     -1       63

PRECIPITATION (IN)
  YESTERDAY        0.00          1.03 1908   0.04  -0.04     0.00
  MONTH TO DATE    1.13                      1.01   0.12     0.52
  SINCE OCT 1     12.72                     13.97  -1.25    11.98
  SINCE JAN 1      9.33                     11.04  -1.71     6.67

SNOWFALL (IN)
  YESTERDAY        0.0
  MONTH TO DATE    0.0
  SINCE JAN 1     13.1
  SINCE JUL 1      0.0
  SNOW DEPTH       0

DEGREE DAYS
 HEATING
  YESTERDAY       12                        11      1        2
  MONTH TO DATE  250                       179     71      188
  SINCE SEP 1    250                       179     71      188
  SINCE JUL 1    348                       263     85      248

 COOLING
  YESTERDAY        0                         0      0        0
  MONTH TO DATE    4                        13     -9        1
  SINCE SEP 1      4                        13     -9        1
  SINCE JAN 1    286                       330    -44      401
..................................................................


WIND (MPH)
  HIGHEST WIND SPEED     9   HIGHEST WIND DIRECTION     N (340)
  HIGHEST GUST SPEED    10   HIGHEST GUST DIRECTION     W (280)
  AVERAGE WIND SPEED     1.8


SKY COVER
  POSSIBLE SUNSHINE  MM
  AVERAGE SKY COVER 0.5


WEATHER CONDITIONS
 THE FOLLOWING WEATHER WAS RECORDED YESTERDAY.
  NO SIGNIFICANT WEATHER WAS OBSERVED.


RELATIVE HUMIDITY (PERCENT)
 HIGHEST    92           400 AM
 LOWEST     37           400 PM
 AVERAGE    65

..........................................................


THE MISSOULA MT CLIMATE NORMALS FOR TODAY
                         NORMAL    RECORD    YEAR
 MAXIMUM TEMPERATURE (F)   68        87      1899
 MINIMUM TEMPERATURE (F)   38        21      1926


SUNRISE AND SUNSET
SEPTEMBER 26 2016.....SUNRISE   729 AM MDT   SUNSET   725 PM MDT
SEPTEMBER 27 2016.....SUNRISE   730 AM MDT   SUNSET   723 PM MDT


-  INDICATES NEGATIVE NUMBERS.
R  INDICATES RECORD WAS SET OR TIED.
MM INDICATES DATA IS MISSING.
T  INDICATES TRACE AMOUNT.




$$
