000
CDUS45 KMSO 220740
CLIMSO


CLIMATE REPORT
NATIONAL WEATHER SERVICE MISSOULA, MT
138 AM MDT TUE JUL 22 2014


...................................

...THE MISSOULA MT CLIMATE SUMMARY FOR JULY 21 2014...

CLIMATE NORMAL PERIOD 1981 TO 2010
CLIMATE RECORD PERIOD 1893 TO 2014


WEATHER ITEM   OBSERVED TIME   RECORD YEAR NORMAL DEPARTURE LAST
                VALUE   (LST)  VALUE       VALUE  FROM      YEAR
                                                  NORMAL
..................................................................
TEMPERATURE (F)
 YESTERDAY
  MAXIMUM         84    346 PM 102    1960  88     -4       95
  MINIMUM         59   1159 PM  25    1943  52      7       54
  AVERAGE         72                        70      2       75

PRECIPITATION (IN)
  YESTERDAY        0.19          1.62 1987   0.02   0.17     0.00
  MONTH TO DATE    0.19                      0.71  -0.52     0.09
  SINCE OCT 1     10.74                     11.49  -0.75    10.69
  SINCE JAN 1      9.03                      8.56   0.47     5.90

SNOWFALL (IN)
  YESTERDAY        0.0
  MONTH TO DATE    0.0
  SINCE JAN 1     51.9
  SINCE JUL 1      0.0
  SNOW DEPTH       0

DEGREE DAYS
 HEATING
  YESTERDAY        0                         1     -1        0
  MONTH TO DATE    0                        32    -32        0
  SINCE JUN 1    177                       192    -15      141
  SINCE JUL 1      0                        32    -32        0

 COOLING
  YESTERDAY        7                         6      1       10
  MONTH TO DATE  167                        92     75      175
  SINCE JUN 1    175                       129     46      218
  SINCE JAN 1    175                       135     40      222
..................................................................


WIND (MPH)
  HIGHEST WIND SPEED    25   HIGHEST WIND DIRECTION    NW (300)
  HIGHEST GUST SPEED    32   HIGHEST GUST DIRECTION     W (290)
  AVERAGE WIND SPEED     6.6


SKY COVER
  POSSIBLE SUNSHINE  MM
  AVERAGE SKY COVER 0.4


WEATHER CONDITIONS
 THE FOLLOWING WEATHER WAS RECORDED YESTERDAY.
  HEAVY RAIN
  LIGHT RAIN
  FOG


RELATIVE HUMIDITY (PERCENT)
 HIGHEST    97           800 AM
 LOWEST     12           700 PM
 AVERAGE    55

..........................................................


THE MISSOULA MT CLIMATE NORMALS FOR TODAY
                         NORMAL    RECORD    YEAR
 MAXIMUM TEMPERATURE (F)   88       105      1936
 MINIMUM TEMPERATURE (F)   52        37      1952


SUNRISE AND SUNSET
JULY 22 2014..........SUNRISE   604 AM MDT   SUNSET   921 PM MDT
JULY 23 2014..........SUNRISE   605 AM MDT   SUNSET   920 PM MDT


-  INDICATES NEGATIVE NUMBERS.
R  INDICATES RECORD WAS SET OR TIED.
MM INDICATES DATA IS MISSING.
T  INDICATES TRACE AMOUNT.




$$
