000
CDUS45 KMSO 022230
CLIMSO


CLIMATE REPORT
NATIONAL WEATHER SERVICE MISSOULA, MT
430 PM MDT TUE SEP 2 2014


...................................

...THE MISSOULA MT CLIMATE SUMMARY FOR SEPTEMBER 2 2014...
VALID TODAY AS OF 0400 PM LOCAL TIME.

CLIMATE NORMAL PERIOD 1981 TO 2010
CLIMATE RECORD PERIOD 1893 TO 2014


WEATHER ITEM   OBSERVED TIME   RECORD YEAR NORMAL DEPARTURE LAST
                VALUE   (LST)  VALUE       VALUE  FROM      YEAR
                                                  NORMAL
..................................................................
TEMPERATURE (F)
 TODAY
  MAXIMUM         80    259 PM  96    1998  79      1       85
  MINIMUM         41    639 AM  34    1973  46     -5       59
                                      1913
  AVERAGE         61                        63     -2       72

PRECIPITATION (IN)
  TODAY            0.00          0.71 1898   0.04  -0.04     0.00
  MONTH TO DATE    0.00                      0.08  -0.08     0.00
  SINCE OCT 1     11.73                     13.04  -1.31    11.10
  SINCE JAN 1     10.02                     10.11  -0.09     6.31

SNOWFALL (IN)
  TODAY            0.0
  MONTH TO DATE    0.0
  SINCE JAN 1     51.9
  SINCE JUL 1      0.0
  SNOW DEPTH       0

DEGREE DAYS
 HEATING
  TODAY            4                         4      0        0
  MONTH TO DATE   12                         8      4        0
  SINCE SEP 1     12                         8      4        0
  SINCE JUL 1     54                        92    -38        8

 COOLING
  TODAY            0                         1     -1        7
  MONTH TO DATE    0                         3     -3       13
  SINCE SEP 1      0                         3     -3       13
  SINCE JAN 1    378                       320     58      505
..................................................................


WIND (MPH)
  HIGHEST WIND SPEED    13   HIGHEST WIND DIRECTION    NW (330)
  HIGHEST GUST SPEED    15   HIGHEST GUST DIRECTION    NW (330)
  AVERAGE WIND SPEED     1.4


SKY COVER
  POSSIBLE SUNSHINE  MM
  AVERAGE SKY COVER 0.1


WEATHER CONDITIONS
 THE FOLLOWING WEATHER WAS RECORDED TODAY.
  NO SIGNIFICANT WEATHER WAS OBSERVED.


RELATIVE HUMIDITY (PERCENT)
 HIGHEST    89           500 AM
 LOWEST     23           300 PM
 AVERAGE    56

..........................................................


THE MISSOULA MT CLIMATE NORMALS FOR TOMORROW
                         NORMAL    RECORD    YEAR
 MAXIMUM TEMPERATURE (F)   79        98      1988
                                             1950
 MINIMUM TEMPERATURE (F)   46        31      1958


SUNRISE AND SUNSET
SEPTEMBER  2 2014.....SUNRISE   657 AM MDT   SUNSET   814 PM MDT
SEPTEMBER  3 2014.....SUNRISE   658 AM MDT   SUNSET   812 PM MDT


-  INDICATES NEGATIVE NUMBERS.
R  INDICATES RECORD WAS SET OR TIED.
MM INDICATES DATA IS MISSING.
T  INDICATES TRACE AMOUNT.




$$
