000
CDUS45 KMSO 280739
CLIMSO


CLIMATE REPORT
NATIONAL WEATHER SERVICE MISSOULA, MT
1238 AM MST SAT FEB 28 2015


...................................

...THE MISSOULA MT CLIMATE SUMMARY FOR FEBRUARY 27 2015...

CLIMATE NORMAL PERIOD 1981 TO 2010
CLIMATE RECORD PERIOD 1893 TO 2015


WEATHER ITEM   OBSERVED TIME   RECORD YEAR NORMAL DEPARTURE LAST
                VALUE   (LST)  VALUE       VALUE  FROM      YEAR
                                                  NORMAL
..................................................................
TEMPERATURE (F)
 YESTERDAY
  MAXIMUM         39    313 PM  64    1932  43     -4       24
  MINIMUM         24    832 AM  -8    1993  23      1       10
                                      1962
  AVERAGE         32                        33     -1       17

PRECIPITATION (IN)
  YESTERDAY        0.00          0.47 1972   0.02  -0.02     0.38
  MONTH TO DATE    1.01                      0.67   0.34     2.15
  SINCE OCT 1      7.54                      4.45   3.09     4.74
  SINCE JAN 1      2.23                      1.52   0.71     3.03

SNOWFALL (IN)
  YESTERDAY        0.0
  MONTH TO DATE    3.3
  SINCE JAN 1     12.7
  SINCE JUL 1     33.3
  SNOW DEPTH       0

DEGREE DAYS
 HEATING
  YESTERDAY       33                        32      1       48
  MONTH TO DATE  807                       948   -141     1202
  SINCE DEC 1   3197                      3441   -244     3606
  SINCE JUL 1   4953                      5337   -384     5461

 COOLING
  YESTERDAY        0                         0      0        0
  MONTH TO DATE    0                         0      0        0
  SINCE DEC 1      0                         0      0        0
  SINCE JAN 1      0                         0      0        0
..................................................................


WIND (MPH)
  HIGHEST WIND SPEED    25   HIGHEST WIND DIRECTION     E (90)
  HIGHEST GUST SPEED    32   HIGHEST GUST DIRECTION     E (90)
  AVERAGE WIND SPEED    15.0


SKY COVER
  POSSIBLE SUNSHINE  MM
  AVERAGE SKY COVER 1.0


WEATHER CONDITIONS
 THE FOLLOWING WEATHER WAS RECORDED YESTERDAY.
  NO SIGNIFICANT WEATHER WAS OBSERVED.


RELATIVE HUMIDITY (PERCENT)
 HIGHEST    60           300 AM
 LOWEST     27           300 PM
 AVERAGE    44

..........................................................


THE MISSOULA MT CLIMATE NORMALS FOR TODAY
                         NORMAL    RECORD    YEAR
 MAXIMUM TEMPERATURE (F)   44        60      2006
                                             1967
                                             1895
 MINIMUM TEMPERATURE (F)   24       -13      1960


SUNRISE AND SUNSET
FEBRUARY 28 2015......SUNRISE   718 AM MST   SUNSET   620 PM MST
MARCH  1 2015.........SUNRISE   716 AM MST   SUNSET   622 PM MST


-  INDICATES NEGATIVE NUMBERS.
R  INDICATES RECORD WAS SET OR TIED.
MM INDICATES DATA IS MISSING.
T  INDICATES TRACE AMOUNT.




$$
