000
CDUS45 KMSO 210737
CLIMSO


CLIMATE REPORT
NATIONAL WEATHER SERVICE MISSOULA, MT
137 AM MDT FRI JUL 21 2017


...................................

...THE MISSOULA MT CLIMATE SUMMARY FOR JULY 20 2017...

CLIMATE NORMAL PERIOD 1981 TO 2010
CLIMATE RECORD PERIOD 1893 TO 2017


WEATHER ITEM   OBSERVED TIME   RECORD YEAR NORMAL DEPARTURE LAST
                VALUE   (LST)  VALUE       VALUE  FROM      YEAR
                                                  NORMAL
..................................................................
TEMPERATURE (F)
 YESTERDAY
  MAXIMUM         91    316 PM 102    1960  88      3       86
  MINIMUM         56    518 AM  38    1901  52      4       54
  AVERAGE         74                        70      4       70

PRECIPITATION (IN)
  YESTERDAY        0.00          0.47 1983   0.03  -0.03     0.00
  MONTH TO DATE    T                         0.69  -0.69     2.06
  SINCE OCT 1     14.71                     11.47   3.24    11.31
  SINCE JAN 1     10.05                      8.54   1.51     7.92

SNOWFALL (IN)
  YESTERDAY        0.0
  MONTH TO DATE    0.0
  SINCE JAN 1     38.2
  SINCE JUL 1      0.0
  SNOW DEPTH       0

DEGREE DAYS
 HEATING
  YESTERDAY        0                         1     -1        0
  MONTH TO DATE    0                        31    -31       57
  SINCE JUN 1    115                       191    -76      176
  SINCE JUL 1      0                        31    -31       57

 COOLING
  YESTERDAY        9                         6      3        5
  MONTH TO DATE  180                        86     94       39
  SINCE JUN 1    220                       123     97      110
  SINCE JAN 1    229                       129    100      110
..................................................................


WIND (MPH)
  HIGHEST WIND SPEED    28   HIGHEST WIND DIRECTION    NW (300)
  HIGHEST GUST SPEED    36   HIGHEST GUST DIRECTION    NW (300)
  AVERAGE WIND SPEED     8.5


SKY COVER
  POSSIBLE SUNSHINE  MM
  AVERAGE SKY COVER 0.1


WEATHER CONDITIONS
 THE FOLLOWING WEATHER WAS RECORDED YESTERDAY.
  NO SIGNIFICANT WEATHER WAS OBSERVED.


RELATIVE HUMIDITY (PERCENT)
 HIGHEST    57           500 AM
 LOWEST     14           400 PM
 AVERAGE    36

..........................................................


THE MISSOULA MT CLIMATE NORMALS FOR TODAY
                         NORMAL    RECORD    YEAR
 MAXIMUM TEMPERATURE (F)   88       102      1960
 MINIMUM TEMPERATURE (F)   52        38      1914


SUNRISE AND SUNSET
JULY 21 2017..........SUNRISE   603 AM MDT   SUNSET   921 PM MDT
JULY 22 2017..........SUNRISE   605 AM MDT   SUNSET   920 PM MDT


-  INDICATES NEGATIVE NUMBERS.
R  INDICATES RECORD WAS SET OR TIED.
MM INDICATES DATA IS MISSING.
T  INDICATES TRACE AMOUNT.




$$
