000
CDUS45 KMSO 170744
CLIMSO


CLIMATE REPORT
NATIONAL WEATHER SERVICE MISSOULA, MT
144 AM MDT THU APR 17 2014


...................................

...THE MISSOULA MT CLIMATE SUMMARY FOR APRIL 16 2014...

CLIMATE NORMAL PERIOD 1981 TO 2010
CLIMATE RECORD PERIOD 1893 TO 2014


WEATHER ITEM   OBSERVED TIME   RECORD YEAR NORMAL DEPARTURE LAST
                VALUE   (LST)  VALUE       VALUE  FROM      YEAR
                                                  NORMAL
..................................................................
TEMPERATURE (F)
 YESTERDAY
  MAXIMUM         50    238 PM  81    1984  59     -9       42
                                      1936
  MINIMUM         26    529 AM  19    2013  33     -7       19
  AVERAGE         38                        46     -8       31

PRECIPITATION (IN)
  YESTERDAY        T             0.52 1920   0.04  -0.04      T
  MONTH TO DATE    0.14                      0.64  -0.50     0.22
  SINCE OCT 1      6.96                      6.12   0.84     7.07
  SINCE JAN 1      5.25                      3.19   2.06     2.28

SNOWFALL (IN)
  YESTERDAY        0.0
  MONTH TO DATE    T
  SINCE JAN 1     51.8
  SINCE JUL 1     65.7
  SNOW DEPTH       0

DEGREE DAYS
 HEATING
  YESTERDAY       27                        19      8       34
  MONTH TO DATE  345                       333     12      357
  SINCE MAR 1   1213                      1147     66     1182
  SINCE JUL 1   6723                      6516    207     6173

 COOLING
  YESTERDAY        0                         0      0        0
  MONTH TO DATE    0                         0      0        0
  SINCE MAR 1      0                         0      0        0
  SINCE JAN 1      0                         0      0        0
..................................................................


WIND (MPH)
  HIGHEST WIND SPEED    13   HIGHEST WIND DIRECTION     N (360)
  HIGHEST GUST SPEED    17   HIGHEST GUST DIRECTION     N (350)
  AVERAGE WIND SPEED     2.7


SKY COVER
  POSSIBLE SUNSHINE  MM
  AVERAGE SKY COVER 0.7


WEATHER CONDITIONS
 THE FOLLOWING WEATHER WAS RECORDED YESTERDAY.
  LIGHT RAIN
  FOG
  FOG W/VISIBILITY <= 1/4 MILE


RELATIVE HUMIDITY (PERCENT)
 HIGHEST   100           700 AM
 LOWEST     45          1200 PM
 AVERAGE    73

..........................................................


THE MISSOULA MT CLIMATE NORMALS FOR TODAY
                         NORMAL    RECORD    YEAR
 MAXIMUM TEMPERATURE (F)   59        86      1936
 MINIMUM TEMPERATURE (F)   33        16      2013


SUNRISE AND SUNSET
APRIL 17 2014.........SUNRISE   645 AM MDT   SUNSET   828 PM MDT
APRIL 18 2014.........SUNRISE   643 AM MDT   SUNSET   829 PM MDT


-  INDICATES NEGATIVE NUMBERS.
R  INDICATES RECORD WAS SET OR TIED.
MM INDICATES DATA IS MISSING.
T  INDICATES TRACE AMOUNT.




$$
