000
CDUS45 KMSO 060737
CLIMSO


CLIMATE REPORT
NATIONAL WEATHER SERVICE MISSOULA, MT
137 AM MDT FRI MAY 6 2016


...................................

...THE MISSOULA MT CLIMATE SUMMARY FOR MAY 5 2016...

CLIMATE NORMAL PERIOD 1981 TO 2010
CLIMATE RECORD PERIOD 1893 TO 2016


WEATHER ITEM   OBSERVED TIME   RECORD YEAR NORMAL DEPARTURE LAST
                VALUE   (LST)  VALUE       VALUE  FROM      YEAR
                                                  NORMAL
..................................................................
TEMPERATURE (F)
 YESTERDAY
  MAXIMUM         79    350 PM  86    1966  64     15       63
                                      1911
                                      1897
  MINIMUM         45    523 AM  22    2010  37      8       39
                                      1996
  AVERAGE         62                        50     12       51

PRECIPITATION (IN)
  YESTERDAY        0.01          0.88 1983   0.05  -0.04     0.01
  MONTH TO DATE    0.01                      0.23  -0.22     0.01
  SINCE OCT 1      6.68                      6.93  -0.25     8.48
  SINCE JAN 1      3.29                      4.00  -0.71     3.17

SNOWFALL (IN)
  YESTERDAY        0.0
  MONTH TO DATE    0.0
  SINCE JAN 1     13.1
  SINCE JUL 1     30.2
  SNOW DEPTH       0

DEGREE DAYS
 HEATING
  YESTERDAY        3                        15    -12       14
  MONTH TO DATE   33                        76    -43       64
  SINCE MAR 1   1247                      1470   -223     1405
  SINCE JUL 1   6431                      6839   -408     6397

 COOLING
  YESTERDAY        0                         0      0        0
  MONTH TO DATE    0                         0      0        0
  SINCE MAR 1      0                         0      0        0
  SINCE JAN 1      0                         0      0        0
..................................................................


WIND (MPH)
  HIGHEST WIND SPEED    23   HIGHEST WIND DIRECTION    SW (230)
  HIGHEST GUST SPEED    35   HIGHEST GUST DIRECTION    SW (230)
  AVERAGE WIND SPEED     6.6


SKY COVER
  POSSIBLE SUNSHINE  MM
  AVERAGE SKY COVER 0.1


WEATHER CONDITIONS
 THE FOLLOWING WEATHER WAS RECORDED YESTERDAY.
  LIGHT RAIN


RELATIVE HUMIDITY (PERCENT)
 HIGHEST    82           400 AM
 LOWEST     28           300 PM
 AVERAGE    55

..........................................................


THE MISSOULA MT CLIMATE NORMALS FOR TODAY
                         NORMAL    RECORD    YEAR
 MAXIMUM TEMPERATURE (F)   65        85      1992
                                             1953
 MINIMUM TEMPERATURE (F)   37        25      1999
                                             1977
                                             1927


SUNRISE AND SUNSET
MAY  6 2016...........SUNRISE   613 AM MDT   SUNSET   854 PM MDT
MAY  7 2016...........SUNRISE   611 AM MDT   SUNSET   855 PM MDT


-  INDICATES NEGATIVE NUMBERS.
R  INDICATES RECORD WAS SET OR TIED.
MM INDICATES DATA IS MISSING.
T  INDICATES TRACE AMOUNT.




$$
