000
CDUS45 KMSO 252333
CLIMSO


CLIMATE REPORT
NATIONAL WEATHER SERVICE MISSOULA, MT
432 PM MST SUN JAN 25 2015


...................................

...THE MISSOULA MT CLIMATE SUMMARY FOR JANUARY 25 2015...
VALID TODAY AS OF 0400 PM LOCAL TIME.

CLIMATE NORMAL PERIOD 1981 TO 2010
CLIMATE RECORD PERIOD 1893 TO 2015


WEATHER ITEM   OBSERVED TIME   RECORD YEAR NORMAL DEPARTURE LAST
                VALUE   (LST)  VALUE       VALUE  FROM      YEAR
                                                  NORMAL
..................................................................
TEMPERATURE (F)
 TODAY
  MAXIMUM         39    259 PM  54    1905  35      4       28
  MINIMUM         31    754 AM -25    1957  20     11       16
                                      1949
  AVERAGE         35                        27      8       22

PRECIPITATION (IN)
  TODAY            0.00          0.49 1975   0.03  -0.03      T
  MONTH TO DATE    1.22                      0.70   0.52     0.39
  SINCE OCT 1      6.53                      3.63   2.90     2.10
  SINCE JAN 1      1.22                      0.70   0.52     0.39

SNOWFALL (IN)
  TODAY            0.0
  MONTH TO DATE    9.4
  SINCE JAN 1      9.4
  SINCE JUL 1     30.0
  SNOW DEPTH       2

DEGREE DAYS
 HEATING
  TODAY           30                        38     -8       43
  MONTH TO DATE  998                       990      8      863
  SINCE DEC 1   2187                      2266    -79     2165
  SINCE JUL 1   3943                      4162   -219     4020

 COOLING
  TODAY            0                         0      0        0
  MONTH TO DATE    0                         0      0        0
  SINCE DEC 1      0                         0      0        0
  SINCE JAN 1      0                         0      0        0
..................................................................


WIND (MPH)
  HIGHEST WIND SPEED     9   HIGHEST WIND DIRECTION     W (250)
  HIGHEST GUST SPEED     9   HIGHEST GUST DIRECTION     W (260)
  AVERAGE WIND SPEED     1.4


SKY COVER
  POSSIBLE SUNSHINE  MM
  AVERAGE SKY COVER 0.7


WEATHER CONDITIONS
 THE FOLLOWING WEATHER WAS RECORDED TODAY.
  FOG
  FOG W/VISIBILITY <= 1/4 MILE


RELATIVE HUMIDITY (PERCENT)
 HIGHEST   100          1200 AM
 LOWEST     82           400 PM
 AVERAGE    91

..........................................................


THE MISSOULA MT CLIMATE NORMALS FOR TOMORROW
                         NORMAL    RECORD    YEAR
 MAXIMUM TEMPERATURE (F)   35        48      2003
                                             1934
 MINIMUM TEMPERATURE (F)   20       -33      1957


SUNRISE AND SUNSET
JANUARY 25 2015.......SUNRISE   809 AM MST   SUNSET   529 PM MST
JANUARY 26 2015.......SUNRISE   808 AM MST   SUNSET   530 PM MST


-  INDICATES NEGATIVE NUMBERS.
R  INDICATES RECORD WAS SET OR TIED.
MM INDICATES DATA IS MISSING.
T  INDICATES TRACE AMOUNT.




$$
