000
CDUS45 KMSO 160838
CLIMSO


CLIMATE REPORT
NATIONAL WEATHER SERVICE MISSOULA, MT
137 AM MST MON JAN 16 2017


...................................

...THE MISSOULA MT CLIMATE SUMMARY FOR JANUARY 15 2017...

CLIMATE NORMAL PERIOD 1981 TO 2010
CLIMATE RECORD PERIOD 1893 TO 2017


WEATHER ITEM   OBSERVED TIME   RECORD YEAR NORMAL DEPARTURE LAST
                VALUE   (LST)  VALUE       VALUE  FROM      YEAR
                                                  NORMAL
..................................................................
TEMPERATURE (F)
 YESTERDAY
  MAXIMUM          7    534 PM  50    1974  33    -26       31
  MINIMUM        -12R   807 AM -10    1950  18    -30       19
  AVERAGE         -2                        26    -28       25

PRECIPITATION (IN)
  YESTERDAY        0.00          0.81 1974   0.02  -0.02      T
  MONTH TO DATE    0.80                      0.44   0.36     0.12
  SINCE OCT 1      5.46                      3.37   2.09     3.51
  SINCE JAN 1      0.80                      0.44   0.36     0.12

SNOWFALL (IN)
  YESTERDAY        0.0
  MONTH TO DATE   10.8
  SINCE JAN 1     10.8
  SINCE JUL 1     39.9
  SNOW DEPTH      14

DEGREE DAYS
 HEATING
  YESTERDAY       67                        39     28       40
  MONTH TO DATE  883                       605    278      690
  SINCE DEC 1   2301                      1881    420     1913
  SINCE JUL 1   4055                      3777    278     3766

 COOLING
  YESTERDAY        0                         0      0        0
  MONTH TO DATE    0                         0      0        0
  SINCE DEC 1      0                         0      0        0
  SINCE JAN 1      0                         0      0        0
..................................................................


WIND (MPH)
  HIGHEST WIND SPEED     7   HIGHEST WIND DIRECTION    SE (120)
  HIGHEST GUST SPEED     7   HIGHEST GUST DIRECTION     E (110)
  AVERAGE WIND SPEED     0.8


SKY COVER
  POSSIBLE SUNSHINE  MM
  AVERAGE SKY COVER 0.2


WEATHER CONDITIONS
 THE FOLLOWING WEATHER WAS RECORDED YESTERDAY.
  FOG
  HAZE


RELATIVE HUMIDITY (PERCENT)
 HIGHEST   100          1100 AM
 LOWEST     76           400 PM
 AVERAGE    88

..........................................................


THE MISSOULA MT CLIMATE NORMALS FOR TODAY
                         NORMAL    RECORD    YEAR
 MAXIMUM TEMPERATURE (F)   33        58      1894
 MINIMUM TEMPERATURE (F)   19       -18      1916


SUNRISE AND SUNSET
JANUARY 16 2017.......SUNRISE   816 AM MST   SUNSET   516 PM MST
JANUARY 17 2017.......SUNRISE   816 AM MST   SUNSET   518 PM MST


-  INDICATES NEGATIVE NUMBERS.
R  INDICATES RECORD WAS SET OR TIED.
MM INDICATES DATA IS MISSING.
T  INDICATES TRACE AMOUNT.




$$
