000
CDUS45 KMSO 270742
CLIMSO


CLIMATE REPORT
NATIONAL WEATHER SERVICE MISSOULA, MT
1241 AM MST THU NOV 27 2014


...................................

...THE MISSOULA MT CLIMATE SUMMARY FOR NOVEMBER 26 2014...

CLIMATE NORMAL PERIOD 1981 TO 2010
CLIMATE RECORD PERIOD 1893 TO 2014


WEATHER ITEM   OBSERVED TIME   RECORD YEAR NORMAL DEPARTURE LAST
                VALUE   (LST)  VALUE       VALUE  FROM      YEAR
                                                  NORMAL
..................................................................
TEMPERATURE (F)
 YESTERDAY
  MAXIMUM         35    255 PM  63    1933  36     -1       38
  MINIMUM         31   1159 PM -11    1993  22      9       17
  AVERAGE         33                        29      4       28

PRECIPITATION (IN)
  YESTERDAY        0.23          0.45 1905   0.04   0.19     0.00
  MONTH TO DATE    2.63                      0.87   1.76     0.51
  SINCE OCT 1      3.79                      1.75   2.04     0.57
  SINCE JAN 1     14.09                     12.95   1.14     8.30

SNOWFALL (IN)
  YESTERDAY       MM
  MONTH TO DATE    5.3
  SINCE JAN 1     57.2
  SINCE JUL 1      5.3
  SNOW DEPTH       2

DEGREE DAYS
 HEATING
  YESTERDAY       32                        36     -4       37
  MONTH TO DATE  935                       805    130      793
  SINCE SEP 1   1587                      1663    -76     1696
  SINCE JUL 1   1629                      1747   -118     1704

 COOLING
  YESTERDAY        0                         0      0        0
  MONTH TO DATE    0                         0      0        0
  SINCE SEP 1     12                        15     -3       87
  SINCE JAN 1    390                       332     58      579
..................................................................


WIND (MPH)
  HIGHEST WIND SPEED     6   HIGHEST WIND DIRECTION    SE (120)
  HIGHEST GUST SPEED     9   HIGHEST GUST DIRECTION     W (270)
  AVERAGE WIND SPEED     1.4


SKY COVER
  POSSIBLE SUNSHINE  MM
  AVERAGE SKY COVER 0.9


WEATHER CONDITIONS
 THE FOLLOWING WEATHER WAS RECORDED YESTERDAY.
  LIGHT RAIN
  LIGHT SNOW
  FOG


RELATIVE HUMIDITY (PERCENT)
 HIGHEST   100          1200 AM
 LOWEST    100          1200 AM
 AVERAGE   100

..........................................................


THE MISSOULA MT CLIMATE NORMALS FOR TODAY
                         NORMAL    RECORD    YEAR
 MAXIMUM TEMPERATURE (F)   36        56      1949
 MINIMUM TEMPERATURE (F)   21        -8      1967


SUNRISE AND SUNSET
NOVEMBER 27 2014......SUNRISE   756 AM MST   SUNSET   452 PM MST
NOVEMBER 28 2014......SUNRISE   757 AM MST   SUNSET   451 PM MST


-  INDICATES NEGATIVE NUMBERS.
R  INDICATES RECORD WAS SET OR TIED.
MM INDICATES DATA IS MISSING.
T  INDICATES TRACE AMOUNT.




$$
