000
CDUS45 KMSO 242236
CLIMSO


CLIMATE REPORT
NATIONAL WEATHER SERVICE MISSOULA, MT
434 PM MDT FRI OCT 24 2014


...................................

...THE MISSOULA MT CLIMATE SUMMARY FOR OCTOBER 24 2014...
VALID TODAY AS OF 0400 PM LOCAL TIME.

CLIMATE NORMAL PERIOD 1981 TO 2010
CLIMATE RECORD PERIOD 1893 TO 2014


WEATHER ITEM   OBSERVED TIME   RECORD YEAR NORMAL DEPARTURE LAST
                VALUE   (LST)  VALUE       VALUE  FROM      YEAR
                                                  NORMAL
..................................................................
TEMPERATURE (F)
 TODAY
  MAXIMUM         52    250 PM  74    1944  54     -2       61
  MINIMUM         42    740 AM  14    2002  30     12       26
  AVERAGE         47                        42      5       44

PRECIPITATION (IN)
  TODAY            0.00          0.83 1913   0.03  -0.03     0.00
  MONTH TO DATE    1.01                      0.67   0.34     0.04
  SINCE OCT 1      1.01                      0.67   0.34     0.04
  SINCE JAN 1     11.31                     11.87  -0.56     7.77

SNOWFALL (IN)
  TODAY            0.0
  MONTH TO DATE    0.0
  SINCE JAN 1     51.9
  SINCE JUL 1      0.0
  SNOW DEPTH       0

DEGREE DAYS
 HEATING
  TODAY           18                        23     -5       21
  MONTH TO DATE  308                       446   -138      519
  SINCE SEP 1    499                       687   -188      712
  SINCE JUL 1    541                       771   -230      720

 COOLING
  TODAY            0                         0      0        0
  MONTH TO DATE    0                         0      0        0
  SINCE SEP 1     12                        15     -3       87
  SINCE JAN 1    390                       332     58      579
..................................................................


WIND (MPH)
  HIGHEST WIND SPEED    13   HIGHEST WIND DIRECTION     S (160)
  HIGHEST GUST SPEED    16   HIGHEST GUST DIRECTION    SE (140)
  AVERAGE WIND SPEED     3.5


SKY COVER
  POSSIBLE SUNSHINE  MM
  AVERAGE SKY COVER 1.0


WEATHER CONDITIONS
 THE FOLLOWING WEATHER WAS RECORDED TODAY.
  NO SIGNIFICANT WEATHER WAS OBSERVED.


RELATIVE HUMIDITY (PERCENT)
 HIGHEST   100           600 AM
 LOWEST     68           300 PM
 AVERAGE    84

..........................................................


THE MISSOULA MT CLIMATE NORMALS FOR TOMORROW
                         NORMAL    RECORD    YEAR
 MAXIMUM TEMPERATURE (F)   53        76      1924
 MINIMUM TEMPERATURE (F)   30        10      1919


SUNRISE AND SUNSET
OCTOBER 24 2014.......SUNRISE   807 AM MDT   SUNSET   633 PM MDT
OCTOBER 25 2014.......SUNRISE   809 AM MDT   SUNSET   631 PM MDT


-  INDICATES NEGATIVE NUMBERS.
R  INDICATES RECORD WAS SET OR TIED.
MM INDICATES DATA IS MISSING.
T  INDICATES TRACE AMOUNT.




$$
