000
CDUS43 KMPX 230741
CLIMSP


CLIMATE REPORT
NATIONAL WEATHER SERVICE CHANHASSEN MN
241 AM CDT THU OCT 23 2014


...................................

...THE TWIN CITIES MN CLIMATE SUMMARY FOR OCTOBER 22 2014...

CLIMATE NORMAL PERIOD 1981 TO 2010
CLIMATE RECORD PERIOD 1871 TO 2014


WEATHER ITEM   OBSERVED TIME   RECORD YEAR NORMAL DEPARTURE LAST
                VALUE   (LST)  VALUE       VALUE  FROM      YEAR
                                                  NORMAL
..................................................................
TEMPERATURE (F)
 YESTERDAY
  MAXIMUM         60    254 PM  81    1992  55      5       40
  MINIMUM         39    638 AM  20    1936  38      1       26
  AVERAGE         50                        46      4       33

PRECIPITATION (IN)
  YESTERDAY        T             0.69 1957   0.06  -0.06      T
  MONTH TO DATE    1.61                      1.86  -0.25     2.84
  SINCE SEP 1      2.53                      4.94  -2.41     4.19
  SINCE JAN 1     33.53                     27.11   6.42    30.63

SNOWFALL (IN)
  YESTERDAY        0.0           1.0  1925   0.0    0.0       T
  MONTH TO DATE    0.0                       0.2   -0.2       T
  SINCE SEP 1      0.0                       0.2   -0.2       T
  SINCE JUL 1      0.0                       0.2   -0.2       T
  SNOW DEPTH       0

DEGREE DAYS
 HEATING
  YESTERDAY       15                        19     -4       32
  MONTH TO DATE  330                       319     11      273
  SINCE SEP 1    454                       473    -19      331
  SINCE JUL 1    461                       492    -31      339

 COOLING
  YESTERDAY        0                         0      0        0
  MONTH TO DATE    0                         3     -3        2
  SINCE SEP 1     63                        69     -6      134
  SINCE JAN 1    759                       750      9      983
..................................................................


WIND (MPH)
  HIGHEST WIND SPEED    24   HIGHEST WIND DIRECTION    SE (140)
  HIGHEST GUST SPEED    31   HIGHEST GUST DIRECTION    SE (140)
  AVERAGE WIND SPEED    13.0


SKY COVER
  POSSIBLE SUNSHINE  MM
  AVERAGE SKY COVER 0.6


WEATHER CONDITIONS
 THE FOLLOWING WEATHER WAS RECORDED YESTERDAY.
  NO SIGNIFICANT WEATHER WAS OBSERVED.


RELATIVE HUMIDITY (PERCENT)
 HIGHEST    85           400 AM
 LOWEST     49           300 PM
 AVERAGE    67

..........................................................


THE TWIN CITIES MN CLIMATE NORMALS FOR TODAY
                         NORMAL    RECORD    YEAR
 MAXIMUM TEMPERATURE (F)   55        82      1899
 MINIMUM TEMPERATURE (F)   37        17      1936


SUNRISE AND SUNSET
OCTOBER 23 2014.......SUNRISE   739 AM CDT   SUNSET   615 PM CDT
OCTOBER 24 2014.......SUNRISE   740 AM CDT   SUNSET   613 PM CDT


-  INDICATES NEGATIVE NUMBERS.
R  INDICATES RECORD WAS SET OR TIED.
MM INDICATES DATA IS MISSING.
T  INDICATES TRACE AMOUNT.




$$
