000
CDUS43 KMPX 220648
CLIMSP


CLIMATE REPORT
NATIONAL WEATHER SERVICE CHANHASSEN MN
1248 AM CST SUN JAN 22 2017


...................................

...THE TWIN CITIES MN CLIMATE SUMMARY FOR JANUARY 21 2017...

CLIMATE NORMAL PERIOD 1981 TO 2010
CLIMATE RECORD PERIOD 1871 TO 2017


WEATHER ITEM   OBSERVED TIME   RECORD YEAR NORMAL DEPARTURE LAST
                VALUE   (LST)  VALUE       VALUE  FROM      YEAR
                                                  NORMAL
..................................................................
TEMPERATURE (F)
 YESTERDAY
  MAXIMUM         38    642 PM  48    1900  24     14       24
  MINIMUM         35    904 AM -41    1888   7     28       20
  AVERAGE         37                        15     22       22

PRECIPITATION (IN)
  YESTERDAY        0.01          0.81 1917   0.03  -0.02      T
  MONTH TO DATE    0.77                      0.63   0.14     0.22
  SINCE DEC 1      2.91                      1.79   1.12     2.54
  SINCE JAN 1      0.77                      0.63   0.14     0.22

SNOWFALL (IN)
  YESTERDAY        0.0          15.8  1917   0.4   -0.4       T
  MONTH TO DATE    5.6                       8.4   -2.8      3.2
  SINCE DEC 1     21.4                      20.3    1.1     12.7
  SINCE JUL 1     23.7                      30.2   -6.5     17.8
  SNOW DEPTH       1

DEGREE DAYS
 HEATING
  YESTERDAY       28                        50    -22       43
  MONTH TO DATE 1009                      1043    -34     1088
  SINCE DEC 1   2367                      2447    -80     2159
  SINCE JUL 1   3411                      4066   -655     3334

 COOLING
  YESTERDAY        0                         0      0        0
  MONTH TO DATE    0                         0      0        0
  SINCE DEC 1      0                         0      0        0
  SINCE JAN 1      0                         0      0        0
..................................................................


WIND (MPH)
  HIGHEST WIND SPEED    10   HIGHEST WIND DIRECTION     E (100)
  HIGHEST GUST SPEED    16   HIGHEST GUST DIRECTION     E (110)
  AVERAGE WIND SPEED     4.0


SKY COVER
  POSSIBLE SUNSHINE  MM
  AVERAGE SKY COVER 1.0


WEATHER CONDITIONS
 THE FOLLOWING WEATHER WAS RECORDED YESTERDAY.
  LIGHT RAIN
  FOG
  FOG W/VISIBILITY <= 1/4 MILE


RELATIVE HUMIDITY (PERCENT)
 HIGHEST   100           900 PM
 LOWEST     85           100 PM
 AVERAGE    93

..........................................................


THE TWIN CITIES MN CLIMATE NORMALS FOR TODAY
                         NORMAL    RECORD    YEAR
 MAXIMUM TEMPERATURE (F)   24        51      1942
                                             1900
 MINIMUM TEMPERATURE (F)    7       -34      1936


SUNRISE AND SUNSET
JANUARY 22 2017.......SUNRISE   742 AM CST   SUNSET   508 PM CST
JANUARY 23 2017.......SUNRISE   741 AM CST   SUNSET   509 PM CST


-  INDICATES NEGATIVE NUMBERS.
R  INDICATES RECORD WAS SET OR TIED.
MM INDICATES DATA IS MISSING.
T  INDICATES TRACE AMOUNT.




$$
