000
CDUS41 KBTV 050539
CLIMSS


CLIMATE REPORT
NATIONAL WEATHER SERVICE BURLINGTON VT
137 AM EDT THU MAY 5 2016


...................................

...THE MASSENA NY CLIMATE SUMMARY FOR MAY 4 2016...

CLIMATE NORMAL PERIOD 1981 TO 2010
CLIMATE RECORD PERIOD 1948 TO 2016


WEATHER ITEM   OBSERVED TIME   RECORD YEAR NORMAL DEPARTURE LAST
                VALUE   (LST)  VALUE       VALUE  FROM      YEAR
                                                  NORMAL
..................................................................
TEMPERATURE (F)
 YESTERDAY
  MAXIMUM         55    229 PM  84    1955  63     -8       83
  MINIMUM         43    526 AM  26    1974  40      3       57
  AVERAGE         49                        51     -2       70

PRECIPITATION (IN)
  YESTERDAY        0.07          0.47        0.10  -0.03     0.19
  MONTH TO DATE    0.28                      0.38  -0.10     0.19
  SINCE MAR 1      4.17                      5.29  -1.12     3.21
  SINCE JAN 1      8.83                      9.24  -0.41     4.63

DEGREE DAYS
 HEATING
  YESTERDAY       16                        14      2        0
  MONTH TO DATE   75                        58     17       20
  SINCE MAR 1   1841                      1853    -12     1955
  SINCE JUL 1   6887                      7840   -953     8121

 COOLING
  YESTERDAY        0                         0      0        5
  MONTH TO DATE    0                         0      0        5
  SINCE MAR 1      0                         1     -1        5
  SINCE JAN 1      0                         1     -1        5
..................................................................


WIND (MPH)
  HIGHEST WIND SPEED    18   HIGHEST WIND DIRECTION    NE (50)
  HIGHEST GUST SPEED    22   HIGHEST GUST DIRECTION    NE (50)
  AVERAGE WIND SPEED    10.0


SKY COVER
  AVERAGE SKY COVER 1.0


WEATHER CONDITIONS
 THE FOLLOWING WEATHER WAS RECORDED YESTERDAY.
  LIGHT RAIN
  FOG


RELATIVE HUMIDITY (PERCENT)
 HIGHEST    86           800 PM
 LOWEST     61           200 PM
 AVERAGE    74

..........................................................


THE MASSENA NY CLIMATE NORMALS FOR TODAY
                         NORMAL    RECORD    YEAR
 MAXIMUM TEMPERATURE (F)   63        80      2013
                                             1981
 MINIMUM TEMPERATURE (F)   40        20      1974


SUNRISE AND SUNSET
MAY  5 2016...........SUNRISE   543 AM EDT   SUNSET   810 PM EDT
MAY  6 2016...........SUNRISE   541 AM EDT   SUNSET   812 PM EDT


-  INDICATES NEGATIVE NUMBERS.
R  INDICATES RECORD WAS SET OR TIED.
MM INDICATES DATA IS MISSING.
T  INDICATES TRACE AMOUNT.




$$
