000
CDUS41 KBTV 190529
CLIMSS


CLIMATE REPORT
NATIONAL WEATHER SERVICE BURLINGTON VT
127 AM EDT THU OCT 19 2017


...................................

...THE MASSENA NY CLIMATE SUMMARY FOR OCTOBER 18 2017...

CLIMATE NORMAL PERIOD 1981 TO 2010
CLIMATE RECORD PERIOD 1948 TO 2017


WEATHER ITEM   OBSERVED TIME   RECORD YEAR NORMAL DEPARTURE LAST
                VALUE   (LST)  VALUE       VALUE  FROM      YEAR
                                                  NORMAL
..................................................................
TEMPERATURE (F)
 YESTERDAY
  MAXIMUM         70    229 PM  81    1998  55     15       80
  MINIMUM         42   1159 PM  22    2015  36      6       49
  AVERAGE         56                        45     11       65

PRECIPITATION (IN)
  YESTERDAY        0.00          0.60        0.10  -0.10     0.34
  MONTH TO DATE    2.74                      1.96   0.78     1.25
  SINCE SEP 1      3.53                      5.61  -2.08     2.63
  SINCE JAN 1     32.90                     28.15   4.75    23.74

DEGREE DAYS
 HEATING
  YESTERDAY        9                        20    -11        0
  MONTH TO DATE  165                       297   -132      185
  SINCE SEP 1    290                       522   -232      324
  SINCE JUL 1    342                       597   -255      335

 COOLING
  YESTERDAY        0                         0      0        0
  MONTH TO DATE    4                         0      4        0
  SINCE SEP 1     73                        25     48       47
  SINCE JAN 1    399                       361     38      527
..................................................................


WIND (MPH)
  HIGHEST WIND SPEED    17   HIGHEST WIND DIRECTION    SW (220)
  HIGHEST GUST SPEED    21   HIGHEST GUST DIRECTION    SW (230)
  AVERAGE WIND SPEED     6.9


SKY COVER
  AVERAGE SKY COVER 0.0


WEATHER CONDITIONS
 THE FOLLOWING WEATHER WAS RECORDED YESTERDAY.
  NO SIGNIFICANT WEATHER WAS OBSERVED.


RELATIVE HUMIDITY (PERCENT)
 HIGHEST   100           600 AM
 LOWEST     42           100 PM
 AVERAGE    71

..........................................................


THE MASSENA NY CLIMATE NORMALS FOR TODAY
                         NORMAL    RECORD    YEAR
 MAXIMUM TEMPERATURE (F)   55        81      2007
 MINIMUM TEMPERATURE (F)   35        18      2015


SUNRISE AND SUNSET
OCTOBER 19 2017.......SUNRISE   721 AM EDT   SUNSET   607 PM EDT
OCTOBER 20 2017.......SUNRISE   722 AM EDT   SUNSET   606 PM EDT


-  INDICATES NEGATIVE NUMBERS.
R  INDICATES RECORD WAS SET OR TIED.
MM INDICATES DATA IS MISSING.
T  INDICATES TRACE AMOUNT.




$$
