000
CDUS41 KBTV 220523
CLIMSS


CLIMATE REPORT
NATIONAL WEATHER SERVICE BURLINGTON VT
1221 AM EST THU FEB 22 2018


...................................

...THE MASSENA NY CLIMATE SUMMARY FOR FEBRUARY 21 2018...

CLIMATE NORMAL PERIOD 1981 TO 2010
CLIMATE RECORD PERIOD 1948 TO 2018


WEATHER ITEM   OBSERVED TIME   RECORD YEAR NORMAL DEPARTURE LAST
                VALUE   (LST)  VALUE       VALUE  FROM      YEAR
                                                  NORMAL
..................................................................
TEMPERATURE (F)
 YESTERDAY
  MAXIMUM         63R   255 AM  62    1953  30     33       36
  MINIMUM         26   1159 PM -21    1950   9     17       13
  AVERAGE         45                        19     26       25

PRECIPITATION (IN)
  YESTERDAY        0.14          0.62        0.06   0.08      T
  MONTH TO DATE    1.32                      1.28   0.04     1.30
  SINCE DEC 1      3.93                      5.89  -1.96     5.20
  SINCE JAN 1      2.96                      3.46  -0.50     2.87

DEGREE DAYS
 HEATING
  YESTERDAY       20                        46    -26       40
  MONTH TO DATE  906                      1012   -106      893
  SINCE DEC 1   3594                      3906   -312     3336
  SINCE JUL 1   4993                      5675   -682     4742

 COOLING
  YESTERDAY        0                         0      0        0
  MONTH TO DATE    0                         0      0        0
  SINCE DEC 1      0                         0      0        0
  SINCE JAN 1      0                         0      0        0
..................................................................


WIND (MPH)
  HIGHEST WIND SPEED    22   HIGHEST WIND DIRECTION    SW (220)
  HIGHEST GUST SPEED    29   HIGHEST GUST DIRECTION    SW (220)
  AVERAGE WIND SPEED    10.4


SKY COVER
  AVERAGE SKY COVER 0.6


WEATHER CONDITIONS
 THE FOLLOWING WEATHER WAS RECORDED YESTERDAY.
  RAIN
  LIGHT RAIN
  FOG


RELATIVE HUMIDITY (PERCENT)
 HIGHEST   100          1200 AM
 LOWEST     66          1100 PM
 AVERAGE    83

..........................................................


THE MASSENA NY CLIMATE NORMALS FOR TODAY
                         NORMAL    RECORD    YEAR
 MAXIMUM TEMPERATURE (F)   30        57      1981
 MINIMUM TEMPERATURE (F)    9       -19      1972


SUNRISE AND SUNSET
FEBRUARY 22 2018......SUNRISE   649 AM EST   SUNSET   537 PM EST
FEBRUARY 23 2018......SUNRISE   647 AM EST   SUNSET   539 PM EST


-  INDICATES NEGATIVE NUMBERS.
R  INDICATES RECORD WAS SET OR TIED.
MM INDICATES DATA IS MISSING.
T  INDICATES TRACE AMOUNT.




$$
