000
CDUS41 KBTV 300526
CLIMSS


CLIMATE REPORT
NATIONAL WEATHER SERVICE BURLINGTON VT
125 AM EDT TUE AUG 30 2016


...................................

...THE MASSENA NY CLIMATE SUMMARY FOR AUGUST 29 2016...

CLIMATE NORMAL PERIOD 1981 TO 2010
CLIMATE RECORD PERIOD 1948 TO 2016


WEATHER ITEM   OBSERVED TIME   RECORD YEAR NORMAL DEPARTURE LAST
                VALUE   (LST)  VALUE       VALUE  FROM      YEAR
                                                  NORMAL
..................................................................
TEMPERATURE (F)
 YESTERDAY
  MAXIMUM         76    443 PM  92    1953  76      0       77
  MINIMUM         54   1159 PM  39    1982  53      1       50
  AVERAGE         65                        64      1       64

PRECIPITATION (IN)
  YESTERDAY        0.00          1.77        0.11  -0.11      T
  MONTH TO DATE    2.80                      3.30  -0.50     3.24
  SINCE JUN 1     10.46                     10.39   0.07    11.78
  SINCE JAN 1     19.80                     22.32  -2.52    17.77

DEGREE DAYS
 HEATING
  YESTERDAY        0                         3     -3        1
  MONTH TO DATE    2                        45    -43       12
  SINCE JUN 1     76                       164    -88      135
  SINCE JUL 1     11                        68    -57       34

 COOLING
  YESTERDAY        0                         2     -2        0
  MONTH TO DATE  199                        96    103      118
  SINCE JUN 1    427                       316    111      321
  SINCE JAN 1    473                       330    143      366
..................................................................


WIND (MPH)
  HIGHEST WIND SPEED    14   HIGHEST WIND DIRECTION    NW (330)
  HIGHEST GUST SPEED    19   HIGHEST GUST DIRECTION    NW (320)
  AVERAGE WIND SPEED     5.0


SKY COVER
  AVERAGE SKY COVER 0.2


WEATHER CONDITIONS
 THE FOLLOWING WEATHER WAS RECORDED YESTERDAY.
  FOG


RELATIVE HUMIDITY (PERCENT)
 HIGHEST    93          1000 PM
 LOWEST     50           200 PM
 AVERAGE    72

..........................................................


THE MASSENA NY CLIMATE NORMALS FOR TODAY
                         NORMAL    RECORD    YEAR
 MAXIMUM TEMPERATURE (F)   75        93      1991
 MINIMUM TEMPERATURE (F)   53        35      2000


SUNRISE AND SUNSET
AUGUST 30 2016........SUNRISE   620 AM EDT   SUNSET   739 PM EDT
AUGUST 31 2016........SUNRISE   621 AM EDT   SUNSET   737 PM EDT


-  INDICATES NEGATIVE NUMBERS.
R  INDICATES RECORD WAS SET OR TIED.
MM INDICATES DATA IS MISSING.
T  INDICATES TRACE AMOUNT.




$$
