904
CDUS41 KBTV 250536
CLIMSS


CLIMATE REPORT
NATIONAL WEATHER SERVICE BURLINGTON VT
136 AM EDT TUE APR 25 2017


...................................

...THE MASSENA NY CLIMATE SUMMARY FOR APRIL 24 2017...

CLIMATE NORMAL PERIOD 1981 TO 2010
CLIMATE RECORD PERIOD 1948 TO 2017


WEATHER ITEM   OBSERVED TIME   RECORD YEAR NORMAL DEPARTURE LAST
                VALUE   (LST)  VALUE       VALUE  FROM      YEAR
                                                  NORMAL
..................................................................
TEMPERATURE (F)
 YESTERDAY
  MAXIMUM         50    525 PM  80    1958  59     -9       54
  MINIMUM         37    736 AM  25    1986  36      1       27
  AVERAGE         44                        48     -4       41

PRECIPITATION (IN)
  YESTERDAY        0.00          0.76        0.09  -0.09     0.00
  MONTH TO DATE    3.31                      2.24   1.07     1.63
  SINCE MAR 1      5.43                      4.33   1.10     3.86
  SINCE JAN 1      8.86                      8.28   0.58     8.52

DEGREE DAYS
 HEATING
  YESTERDAY       21                        18      3       24
  MONTH TO DATE  453                       553   -100      608
  SINCE MAR 1   1709                      1697     12     1614
  SINCE JUL 1   6635                      7684  -1049     6660

 COOLING
  YESTERDAY        0                         0      0        0
  MONTH TO DATE    0                         0      0        0
  SINCE MAR 1      0                         0      0        0
  SINCE JAN 1      0                         0      0        0
..................................................................


WIND (MPH)
  HIGHEST WIND SPEED    17   HIGHEST WIND DIRECTION    NE (60)
  HIGHEST GUST SPEED    23   HIGHEST GUST DIRECTION    NE (40)
  AVERAGE WIND SPEED    10.4


SKY COVER
  AVERAGE SKY COVER 0.4


WEATHER CONDITIONS
 THE FOLLOWING WEATHER WAS RECORDED YESTERDAY.
  NO SIGNIFICANT WEATHER WAS OBSERVED.


RELATIVE HUMIDITY (PERCENT)
 HIGHEST    70           200 AM
 LOWEST     36           400 PM
 AVERAGE    53

..........................................................


THE MASSENA NY CLIMATE NORMALS FOR TODAY
                         NORMAL    RECORD    YEAR
 MAXIMUM TEMPERATURE (F)   59        83      2009
 MINIMUM TEMPERATURE (F)   37        21      1974


SUNRISE AND SUNSET
APRIL 25 2017.........SUNRISE   558 AM EDT   SUNSET   758 PM EDT
APRIL 26 2017.........SUNRISE   556 AM EDT   SUNSET   759 PM EDT


-  INDICATES NEGATIVE NUMBERS.
R  INDICATES RECORD WAS SET OR TIED.
MM INDICATES DATA IS MISSING.
T  INDICATES TRACE AMOUNT.




$$
