512
CDUS41 KBTV 120526
CLIMSS


CLIMATE REPORT
NATIONAL WEATHER SERVICE BURLINGTON VT
1223 AM EST FRI FEB 12 2016


...................................

...THE MASSENA NY CLIMATE SUMMARY FOR FEBRUARY 11 2016...

CLIMATE NORMAL PERIOD 1981 TO 2010
CLIMATE RECORD PERIOD 1948 TO 2016


WEATHER ITEM   OBSERVED TIME   RECORD YEAR NORMAL DEPARTURE LAST
                VALUE   (LST)  VALUE       VALUE  FROM      YEAR
                                                  NORMAL
..................................................................
TEMPERATURE (F)
 YESTERDAY
  MAXIMUM         17   1215 AM  56    1981  27    -10       11
  MINIMUM         -9   1159 PM -25    1979   6    -15       -8
  AVERAGE          4                        17    -13        2

PRECIPITATION (IN)
  YESTERDAY        T             0.58        0.07  -0.07     0.02
  MONTH TO DATE    0.61                      0.65  -0.04     0.14
  SINCE DEC 1      3.79                      5.26  -1.47     2.40
  SINCE JAN 1      1.14                      2.83  -1.69     1.42

DEGREE DAYS
 HEATING
  YESTERDAY       61                        48     13       63
  MONTH TO DATE  415                       542   -127      663
  SINCE DEC 1   2700                      3436   -736     3522
  SINCE JUL 1   4174                      5205  -1031     5083

 COOLING
  YESTERDAY        0                         0      0        0
  MONTH TO DATE    0                         0      0        0
  SINCE DEC 1      0                         0      0        0
  SINCE JAN 1      0                         0      0        0
..................................................................


WIND (MPH)
  HIGHEST WIND SPEED    21   HIGHEST WIND DIRECTION     W (260)
  HIGHEST GUST SPEED    27   HIGHEST GUST DIRECTION     W (280)
  AVERAGE WIND SPEED    11.8


SKY COVER
  AVERAGE SKY COVER 0.7


WEATHER CONDITIONS
 THE FOLLOWING WEATHER WAS RECORDED YESTERDAY.
  LIGHT SNOW
  HAZE
  BLOWING SNOW


RELATIVE HUMIDITY (PERCENT)
 HIGHEST    83          1000 PM
 LOWEST     62           200 PM
 AVERAGE    73

..........................................................


THE MASSENA NY CLIMATE NORMALS FOR TODAY
                         NORMAL    RECORD    YEAR
 MAXIMUM TEMPERATURE (F)   27        57      1999
 MINIMUM TEMPERATURE (F)    7       -28      1979


SUNRISE AND SUNSET
FEBRUARY 12 2016......SUNRISE   705 AM EST   SUNSET   522 PM EST
FEBRUARY 13 2016......SUNRISE   704 AM EST   SUNSET   524 PM EST


-  INDICATES NEGATIVE NUMBERS.
R  INDICATES RECORD WAS SET OR TIED.
MM INDICATES DATA IS MISSING.
T  INDICATES TRACE AMOUNT.




$$
