000
CDUS41 KBTV 101248
CLIMSS


CLIMATE REPORT
NATIONAL WEATHER SERVICE BURLINGTON VT
745 AM EST SUN DEC 10 2017


...................................

...THE MASSENA NY CLIMATE SUMMARY FOR DECEMBER 9 2017...

CLIMATE NORMAL PERIOD 1981 TO 2010
CLIMATE RECORD PERIOD 1948 TO 2017


WEATHER ITEM   OBSERVED TIME   RECORD YEAR NORMAL DEPARTURE LAST
                VALUE   (LST)  VALUE       VALUE  FROM      YEAR
                                                  NORMAL
..................................................................
TEMPERATURE (F)
 YESTERDAY
  MAXIMUM         33    313 PM  63    1966  33      0       28
  MINIMUM         27    749 PM -14    1989  17     10       20
  AVERAGE         30                        25      5       24

PRECIPITATION (IN)
  YESTERDAY        T             1.25        0.09  -0.09      T
  MONTH TO DATE    0.21                      0.78  -0.57     0.65
  SINCE DEC 1      0.21                      0.78  -0.57     0.65
  SINCE JAN 1     38.26                     33.31   4.95    28.53

DEGREE DAYS
 HEATING
  YESTERDAY       35                        40     -5       41
  MONTH TO DATE  263                       344    -81      284
  SINCE DEC 1    263                       344    -81      284
  SINCE JUL 1   1662                      2113   -451     1690

 COOLING
  YESTERDAY        0                         0      0        0
  MONTH TO DATE    0                         0      0        0
  SINCE DEC 1      0                         0      0        0
  SINCE JAN 1    399                       363     36      527
..................................................................


WIND (MPH)
  HIGHEST WIND SPEED    15   HIGHEST WIND DIRECTION     S (200)
  HIGHEST GUST SPEED    20   HIGHEST GUST DIRECTION     S (200)
  AVERAGE WIND SPEED     2.5


SKY COVER
  AVERAGE SKY COVER 0.7


WEATHER CONDITIONS
 THE FOLLOWING WEATHER WAS RECORDED YESTERDAY.
  LIGHT SNOW
  FOG
  HAZE


RELATIVE HUMIDITY (PERCENT)
 HIGHEST    92           700 AM
 LOWEST     63          1200 AM
 AVERAGE    78

..........................................................


THE MASSENA NY CLIMATE NORMALS FOR TODAY
                         NORMAL    RECORD    YEAR
 MAXIMUM TEMPERATURE (F)   33        56      1952
 MINIMUM TEMPERATURE (F)   17       -12      1958


SUNRISE AND SUNSET
DECEMBER 10 2017......SUNRISE   727 AM EST   SUNSET   418 PM EST
DECEMBER 11 2017......SUNRISE   727 AM EST   SUNSET   418 PM EST


-  INDICATES NEGATIVE NUMBERS.
R  INDICATES RECORD WAS SET OR TIED.
MM INDICATES DATA IS MISSING.
T  INDICATES TRACE AMOUNT.




$$
