000
CDUS41 KBTV 280527
CLIMSS


CLIMATE REPORT
NATIONAL WEATHER SERVICE BURLINGTON VT
1225 AM EST SUN DEC 28 2014


...................................

...THE MASSENA NY CLIMATE SUMMARY FOR DECEMBER 27 2014...

CLIMATE NORMAL PERIOD 1981 TO 2010
CLIMATE RECORD PERIOD 1948 TO 2014


WEATHER ITEM   OBSERVED TIME   RECORD YEAR NORMAL DEPARTURE LAST
                VALUE   (LST)  VALUE       VALUE  FROM      YEAR
                                                  NORMAL
..................................................................
TEMPERATURE (F)
 YESTERDAY
  MAXIMUM         52   1147 PM  54    2008  27     25       27
  MINIMUM         34    200 AM -25    1989   9     25       12
  AVERAGE         43                        18     25       20

PRECIPITATION (IN)
  YESTERDAY        0.03          1.15        0.07  -0.04      T
  MONTH TO DATE    0.93                      2.14  -1.21     1.62
  SINCE DEC 1      0.93                      2.14  -1.21     1.62
  SINCE JAN 1     31.09                     34.67  -3.58    35.50

DEGREE DAYS
 HEATING
  YESTERDAY       22                        47    -25       45
  MONTH TO DATE 1009                      1137   -128     1266
  SINCE DEC 1   1009                      1137   -128     1266
  SINCE JUL 1   2570                      2906   -336     3017

 COOLING
  YESTERDAY        0                         0      0        0
  MONTH TO DATE    0                         0      0        0
  SINCE DEC 1      0                         0      0        0
  SINCE JAN 1    336                       363    -27      418
..................................................................


WIND (MPH)
  HIGHEST WIND SPEED    30   HIGHEST WIND DIRECTION    SW (220)
  HIGHEST GUST SPEED    38   HIGHEST GUST DIRECTION    SW (210)
  AVERAGE WIND SPEED     5.9


SKY COVER
  AVERAGE SKY COVER 1.0


WEATHER CONDITIONS
 THE FOLLOWING WEATHER WAS RECORDED YESTERDAY.
  LIGHT RAIN
  FOG


RELATIVE HUMIDITY (PERCENT)
 HIGHEST    92           800 PM
 LOWEST     63          1000 PM
 AVERAGE    78

..........................................................


THE MASSENA NY CLIMATE NORMALS FOR TODAY
                         NORMAL    RECORD    YEAR
 MAXIMUM TEMPERATURE (F)   26        62      2008
                                             1982
 MINIMUM TEMPERATURE (F)    8       -24      1976


SUNRISE AND SUNSET
DECEMBER 28 2014......SUNRISE   737 AM EST   SUNSET   425 PM EST
DECEMBER 29 2014......SUNRISE   737 AM EST   SUNSET   426 PM EST


-  INDICATES NEGATIVE NUMBERS.
R  INDICATES RECORD WAS SET OR TIED.
MM INDICATES DATA IS MISSING.
T  INDICATES TRACE AMOUNT.




$$
