000
CDUS45 KGJT 260732
CLIMTJ


CLIMATE REPORT
NATIONAL WEATHER SERVICE GRAND JUNCTION CO
129 AM MDT WED JUL 26 2017


...................................

...THE MONTROSE CO CLIMATE SUMMARY FOR JULY 25 2017...

CLIMATE NORMAL PERIOD 1981 TO 2010
CLIMATE RECORD PERIOD 9999 TO 9999


WEATHER ITEM   OBSERVED TIME   RECORD YEAR NORMAL DEPARTURE LAST
                VALUE   (LST)  VALUE       VALUE  FROM      YEAR
                                                  NORMAL
..................................................................
TEMPERATURE (F)
 YESTERDAY
  MAXIMUM         82    147 PM  MM      MM  90     -8       92
  MINIMUM         62    409 PM  MM      MM  58      4       65
  AVERAGE         72                        74     -2       79

PRECIPITATION (IN)
  YESTERDAY        0.51         MM      MM   0.05   0.46     0.00
  MONTH TO DATE    0.81                      0.72   0.09     0.58
  SINCE JUN 1      0.86                      1.49  -0.63     0.94
  SINCE JAN 1      4.25                      5.79  -1.54     3.87

SNOWFALL (IN)
  YESTERDAY       MM            MM      MM  MM     MM       MM
  MONTH TO DATE   MM                        MM     MM       MM
  SINCE JUN 1     MM                        MM     MM       MM
  SINCE JUL 1     MM                        MM     MM       MM
  SNOW DEPTH      MM

DEGREE DAYS
 HEATING
  YESTERDAY        0                         0      0        0
  MONTH TO DATE    0                         0      0        1
  SINCE JUN 1      6                        39    -33        7
  SINCE JUL 1      0                         0      0        1

 COOLING
  YESTERDAY        7                         9     -2       14
  MONTH TO DATE  257                       217     40      241
  SINCE JUN 1    472                       352    120      468
  SINCE JAN 1    478                       369    109      470
..................................................................


WIND (MPH)
  HIGHEST WIND SPEED    25   HIGHEST WIND DIRECTION     E (110)
  HIGHEST GUST SPEED    32   HIGHEST GUST DIRECTION     E (110)
  AVERAGE WIND SPEED     5.8


SKY COVER
  POSSIBLE SUNSHINE  MM
  AVERAGE SKY COVER 0.6


WEATHER CONDITIONS
 THE FOLLOWING WEATHER WAS RECORDED YESTERDAY.
  THUNDERSTORM
  HEAVY RAIN
  RAIN
  LIGHT RAIN
  FOG


RELATIVE HUMIDITY (PERCENT)
 HIGHEST    93          1100 PM
 LOWEST     45           200 PM
 AVERAGE    69

..........................................................


THE MONTROSE CO CLIMATE NORMALS FOR TODAY
                         NORMAL    RECORD    YEAR
 MAXIMUM TEMPERATURE (F)   90        MM        MM
 MINIMUM TEMPERATURE (F)   58        MM        MM


SUNRISE AND SUNSET
JULY 26 2017..........SUNRISE   609 AM MDT   SUNSET   827 PM MDT
JULY 27 2017..........SUNRISE   609 AM MDT   SUNSET   826 PM MDT


-  INDICATES NEGATIVE NUMBERS.
R  INDICATES RECORD WAS SET OR TIED.
MM INDICATES DATA IS MISSING.
T  INDICATES TRACE AMOUNT.




$$
