430
CDUS45 KGJT 200023
CLIMTJ


CLIMATE REPORT
NATIONAL WEATHER SERVICE GRAND JUNCTION CO
522 PM MST MON FEB 19 2018


...................................

...THE MONTROSE CO CLIMATE SUMMARY FOR FEBRUARY 19 2018...
VALID TODAY AS OF 0500 PM LOCAL TIME.

CLIMATE NORMAL PERIOD 1981 TO 2010
CLIMATE RECORD PERIOD 9999 TO 9999


WEATHER ITEM   OBSERVED TIME   RECORD YEAR NORMAL DEPARTURE LAST
                VALUE   (LST)  VALUE       VALUE  FROM      YEAR
                                                  NORMAL
..................................................................
TEMPERATURE (F)
 TODAY
  MAXIMUM         52   1200 PM  MM      MM  46      6       47
  MINIMUM         36    359 PM  MM      MM  22     14       29
  AVERAGE         44                        34     10       38

PRECIPITATION (IN)
  TODAY            T            MM      MM   0.02  -0.02     0.03
  MONTH TO DATE    0.49                      0.35   0.14     0.35
  SINCE DEC 1      0.81                      1.67  -0.86     1.80
  SINCE JAN 1      0.73                      1.00  -0.27     1.24

SNOWFALL (IN)
  TODAY           MM            MM      MM  MM     MM       MM
  MONTH TO DATE   MM                        MM     MM       MM
  SINCE DEC 1     MM                        MM     MM       MM
  SINCE JUL 1     MM                        MM     MM       MM
  SNOW DEPTH      MM

DEGREE DAYS
 HEATING
  TODAY           21                        31    -10       27
  MONTH TO DATE  517                       642   -125      428
  SINCE DEC 1   2594                      3026   -432     2616
  SINCE JUL 1   3800                      4447   -647     3658

 COOLING
  TODAY            0                         0      0        0
  MONTH TO DATE    0                         0      0        0
  SINCE DEC 1      0                         0      0        0
  SINCE JAN 1      0                         0      0        0
..................................................................


WIND (MPH)
  HIGHEST WIND SPEED    46   HIGHEST WIND DIRECTION    SW (210)
  HIGHEST GUST SPEED    65   HIGHEST GUST DIRECTION    SW (210)
  AVERAGE WIND SPEED    21.6


SKY COVER
  POSSIBLE SUNSHINE  MM
  AVERAGE SKY COVER 0.7


WEATHER CONDITIONS
 THE FOLLOWING WEATHER WAS RECORDED TODAY.
  LIGHT RAIN
  LIGHT SNOW
  HAZE


RELATIVE HUMIDITY (PERCENT)
 HIGHEST    55           600 AM
 LOWEST     31           100 PM
 AVERAGE    43

..........................................................


THE MONTROSE CO CLIMATE NORMALS FOR TOMORROW
                         NORMAL    RECORD    YEAR
 MAXIMUM TEMPERATURE (F)   46        MM        MM
 MINIMUM TEMPERATURE (F)   22        MM        MM


SUNRISE AND SUNSET
FEBRUARY 19 2018......SUNRISE   657 AM MST   SUNSET   554 PM MST
FEBRUARY 20 2018......SUNRISE   656 AM MST   SUNSET   555 PM MST


-  INDICATES NEGATIVE NUMBERS.
R  INDICATES RECORD WAS SET OR TIED.
MM INDICATES DATA IS MISSING.
T  INDICATES TRACE AMOUNT.




$$
