000
CDUS43 KILX 240628
CLIMTO


CLIMATE REPORT
NATIONAL WEATHER SERVICE LINCOLN IL
127 AM CDT FRI OCT 24 2014


...................................

...THE MATTOON IL AIRPORT CLIMATE SUMMARY FOR OCTOBER 23 2014...

CLIMATE NORMAL PERIOD 1981 TO 2010
CLIMATE RECORD PERIOD 9999 TO 9999


WEATHER ITEM   OBSERVED TIME   RECORD YEAR NORMAL DEPARTURE LAST
                VALUE   (LST)  VALUE       VALUE  FROM      YEAR
                                                  NORMAL
..................................................................
TEMPERATURE (F)
 YESTERDAY
  MAXIMUM         60    214 PM  MM      MM  63     -3       MM
  MINIMUM         39    552 AM  MM      MM  42     -3       35
  AVERAGE         50                        52     -2       MM

PRECIPITATION (IN)
  YESTERDAY        0.00         MM      MM   0.10  -0.10     0.00
  MONTH TO DATE    4.18                      2.11   2.07     1.11
  SINCE SEP 1      7.95                      5.18   2.77     1.59
  SINCE JAN 1     29.39                     31.08  -1.69    39.84

DEGREE DAYS
 HEATING
  YESTERDAY       15                        13      2       MM
  MONTH TO DATE  235                       221     14      168
  SINCE SEP 1    331                       287     44      198
  SINCE JUL 1    336                       292     44      208

 COOLING
  YESTERDAY        0                         0      0       MM
  MONTH TO DATE   10                        15     -5       31
  SINCE SEP 1     94                       133    -39      203
  SINCE JAN 1    928                      1053   -125     1007
..................................................................


WIND (MPH)
  HIGHEST WIND SPEED    13   HIGHEST WIND DIRECTION     S (180)
  HIGHEST GUST SPEED    17   HIGHEST GUST DIRECTION     S (190)
  AVERAGE WIND SPEED     5.5


SKY COVER
  POSSIBLE SUNSHINE  MM
  AVERAGE SKY COVER 0.1


WEATHER CONDITIONS
 THE FOLLOWING WEATHER WAS RECORDED YESTERDAY.
  NO SIGNIFICANT WEATHER WAS OBSERVED.


RELATIVE HUMIDITY (PERCENT)
 HIGHEST    92          1200 AM
 LOWEST     53           300 PM
 AVERAGE    73

..........................................................


THE MATTOON IL AIRPORT CLIMATE NORMALS FOR TODAY
                         NORMAL    RECORD    YEAR
 MAXIMUM TEMPERATURE (F)   62        MM        MM
 MINIMUM TEMPERATURE (F)   42        MM        MM


SUNRISE AND SUNSET
OCTOBER 24 2014.......SUNRISE   713 AM CDT   SUNSET   602 PM CDT
OCTOBER 25 2014.......SUNRISE   714 AM CDT   SUNSET   600 PM CDT


-  INDICATES NEGATIVE NUMBERS.
R  INDICATES RECORD WAS SET OR TIED.
MM INDICATES DATA IS MISSING.
T  INDICATES TRACE AMOUNT.




$$
