000
CDUS43 KILX 250659
CLIMTO


CLIMATE REPORT
NATIONAL WEATHER SERVICE LINCOLN IL
1249 AM CST THU DEC 25 2014


...................................

...THE MATTOON IL AIRPORT CLIMATE SUMMARY FOR DECEMBER 24 2014...

CLIMATE NORMAL PERIOD 1981 TO 2010
CLIMATE RECORD PERIOD 9999 TO 9999


WEATHER ITEM   OBSERVED TIME   RECORD YEAR NORMAL DEPARTURE LAST
                VALUE   (LST)  VALUE       VALUE  FROM      YEAR
                                                  NORMAL
..................................................................
TEMPERATURE (F)
 YESTERDAY
  MAXIMUM         43    252 AM  MM      MM  36      7       20
  MINIMUM         35   1222 PM  MM      MM  22     13        4
  AVERAGE         39                        29     10       12

PRECIPITATION (IN)
  YESTERDAY        0.07         MM      MM   0.11  -0.04     0.00
  MONTH TO DATE    0.97                      2.05  -1.08     1.59
  SINCE DEC 1      0.97                      2.05  -1.08     1.59
  SINCE JAN 1     31.60                     37.33  -5.73    42.35

DEGREE DAYS
 HEATING
  YESTERDAY       26                        36    -10       53
  MONTH TO DATE  726                       789    -63      874
  SINCE DEC 1    726                       789    -63      874
  SINCE JUL 1   2022                      1848    174     1991

 COOLING
  YESTERDAY        0                         0      0        0
  MONTH TO DATE    0                         0      0        0
  SINCE DEC 1      0                         0      0        0
  SINCE JAN 1    932                      1057   -125     1007
..................................................................


WIND (MPH)
  HIGHEST WIND SPEED    22   HIGHEST WIND DIRECTION     W (280)
  HIGHEST GUST SPEED    28   HIGHEST GUST DIRECTION     W (290)
  AVERAGE WIND SPEED    10.8


SKY COVER
  POSSIBLE SUNSHINE  MM
  AVERAGE SKY COVER 1.0


WEATHER CONDITIONS
 THE FOLLOWING WEATHER WAS RECORDED YESTERDAY.
  RAIN
  LIGHT RAIN
  LIGHT SNOW
  FOG


RELATIVE HUMIDITY (PERCENT)
 HIGHEST    92           600 AM
 LOWEST     85           600 PM
 AVERAGE    89

..........................................................


THE MATTOON IL AIRPORT CLIMATE NORMALS FOR TODAY
                         NORMAL    RECORD    YEAR
 MAXIMUM TEMPERATURE (F)   36        MM        MM
 MINIMUM TEMPERATURE (F)   22        MM        MM


SUNRISE AND SUNSET
DECEMBER 25 2014......SUNRISE   712 AM CST   SUNSET   435 PM CST
DECEMBER 26 2014......SUNRISE   712 AM CST   SUNSET   436 PM CST


-  INDICATES NEGATIVE NUMBERS.
R  INDICATES RECORD WAS SET OR TIED.
MM INDICATES DATA IS MISSING.
T  INDICATES TRACE AMOUNT.




$$
