000
CDUS43 KILX 270631
CLIMTO


CLIMATE REPORT
NATIONAL WEATHER SERVICE LINCOLN IL
130 AM CDT TUE JUN 27 2017


...................................

...THE MATTOON IL AIRPORT CLIMATE SUMMARY FOR JUNE 26 2017...

CLIMATE NORMAL PERIOD 1981 TO 2010
CLIMATE RECORD PERIOD 9999 TO 9999


WEATHER ITEM   OBSERVED TIME   RECORD YEAR NORMAL DEPARTURE LAST
                VALUE   (LST)  VALUE       VALUE  FROM      YEAR
                                                  NORMAL
..................................................................
TEMPERATURE (F)
 YESTERDAY
  MAXIMUM         75   1106 AM  MM      MM  85    -10       94
  MINIMUM         55    240 AM  MM      MM  65    -10       73
  AVERAGE         65                        75    -10       84

PRECIPITATION (IN)
  YESTERDAY        T            MM      MM   0.14  -0.14     0.62
  MONTH TO DATE    2.80                      3.70  -0.90     2.14
  SINCE JUN 1      2.80                      3.70  -0.90     2.14
  SINCE JAN 1     19.18                     18.05   1.13    13.88

DEGREE DAYS
 HEATING
  YESTERDAY        0                         0      0        0
  MONTH TO DATE    0                        14    -14        0
  SINCE JUN 1      0                        14    -14        0
  SINCE JUL 1   4405                      5404   -999     4534

 COOLING
  YESTERDAY        0                        10    -10       19
  MONTH TO DATE  228                       182     46      289
  SINCE JUN 1    228                       182     46      289
  SINCE JAN 1    334                       270     64      364
..................................................................


WIND (MPH)
  HIGHEST WIND SPEED    23   HIGHEST WIND DIRECTION    NW (310)
  HIGHEST GUST SPEED    30   HIGHEST GUST DIRECTION    NW (310)
  AVERAGE WIND SPEED     7.2


SKY COVER
  POSSIBLE SUNSHINE  MM
  AVERAGE SKY COVER 0.4


WEATHER CONDITIONS
 THE FOLLOWING WEATHER WAS RECORDED YESTERDAY.
  LIGHT RAIN


RELATIVE HUMIDITY (PERCENT)
 HIGHEST    86           300 AM
 LOWEST     41          1100 AM
 AVERAGE    64

..........................................................


THE MATTOON IL AIRPORT CLIMATE NORMALS FOR TODAY
                         NORMAL    RECORD    YEAR
 MAXIMUM TEMPERATURE (F)   85        MM        MM
 MINIMUM TEMPERATURE (F)   65        MM        MM


SUNRISE AND SUNSET
JUNE 27 2017..........SUNRISE   528 AM CDT   SUNSET   824 PM CDT
JUNE 28 2017..........SUNRISE   528 AM CDT   SUNSET   824 PM CDT


-  INDICATES NEGATIVE NUMBERS.
R  INDICATES RECORD WAS SET OR TIED.
MM INDICATES DATA IS MISSING.
T  INDICATES TRACE AMOUNT.




$$
