000
CDUS43 KILX 272238
CLIMTO


CLIMATE REPORT
NATIONAL WEATHER SERVICE LINCOLN IL
437 PM CST MON FEB 27 2017


...................................

...THE MATTOON IL AIRPORT CLIMATE SUMMARY FOR FEBRUARY 27 2017...
VALID TODAY AS OF 0400 PM LOCAL TIME.

CLIMATE NORMAL PERIOD 1981 TO 2010
CLIMATE RECORD PERIOD 9999 TO 9999


WEATHER ITEM   OBSERVED TIME   RECORD YEAR NORMAL DEPARTURE LAST
                VALUE   (LST)  VALUE       VALUE  FROM      YEAR
                                                  NORMAL
..................................................................
TEMPERATURE (F)
 TODAY
  MAXIMUM         58    350 PM  MM      MM  45     13       52
  MINIMUM         39    308 AM  MM      MM  28     11       28
  AVERAGE         49                        36     13       40

PRECIPITATION (IN)
  TODAY            0.00         MM      MM   0.05  -0.05     0.00
  MONTH TO DATE    0.06                      1.72  -1.66     0.28
  SINCE DEC 1      2.31                      6.70  -4.39     6.96
  SINCE JAN 1      1.78                      3.93  -2.15     0.68

DEGREE DAYS
 HEATING
  TODAY           16                        29    -13       25
  MONTH TO DATE  615                       900   -285      856
  SINCE DEC 1   2663                      3117   -454     2696
  SINCE JUL 1   3374                      4176   -802     3488

 COOLING
  TODAY            0                         0      0        0
  MONTH TO DATE    0                         0      0        0
  SINCE DEC 1      0                         0      0        0
  SINCE JAN 1      0                         0      0        0
..................................................................


WIND (MPH)
  HIGHEST WIND SPEED    16   HIGHEST WIND DIRECTION     S (160)
  HIGHEST GUST SPEED    22   HIGHEST GUST DIRECTION     S (160)
  AVERAGE WIND SPEED     7.8


SKY COVER
  POSSIBLE SUNSHINE  MM
  AVERAGE SKY COVER 0.7


WEATHER CONDITIONS
 THE FOLLOWING WEATHER WAS RECORDED TODAY.
  NO SIGNIFICANT WEATHER WAS OBSERVED.


RELATIVE HUMIDITY (PERCENT)
 HIGHEST    79           300 AM
 LOWEST     55           400 PM
 AVERAGE    67

..........................................................


THE MATTOON IL AIRPORT CLIMATE NORMALS FOR TOMORROW
                         NORMAL    RECORD    YEAR
 MAXIMUM TEMPERATURE (F)   45        MM        MM
 MINIMUM TEMPERATURE (F)   28        MM        MM


SUNRISE AND SUNSET
FEBRUARY 27 2017......SUNRISE   629 AM CST   SUNSET   544 PM CST
FEBRUARY 28 2017......SUNRISE   627 AM CST   SUNSET   545 PM CST


-  INDICATES NEGATIVE NUMBERS.
R  INDICATES RECORD WAS SET OR TIED.
MM INDICATES DATA IS MISSING.
T  INDICATES TRACE AMOUNT.




$$
