000
CDUS41 KBTV 200527
CLIMVL


CLIMATE REPORT
NATIONAL WEATHER SERVICE BURLINGTON VT
126 AM EDT SUN APR 20 2014


...................................

...THE MORRISVILLE VT CLIMATE SUMMARY FOR APRIL 19 2014...

CLIMATE NORMAL PERIOD 1981 TO 2010
CLIMATE RECORD PERIOD 9999 TO 9999


WEATHER ITEM   OBSERVED TIME   NORMAL DEPARTURE LAST
                VALUE   (LST)  VALUE  FROM      YEAR
                                      NORMAL
......................................................
TEMPERATURE (F)
 YESTERDAY
  MAXIMUM         47    326 PM  56     -9       76
  MINIMUM         27   1129 PM  32     -5       44
  AVERAGE         37            44     -7       60

PRECIPITATION (IN)
  YESTERDAY        0.10          0.08   0.02     0.59
  MONTH TO DATE    1.95          1.57   0.38     2.47
  SINCE MAR 1      4.62          3.24   1.38     4.24
  SINCE JAN 1      9.22          7.52   1.70     6.95

DEGREE DAYS
 HEATING
  YESTERDAY       28            21      7        5
  MONTH TO DATE  494           487      7      487
  SINCE MAR 1   1946          1614    332     1525
  SINCE JUL 1   8000          7574    426     7057

 COOLING
  YESTERDAY        0             0      0        0
  MONTH TO DATE    0             0      0        0
  SINCE MAR 1      0             0      0        0
  SINCE JAN 1      0             0      0        0
......................................................


WIND (MPH)
  HIGHEST WIND SPEED    17   HIGHEST WIND DIRECTION    NW (310)
  HIGHEST GUST SPEED    25   HIGHEST GUST DIRECTION    NW (300)
  AVERAGE WIND SPEED     4.2


SKY COVER
  AVERAGE SKY COVER 0.7


WEATHER CONDITIONS
 THE FOLLOWING WEATHER WAS RECORDED YESTERDAY.
  RAIN
  LIGHT RAIN
  FOG


RELATIVE HUMIDITY (PERCENT)
 HIGHEST    85           900 AM
 LOWEST     41           600 PM
 AVERAGE    63

..........................................................


THE MORRISVILLE VT CLIMATE NORMALS FOR TODAY
                         NORMAL    RECORD    YEAR
 MAXIMUM TEMPERATURE (F)   56        MM        MM
 MINIMUM TEMPERATURE (F)   32        MM        MM


SUNRISE AND SUNSET
APRIL 20 2014.........SUNRISE   558 AM EDT   SUNSET   741 PM EDT
APRIL 21 2014.........SUNRISE   557 AM EDT   SUNSET   743 PM EDT


-  INDICATES NEGATIVE NUMBERS.
R  INDICATES RECORD WAS SET OR TIED.
MM INDICATES DATA IS MISSING.
T  INDICATES TRACE AMOUNT.




$$
