000
CDUS41 KBTV 200534
CLIMVL


CLIMATE REPORT
NATIONAL WEATHER SERVICE BURLINGTON VT
1233 AM EST SAT JAN 20 2018


...................................

...THE MORRISVILLE VT CLIMATE SUMMARY FOR JANUARY 19 2018...

CLIMATE NORMAL PERIOD 1981 TO 2010
CLIMATE RECORD PERIOD 9999 TO 9999


WEATHER ITEM   OBSERVED TIME   NORMAL DEPARTURE LAST
                VALUE   (LST)  VALUE  FROM      YEAR
                                      NORMAL
......................................................
TEMPERATURE (F)
 YESTERDAY
  MAXIMUM         27    214 PM  26      1       36
  MINIMUM         20    757 AM   4     16       31
  AVERAGE         24            15      9       34

PRECIPITATION (IN)
  YESTERDAY        T             0.07  -0.07     0.02
  MONTH TO DATE    2.60          1.65   0.95     0.77
  SINCE DEC 1      3.45          4.29  -0.84     3.98
  SINCE JAN 1      2.60          1.65   0.95     0.77

DEGREE DAYS
 HEATING
  YESTERDAY       41            50     -9       31
  MONTH TO DATE  877           928    -51      808
  SINCE DEC 1   2360          2238    122     2078
  SINCE JUL 1   4001          4066    -65     3669

 COOLING
  YESTERDAY        0             0      0        0
  MONTH TO DATE    0             0      0        0
  SINCE DEC 1      0             0      0        0
  SINCE JAN 1      0             0      0        0
......................................................


WIND (MPH)
  HIGHEST WIND SPEED    13   HIGHEST WIND DIRECTION    SW (220)
  HIGHEST GUST SPEED    16   HIGHEST GUST DIRECTION    SW (210)
  AVERAGE WIND SPEED     3.2


SKY COVER
  AVERAGE SKY COVER 0.5


WEATHER CONDITIONS
 THE FOLLOWING WEATHER WAS RECORDED YESTERDAY.
  LIGHT SNOW
  FOG


RELATIVE HUMIDITY (PERCENT)
 HIGHEST   100           800 AM
 LOWEST     75           100 PM
 AVERAGE    88

..........................................................


THE MORRISVILLE VT CLIMATE NORMALS FOR TODAY
                         NORMAL    RECORD    YEAR
 MAXIMUM TEMPERATURE (F)   26        48      2006
 MINIMUM TEMPERATURE (F)    4       -10      2000


SUNRISE AND SUNSET
JANUARY 20 2018.......SUNRISE   720 AM EST   SUNSET   443 PM EST
JANUARY 21 2018.......SUNRISE   720 AM EST   SUNSET   444 PM EST


-  INDICATES NEGATIVE NUMBERS.
R  INDICATES RECORD WAS SET OR TIED.
MM INDICATES DATA IS MISSING.
T  INDICATES TRACE AMOUNT.




$$
