000
CDUS41 KBTV 080553
CLIMVL


CLIMATE REPORT
NATIONAL WEATHER SERVICE BURLINGTON VT
1253 AM EST THU DEC 8 2016


...................................

...THE MORRISVILLE VT CLIMATE SUMMARY FOR DECEMBER 7 2016...

CLIMATE NORMAL PERIOD 1981 TO 2010
CLIMATE RECORD PERIOD 9999 TO 9999


WEATHER ITEM   OBSERVED TIME   NORMAL DEPARTURE LAST
                VALUE   (LST)  VALUE  FROM      YEAR
                                      NORMAL
......................................................
TEMPERATURE (F)
 YESTERDAY
  MAXIMUM         36    302 PM  35      1       40
  MINIMUM         24   1240 AM  17      7       25
  AVERAGE         30            26      4       33

PRECIPITATION (IN)
  YESTERDAY        0.07          0.10  -0.03     0.00
  MONTH TO DATE    1.09          0.69   0.40     0.49
  SINCE DEC 1      1.09          0.69   0.40     0.49
  SINCE JAN 1     19.52         34.05 -14.53    20.99

DEGREE DAYS
 HEATING
  YESTERDAY       35            39     -4       32
  MONTH TO DATE  232           264    -32      187
  SINCE DEC 1    232           264    -32      187
  SINCE JUL 1   1823          2092   -269     1602

 COOLING
  YESTERDAY        0             0      0        0
  MONTH TO DATE    0             0      0        0
  SINCE DEC 1      0             0      0        0
  SINCE JAN 1    322           265     57      503
......................................................


WIND (MPH)
  HIGHEST WIND SPEED     8   HIGHEST WIND DIRECTION    SW (240)
  HIGHEST GUST SPEED    11   HIGHEST GUST DIRECTION    SW (220)
  AVERAGE WIND SPEED     2.6


SKY COVER
  AVERAGE SKY COVER 0.8


WEATHER CONDITIONS
 THE FOLLOWING WEATHER WAS RECORDED YESTERDAY.
  LIGHT SNOW
  FOG
  HAZE


RELATIVE HUMIDITY (PERCENT)
 HIGHEST    92           200 AM
 LOWEST     82          1200 PM
 AVERAGE    87

..........................................................


THE MORRISVILLE VT CLIMATE NORMALS FOR TODAY
                         NORMAL    RECORD    YEAR
 MAXIMUM TEMPERATURE (F)   34        45      2012
 MINIMUM TEMPERATURE (F)   17       -13      1989


SUNRISE AND SUNSET
DECEMBER  8 2016......SUNRISE   715 AM EST   SUNSET   410 PM EST
DECEMBER  9 2016......SUNRISE   716 AM EST   SUNSET   410 PM EST


-  INDICATES NEGATIVE NUMBERS.
R  INDICATES RECORD WAS SET OR TIED.
MM INDICATES DATA IS MISSING.
T  INDICATES TRACE AMOUNT.




$$
