000
CDUS41 KBTV 230533
CLIMVL


CLIMATE REPORT
NATIONAL WEATHER SERVICE BURLINGTON VT
131 AM EDT SAT AUG 23 2014


...................................

...THE MORRISVILLE VT CLIMATE SUMMARY FOR AUGUST 22 2014...

CLIMATE NORMAL PERIOD 1981 TO 2010
CLIMATE RECORD PERIOD 9999 TO 9999


WEATHER ITEM   OBSERVED TIME   NORMAL DEPARTURE LAST
                VALUE   (LST)  VALUE  FROM      YEAR
                                      NORMAL
......................................................
TEMPERATURE (F)
 YESTERDAY
  MAXIMUM         65   1132 AM  77    -12       85
  MINIMUM         59    118 AM  53      6       62
  AVERAGE         62            65     -3       74

PRECIPITATION (IN)
  YESTERDAY        0.27          0.12   0.15     0.31
  MONTH TO DATE    2.48          3.03  -0.55     2.39
  SINCE JUN 1     12.53         11.14   1.39    17.61
  SINCE JAN 1     26.13         22.76   3.37    29.62

DEGREE DAYS
 HEATING
  YESTERDAY        3             2      1        0
  MONTH TO DATE   36            39     -3       38
  SINCE JUN 1    137           192    -55      181
  SINCE JUL 1     65            69     -4       51

 COOLING
  YESTERDAY        0             2     -2        9
  MONTH TO DATE   34            60    -26       43
  SINCE JUN 1    183           220    -37      305
  SINCE JAN 1    188           228    -40      325
......................................................


WIND (MPH)
  HIGHEST WIND SPEED     5   HIGHEST WIND DIRECTION     E (90)
  HIGHEST GUST SPEED     9   HIGHEST GUST DIRECTION     S (190)
  AVERAGE WIND SPEED     1.5


SKY COVER
  AVERAGE SKY COVER 1.0


WEATHER CONDITIONS
 THE FOLLOWING WEATHER WAS RECORDED YESTERDAY.
  LIGHT RAIN
  FOG


RELATIVE HUMIDITY (PERCENT)
 HIGHEST   100           800 PM
 LOWEST     78           900 AM
 AVERAGE    89

..........................................................


THE MORRISVILLE VT CLIMATE NORMALS FOR TODAY
                         NORMAL    RECORD    YEAR
 MAXIMUM TEMPERATURE (F)   77        MM        MM
 MINIMUM TEMPERATURE (F)   52        MM        MM


SUNRISE AND SUNSET
AUGUST 23 2014........SUNRISE   602 AM EDT   SUNSET   743 PM EDT
AUGUST 24 2014........SUNRISE   604 AM EDT   SUNSET   741 PM EDT


-  INDICATES NEGATIVE NUMBERS.
R  INDICATES RECORD WAS SET OR TIED.
MM INDICATES DATA IS MISSING.
T  INDICATES TRACE AMOUNT.




$$
