000
CDUS41 KBTV 220543
CLIMVL


CLIMATE REPORT
NATIONAL WEATHER SERVICE BURLINGTON VT
1243 AM EST SUN JAN 22 2017


...................................

...THE MORRISVILLE VT CLIMATE SUMMARY FOR JANUARY 21 2017...

CLIMATE NORMAL PERIOD 1981 TO 2010
CLIMATE RECORD PERIOD 9999 TO 9999


WEATHER ITEM   OBSERVED TIME   NORMAL DEPARTURE LAST
                VALUE   (LST)  VALUE  FROM      YEAR
                                      NORMAL
......................................................
TEMPERATURE (F)
 YESTERDAY
  MAXIMUM         35    428 PM  26      9       19
  MINIMUM         31    936 AM   4     27        6
  AVERAGE         33            15     18       13

PRECIPITATION (IN)
  YESTERDAY        0.00          0.07  -0.07      T
  MONTH TO DATE    0.77          1.80  -1.03     0.69
  SINCE DEC 1      3.98          4.44  -0.46     2.63
  SINCE JAN 1      0.77          1.80  -1.03     0.69

DEGREE DAYS
 HEATING
  YESTERDAY       32            50    -18       52
  MONTH TO DATE  872          1028   -156      929
  SINCE DEC 1   2142          2338   -196     1776
  SINCE JUL 1   3733          4166   -433     3191

 COOLING
  YESTERDAY        0             0      0        0
  MONTH TO DATE    0             0      0        0
  SINCE DEC 1      0             0      0        0
  SINCE JAN 1      0             0      0        0
......................................................


WIND (MPH)
  HIGHEST WIND SPEED     5   HIGHEST WIND DIRECTION     N (10)
  HIGHEST GUST SPEED     5   HIGHEST GUST DIRECTION     N (360)
  AVERAGE WIND SPEED     0.3


SKY COVER
  AVERAGE SKY COVER 1.0


WEATHER CONDITIONS
 THE FOLLOWING WEATHER WAS RECORDED YESTERDAY.
  FOG
  FOG W/VISIBILITY <= 1/4 MILE


RELATIVE HUMIDITY (PERCENT)
 HIGHEST   100           800 AM
 LOWEST     85          1200 AM
 AVERAGE    93

..........................................................


THE MORRISVILLE VT CLIMATE NORMALS FOR TODAY
                         NORMAL    RECORD    YEAR
 MAXIMUM TEMPERATURE (F)   26        47      1997
 MINIMUM TEMPERATURE (F)    4       -23      2014


SUNRISE AND SUNSET
JANUARY 22 2017.......SUNRISE   719 AM EST   SUNSET   446 PM EST
JANUARY 23 2017.......SUNRISE   718 AM EST   SUNSET   447 PM EST


-  INDICATES NEGATIVE NUMBERS.
R  INDICATES RECORD WAS SET OR TIED.
MM INDICATES DATA IS MISSING.
T  INDICATES TRACE AMOUNT.




$$
