000
CDUS41 KBTV 240548
CLIMVL


CLIMATE REPORT
NATIONAL WEATHER SERVICE BURLINGTON VT
147 AM EDT THU JUL 24 2014


...................................

...THE MORRISVILLE VT CLIMATE SUMMARY FOR JULY 23 2014...

CLIMATE NORMAL PERIOD 1981 TO 2010
CLIMATE RECORD PERIOD 9999 TO 9999


WEATHER ITEM   OBSERVED TIME   NORMAL DEPARTURE LAST
                VALUE   (LST)  VALUE  FROM      YEAR
                                      NORMAL
......................................................
TEMPERATURE (F)
 YESTERDAY
  MAXIMUM         87        MM  80      7       76
  MINIMUM         63        MM  56      7       64
  AVERAGE         75            68      7       70

PRECIPITATION (IN)
  YESTERDAY        1.18          0.12   1.06     0.30
  MONTH TO DATE    4.74          3.18   1.56     4.75
  SINCE JUN 1      8.63          7.16   1.47    13.37
  SINCE JAN 1     22.23         18.78   3.45    25.38

DEGREE DAYS
 HEATING
  YESTERDAY        0             1     -1        0
  MONTH TO DATE   12            24    -12        0
  SINCE JUN 1     84           147    -63      130
  SINCE JUL 1     12            24    -12        0

 COOLING
  YESTERDAY       10             4      6        5
  MONTH TO DATE  105            85     20      171
  SINCE JUN 1    145           133     12      247
  SINCE JAN 1    150           141      9      267
......................................................


WIND (MPH)
  HIGHEST WIND SPEED    10   HIGHEST WIND DIRECTION     S (200)
  HIGHEST GUST SPEED    17   HIGHEST GUST DIRECTION     S (200)
  AVERAGE WIND SPEED     5.0


SKY COVER
  AVERAGE SKY COVER 0.5


WEATHER CONDITIONS
 THE FOLLOWING WEATHER WAS RECORDED YESTERDAY.
  THUNDERSTORM
  HEAVY RAIN
  RAIN
  LIGHT RAIN
  FOG


RELATIVE HUMIDITY (PERCENT)
 HIGHEST    93          1200 AM
 LOWEST     59           100 PM
 AVERAGE    76

..........................................................


THE MORRISVILLE VT CLIMATE NORMALS FOR TODAY
                         NORMAL    RECORD    YEAR
 MAXIMUM TEMPERATURE (F)   80        MM        MM
 MINIMUM TEMPERATURE (F)   56        MM        MM


SUNRISE AND SUNSET
JULY 24 2014..........SUNRISE   528 AM EDT   SUNSET   825 PM EDT
JULY 25 2014..........SUNRISE   529 AM EDT   SUNSET   824 PM EDT


-  INDICATES NEGATIVE NUMBERS.
R  INDICATES RECORD WAS SET OR TIED.
MM INDICATES DATA IS MISSING.
T  INDICATES TRACE AMOUNT.




$$
