000
CDUS46 KOTX 290826
CLIMWH


CLIMATE REPORT
NATIONAL WEATHER SERVICE SPOKANE, WA
126 AM PDT THU JUN 29 2017


...................................

...THE MOSES LAKE WA AIRPORT CLIMATE SUMMARY FOR JUNE 28 2017...

CLIMATE NORMAL PERIOD 1981 TO 2010
CLIMATE RECORD PERIOD 9999 TO 9999


WEATHER ITEM   OBSERVED TIME   RECORD YEAR NORMAL DEPARTURE LAST
                VALUE   (LST)  VALUE       VALUE  FROM      YEAR
                                                  NORMAL
..................................................................
TEMPERATURE (F)
 YESTERDAY
  MAXIMUM         86    416 PM  MM      MM  84      2       97
  MINIMUM         57    400 AM  MM      MM  54      3       59
  AVERAGE         72                        69      3       78

PRECIPITATION (IN)
  YESTERDAY        0.00         MM      MM   0.02  -0.02     0.00
  MONTH TO DATE    0.29                      0.73  -0.44     0.70
  SINCE OCT 1      9.57                      8.04   1.53     8.35
  SINCE JAN 1      5.68                      4.75   0.93     5.09

SNOWFALL (IN)
  YESTERDAY       MM

DEGREE DAYS
 HEATING
  YESTERDAY        0                         1     -1        0
  MONTH TO DATE   48                        51     -3       54
  SINCE JUN 1     48                        51     -3       54
  SINCE JUL 1   6176                      5878    298     5003

 COOLING
  YESTERDAY        7                         5      2       13
  MONTH TO DATE  109                        76     33      129
  SINCE JUN 1    109                        76     33      129
  SINCE JAN 1    152                       101     51      148
..................................................................


WIND (MPH)
  HIGHEST WIND SPEED    31   HIGHEST WIND DIRECTION    NE (30)
  HIGHEST GUST SPEED    37   HIGHEST GUST DIRECTION     N (20)
  AVERAGE WIND SPEED     9.3


SKY COVER
  POSSIBLE SUNSHINE  MM
  AVERAGE SKY COVER 0.0


WEATHER CONDITIONS
 THE FOLLOWING WEATHER WAS RECORDED YESTERDAY.
  HAZE


RELATIVE HUMIDITY (PERCENT)
 HIGHEST    55           400 AM
 LOWEST     17           200 PM
 AVERAGE    36

..........................................................


THE MOSES LAKE WA AIRPORT CLIMATE NORMALS FOR TODAY
                         NORMAL    RECORD    YEAR
 MAXIMUM TEMPERATURE (F)   84        MM        MM
 MINIMUM TEMPERATURE (F)   54        MM        MM


SUNRISE AND SUNSET
JUNE 29 2017..........SUNRISE   504 AM PDT   SUNSET   857 PM PDT
JUNE 30 2017..........SUNRISE   505 AM PDT   SUNSET   857 PM PDT


-  INDICATES NEGATIVE NUMBERS.
R  INDICATES RECORD WAS SET OR TIED.
MM INDICATES DATA IS MISSING.
T  INDICATES TRACE AMOUNT.




$$
