000
CDUS45 KBOI 210931
CLIMYL


CLIMATE REPORT
NATIONAL WEATHER SERVICE BOISE ID
231 AM MST SUN JAN 21 2018


...................................

...THE MCCALL ID CLIMATE SUMMARY FOR JANUARY 20 2018...

CLIMATE NORMAL PERIOD 1981 TO 2010
CLIMATE RECORD PERIOD 1930 TO 2018


WEATHER ITEM   OBSERVED TIME   RECORD YEAR NORMAL DEPARTURE LAST
                VALUE   (LST)  VALUE       VALUE  FROM      YEAR
                                                  NORMAL
..................................................................
TEMPERATURE (F)
 YESTERDAY
  MAXIMUM         28    359 PM  45    1950  29     -1       36
  MINIMUM         20   1130 PM -23    1929  11      9       18
  AVERAGE         24                        20      4       27

PRECIPITATION (IN)
  YESTERDAY        T             1.09 1957   0.05  -0.05      T
  MONTH TO DATE    2.30                      1.15   1.15     2.86
  SINCE OCT 1      9.15                      7.33   1.82    11.35
  SINCE JAN 1      2.30                      1.15   1.15     2.86

DEGREE DAYS
 HEATING
  YESTERDAY       41                        45     -4       38
  MONTH TO DATE  727                       909   -182     1042
  SINCE DEC 1   2118                      2345   -227     2605
  SINCE JUL 1   4244                      4983   -739     4642

 COOLING
  YESTERDAY        0                         0      0        0
  MONTH TO DATE    0                         0      0        0
  SINCE DEC 1      0                         0      0        0
  SINCE JAN 1      0                         0      0        0
..................................................................


WIND (MPH)
  HIGHEST WIND SPEED     6   HIGHEST WIND DIRECTION    NE (40)
  HIGHEST GUST SPEED     7   HIGHEST GUST DIRECTION    NE (40)
  AVERAGE WIND SPEED     1.3


SKY COVER
  AVERAGE SKY COVER 1.0


WEATHER CONDITIONS
 THE FOLLOWING WEATHER WAS RECORDED YESTERDAY.
  FOG
  FOG W/VISIBILITY <= 1/4 MILE


RELATIVE HUMIDITY (PERCENT)
 HIGHEST   100           500 AM
 LOWEST     75           400 PM
 AVERAGE    88

..........................................................


THE MCCALL ID CLIMATE NORMALS FOR TODAY
                         NORMAL    RECORD    YEAR
 MAXIMUM TEMPERATURE (F)   29        44      1968
 MINIMUM TEMPERATURE (F)   11       -33      1937
                                             1927


SUNRISE AND SUNSET
JANUARY 21 2018.......SUNRISE   815 AM MST   SUNSET   537 PM MST
JANUARY 22 2018.......SUNRISE   814 AM MST   SUNSET   539 PM MST


-  INDICATES NEGATIVE NUMBERS.
R  INDICATES RECORD WAS SET OR TIED.
MM INDICATES DATA IS MISSING.
T  INDICATES TRACE AMOUNT.




$$
