000
CDUS45 KBOI 270931
CLIMYL


CLIMATE REPORT
NATIONAL WEATHER SERVICE BOISE ID
331 AM MDT MON JUL 27 2015


...................................

...THE MCCALL ID CLIMATE SUMMARY FOR JULY 26 2015...

CLIMATE NORMAL PERIOD 1981 TO 2010
CLIMATE RECORD PERIOD 1930 TO 2015


WEATHER ITEM   OBSERVED TIME   RECORD YEAR NORMAL DEPARTURE LAST
                VALUE   (LST)  VALUE       VALUE  FROM      YEAR
                                                  NORMAL
..................................................................
TEMPERATURE (F)
 YESTERDAY
  MAXIMUM         71    137 PM  94    1933  80     -9       83
  MINIMUM         49    600 AM  33    1966  44      5       42
  AVERAGE         60                        62     -2       63

PRECIPITATION (IN)
  YESTERDAY        0.03          0.48 1937   0.02   0.01     0.00
  MONTH TO DATE    2.25                      0.63   1.62     0.12
  SINCE OCT 1     20.59                     18.45   2.14    19.38
  SINCE JAN 1     11.83                     12.27  -0.44    15.31

DEGREE DAYS
 HEATING
  YESTERDAY        5                         4      1        2
  MONTH TO DATE   43                       135    -92       18
  SINCE JUN 1    152                       502   -350      332
  SINCE JUL 1     43                       135    -92       18

 COOLING
  YESTERDAY        0                         1     -1        0
  MONTH TO DATE   43                        11     32      103
  SINCE JUN 1    109                        12     97      103
  SINCE JAN 1    109                        12     97      103
..................................................................


WIND (MPH)
  HIGHEST WIND SPEED    14   HIGHEST WIND DIRECTION    NW (310)
  HIGHEST GUST SPEED    18   HIGHEST GUST DIRECTION     W (280)
  AVERAGE WIND SPEED     4.1


SKY COVER
  AVERAGE SKY COVER 0.6


WEATHER CONDITIONS
 THE FOLLOWING WEATHER WAS RECORDED YESTERDAY.
  LIGHT RAIN


RELATIVE HUMIDITY (PERCENT)
 HIGHEST    86           600 AM
 LOWEST     31           700 PM
 AVERAGE    59

..........................................................


THE MCCALL ID CLIMATE NORMALS FOR TODAY
                         NORMAL    RECORD    YEAR
 MAXIMUM TEMPERATURE (F)   81        96      1934
 MINIMUM TEMPERATURE (F)   44        34      1986


SUNRISE AND SUNSET
JULY 27 2015..........SUNRISE   624 AM MDT   SUNSET   917 PM MDT
JULY 28 2015..........SUNRISE   625 AM MDT   SUNSET   916 PM MDT


-  INDICATES NEGATIVE NUMBERS.
R  INDICATES RECORD WAS SET OR TIED.
MM INDICATES DATA IS MISSING.
T  INDICATES TRACE AMOUNT.




$$
