000
CDUS45 KBOI 300930
CLIMYL


CLIMATE REPORT
NATIONAL WEATHER SERVICE BOISE ID
330 AM MDT TUE JUN 30 2015


...................................

...THE MCCALL ID CLIMATE SUMMARY FOR JUNE 29 2015...

CLIMATE NORMAL PERIOD 1981 TO 2010
CLIMATE RECORD PERIOD 1930 TO 2015


WEATHER ITEM   OBSERVED TIME   RECORD YEAR NORMAL DEPARTURE LAST
                VALUE   (LST)  VALUE       VALUE  FROM      YEAR
                                                  NORMAL
..................................................................
TEMPERATURE (F)
 YESTERDAY
  MAXIMUM         93R   454 PM  90    2013  73     20       68
  MINIMUM         68    557 AM  29    1993  40     28       40
  AVERAGE         81                        57     24       54

PRECIPITATION (IN)
  YESTERDAY        T             0.78 1935   0.04  -0.04     0.00
  MONTH TO DATE    0.35                      1.82  -1.47     0.81
  SINCE OCT 1     18.34                     17.78   0.56    19.26
  SINCE JAN 1      9.58                     11.60  -2.02    15.19

DEGREE DAYS
 HEATING
  YESTERDAY        0                         9     -9       11
  MONTH TO DATE  109                       359   -250      306
  SINCE JUN 1    109                       359   -250      306
  SINCE JUL 1   7464                      9588  -2124     8580

 COOLING
  YESTERDAY       16                         0     16        0
  MONTH TO DATE   50                         0     50        0
  SINCE JUN 1     50                         0     50        0
  SINCE JAN 1     50                         0     50        0
..................................................................


WIND (MPH)
  HIGHEST WIND SPEED    18   HIGHEST WIND DIRECTION     S (180)
  HIGHEST GUST SPEED    22   HIGHEST GUST DIRECTION     S (180)
  AVERAGE WIND SPEED     6.3


SKY COVER
  AVERAGE SKY COVER 0.1


WEATHER CONDITIONS
 THE FOLLOWING WEATHER WAS RECORDED YESTERDAY.
  THUNDERSTORM


RELATIVE HUMIDITY (PERCENT)
 HIGHEST    61           700 AM
 LOWEST     22           500 PM
 AVERAGE    42

..........................................................


THE MCCALL ID CLIMATE NORMALS FOR TODAY
                         NORMAL    RECORD    YEAR
 MAXIMUM TEMPERATURE (F)   73        90      2013
 MINIMUM TEMPERATURE (F)   41        23      1981


SUNRISE AND SUNSET
JUNE 30 2015..........SUNRISE   601 AM MDT   SUNSET   934 PM MDT
JULY  1 2015..........SUNRISE   602 AM MDT   SUNSET   934 PM MDT


-  INDICATES NEGATIVE NUMBERS.
R  INDICATES RECORD WAS SET OR TIED.
MM INDICATES DATA IS MISSING.
T  INDICATES TRACE AMOUNT.




$$
