000
CDUS45 KBOI 270932
CLIMYL


CLIMATE REPORT
NATIONAL WEATHER SERVICE BOISE ID
331 AM MDT SAT AUG 27 2016


...................................

...THE MCCALL ID CLIMATE SUMMARY FOR AUGUST 26 2016...

CLIMATE NORMAL PERIOD 1981 TO 2010
CLIMATE RECORD PERIOD 1930 TO 2016


WEATHER ITEM   OBSERVED TIME   RECORD YEAR NORMAL DEPARTURE LAST
                VALUE   (LST)  VALUE       VALUE  FROM      YEAR
                                                  NORMAL
..................................................................
TEMPERATURE (F)
 YESTERDAY
  MAXIMUM         78    456 PM  91    1988  75      3       90
  MINIMUM         45    619 AM  24    1992  40      5       45
  AVERAGE         62                        57      5       68

PRECIPITATION (IN)
  YESTERDAY        0.00          0.69 1956   0.02  -0.02     0.00
  MONTH TO DATE    T                         0.55  -0.55     0.28
  SINCE OCT 1     25.23                     19.09   6.14    20.87
  SINCE JAN 1     14.66                     12.91   1.75    12.11

DEGREE DAYS
 HEATING
  YESTERDAY        3                         8     -5        0
  MONTH TO DATE   73                       136    -63       57
  SINCE JUN 1    413                       653   -240      237
  SINCE JUL 1    187                       286    -99      128

 COOLING
  YESTERDAY        0                         0      0        3
  MONTH TO DATE   33                         7     26       52
  SINCE JUN 1    105                        23     82      165
  SINCE JAN 1    105                        23     82      165
..................................................................


WIND (MPH)
  HIGHEST WIND SPEED    14   HIGHEST WIND DIRECTION    NW (330)
  HIGHEST GUST SPEED    18   HIGHEST GUST DIRECTION     N (340)
  AVERAGE WIND SPEED     3.2


SKY COVER
  AVERAGE SKY COVER 0.0


WEATHER CONDITIONS
 THE FOLLOWING WEATHER WAS RECORDED YESTERDAY.
  NO SIGNIFICANT WEATHER WAS OBSERVED.


RELATIVE HUMIDITY (PERCENT)
 HIGHEST    66           400 AM
 LOWEST     13           400 PM
 AVERAGE    40

..........................................................


THE MCCALL ID CLIMATE NORMALS FOR TODAY
                         NORMAL    RECORD    YEAR
 MAXIMUM TEMPERATURE (F)   75        92      2001
 MINIMUM TEMPERATURE (F)   39        25      1992


SUNRISE AND SUNSET
AUGUST 27 2016........SUNRISE   701 AM MDT   SUNSET   829 PM MDT
AUGUST 28 2016........SUNRISE   702 AM MDT   SUNSET   827 PM MDT


-  INDICATES NEGATIVE NUMBERS.
R  INDICATES RECORD WAS SET OR TIED.
MM INDICATES DATA IS MISSING.
T  INDICATES TRACE AMOUNT.




$$
