000
CDUS45 KBOI 290931
CLIMYL


CLIMATE REPORT
NATIONAL WEATHER SERVICE BOISE ID
331 AM MDT MON MAY 29 2017


...................................

...THE MCCALL ID CLIMATE SUMMARY FOR MAY 28 2017...

CLIMATE NORMAL PERIOD 1981 TO 2010
CLIMATE RECORD PERIOD 1930 TO 2017


WEATHER ITEM   OBSERVED TIME   RECORD YEAR NORMAL DEPARTURE LAST
                VALUE   (LST)  VALUE       VALUE  FROM      YEAR
                                                  NORMAL
..................................................................
TEMPERATURE (F)
 YESTERDAY
  MAXIMUM         74    504 PM  88    1928  62     12       60
  MINIMUM         38    504 AM  24    1998  35      3       30
                                      1991
  AVERAGE         56                        49      7       45

PRECIPITATION (IN)
  YESTERDAY        0.00          0.80 2004   0.07  -0.07     0.00
  MONTH TO DATE    1.90                      1.98  -0.08     1.29
  SINCE OCT 1     28.17                     15.75  12.42    23.00
  SINCE JAN 1     19.68                      9.57  10.11    12.43

DEGREE DAYS
 HEATING
  YESTERDAY        9                        16     -7       20
  MONTH TO DATE  486                       546    -60      442
  SINCE MAR 1   2254                      2506   -252     2036
  SINCE JUL 1   8457                      9181   -724     7905

 COOLING
  YESTERDAY        0                         0      0        0
  MONTH TO DATE    0                         0      0        0
  SINCE MAR 1      0                         0      0        0
  SINCE JAN 1      0                         0      0        0
..................................................................


WIND (MPH)
  HIGHEST WIND SPEED    13   HIGHEST WIND DIRECTION    SW (230)
  HIGHEST GUST SPEED    20   HIGHEST GUST DIRECTION     S (180)
  AVERAGE WIND SPEED     3.7


SKY COVER
  AVERAGE SKY COVER 0.0


WEATHER CONDITIONS
 THE FOLLOWING WEATHER WAS RECORDED YESTERDAY.
  NO SIGNIFICANT WEATHER WAS OBSERVED.


RELATIVE HUMIDITY (PERCENT)
 HIGHEST    85           500 AM
 LOWEST     22           500 PM
 AVERAGE    54

..........................................................


THE MCCALL ID CLIMATE NORMALS FOR TODAY
                         NORMAL    RECORD    YEAR
 MAXIMUM TEMPERATURE (F)   62        86      1986
                                             1983
 MINIMUM TEMPERATURE (F)   35        23      1973


SUNRISE AND SUNSET
MAY 29 2017...........SUNRISE   603 AM MDT   SUNSET   921 PM MDT
MAY 30 2017...........SUNRISE   602 AM MDT   SUNSET   922 PM MDT


-  INDICATES NEGATIVE NUMBERS.
R  INDICATES RECORD WAS SET OR TIED.
MM INDICATES DATA IS MISSING.
T  INDICATES TRACE AMOUNT.




$$
