000
CDUS45 KBOI 210931
CLIMYL


CLIMATE REPORT
NATIONAL WEATHER SERVICE BOISE ID
231 AM MST SAT JAN 21 2017


...................................

...THE MCCALL ID CLIMATE SUMMARY FOR JANUARY 20 2017...

CLIMATE NORMAL PERIOD 1981 TO 2010
CLIMATE RECORD PERIOD 1930 TO 2017


WEATHER ITEM   OBSERVED TIME   RECORD YEAR NORMAL DEPARTURE LAST
                VALUE   (LST)  VALUE       VALUE  FROM      YEAR
                                                  NORMAL
..................................................................
TEMPERATURE (F)
 YESTERDAY
  MAXIMUM         36    250 PM  49    2005  29      7       34
  MINIMUM         18    851 AM -22    1949  11      7       16
  AVERAGE         27                        20      7       25

PRECIPITATION (IN)
  YESTERDAY        T             1.09 1957   0.05  -0.05     0.09
  MONTH TO DATE    2.86                      1.15   1.71     1.93
  SINCE OCT 1     11.35                      7.33   4.02    12.50
  SINCE JAN 1      2.86                      1.15   1.71     1.93

DEGREE DAYS
 HEATING
  YESTERDAY       38                        45     -7       40
  MONTH TO DATE 1042                       909    133      878
  SINCE DEC 1   2605                      2345    260     2219
  SINCE JUL 1   4642                      4983   -341     4320

 COOLING
  YESTERDAY        0                         0      0        0
  MONTH TO DATE    0                         0      0        0
  SINCE DEC 1      0                         0      0        0
  SINCE JAN 1      0                         0      0        0
..................................................................


WIND (MPH)
  HIGHEST WIND SPEED    10   HIGHEST WIND DIRECTION    SE (140)
  HIGHEST GUST SPEED    13   HIGHEST GUST DIRECTION    SE (130)
  AVERAGE WIND SPEED     2.2


SKY COVER
  AVERAGE SKY COVER 0.8


WEATHER CONDITIONS
 THE FOLLOWING WEATHER WAS RECORDED YESTERDAY.
  FOG
  FOG W/VISIBILITY <= 1/4 MILE


RELATIVE HUMIDITY (PERCENT)
 HIGHEST   100           900 AM
 LOWEST     59           300 PM
 AVERAGE    80

..........................................................


THE MCCALL ID CLIMATE NORMALS FOR TODAY
                         NORMAL    RECORD    YEAR
 MAXIMUM TEMPERATURE (F)   29        44      1968
 MINIMUM TEMPERATURE (F)   11       -33      1937


SUNRISE AND SUNSET
JANUARY 21 2017.......SUNRISE   814 AM MST   SUNSET   538 PM MST
JANUARY 22 2017.......SUNRISE   814 AM MST   SUNSET   539 PM MST


-  INDICATES NEGATIVE NUMBERS.
R  INDICATES RECORD WAS SET OR TIED.
MM INDICATES DATA IS MISSING.
T  INDICATES TRACE AMOUNT.




$$
