000
CDUS45 KBOI 100933
CLIMYL


CLIMATE REPORT
NATIONAL WEATHER SERVICE BOISE ID
232 AM MST SAT DEC 10 2016


...................................

...THE MCCALL ID CLIMATE SUMMARY FOR DECEMBER 9 2016...

CLIMATE NORMAL PERIOD 1981 TO 2010
CLIMATE RECORD PERIOD 1930 TO 2016


WEATHER ITEM   OBSERVED TIME   RECORD YEAR NORMAL DEPARTURE LAST
                VALUE   (LST)  VALUE       VALUE  FROM      YEAR
                                                  NORMAL
..................................................................
TEMPERATURE (F)
 YESTERDAY
  MAXIMUM         32   1159 PM  49    1990  28      4       46
  MINIMUM         17   1230 AM -23    1972  11      6       26
  AVERAGE         25                        19      6       36

PRECIPITATION (IN)
  YESTERDAY        0.42          0.66 1939   0.05   0.37     0.18
  MONTH TO DATE    1.02                      0.51   0.51     2.52
  SINCE OCT 1      5.75                      4.63   1.12     6.32
  SINCE JAN 1     21.46                     18.55   2.91    20.52

DEGREE DAYS
 HEATING
  YESTERDAY       40                        46     -6       29
  MONTH TO DATE  432                       403     29      321
  SINCE DEC 1    432                       403     29      321
  SINCE JUL 1   2469                      3041   -572     2422

 COOLING
  YESTERDAY        0                         0      0        0
  MONTH TO DATE    0                         0      0        0
  SINCE DEC 1      0                         0      0        0
  SINCE JAN 1    108                        25     83      169
..................................................................


WIND (MPH)
  HIGHEST WIND SPEED     9   HIGHEST WIND DIRECTION     S (190)
  HIGHEST GUST SPEED    10   HIGHEST GUST DIRECTION     S (190)
  AVERAGE WIND SPEED     1.0


SKY COVER
  AVERAGE SKY COVER 1.0


WEATHER CONDITIONS
 THE FOLLOWING WEATHER WAS RECORDED YESTERDAY.
  SNOW
  LIGHT SNOW
  FOG
  FOG W/VISIBILITY <= 1/4 MILE


RELATIVE HUMIDITY (PERCENT)
 HIGHEST    92           300 PM
 LOWEST     80          1200 AM
 AVERAGE    86

..........................................................


THE MCCALL ID CLIMATE NORMALS FOR TODAY
                         NORMAL    RECORD    YEAR
 MAXIMUM TEMPERATURE (F)   27        49      1990
 MINIMUM TEMPERATURE (F)   10       -17      1972


SUNRISE AND SUNSET
DECEMBER 10 2016......SUNRISE   812 AM MST   SUNSET   503 PM MST
DECEMBER 11 2016......SUNRISE   813 AM MST   SUNSET   503 PM MST


-  INDICATES NEGATIVE NUMBERS.
R  INDICATES RECORD WAS SET OR TIED.
MM INDICATES DATA IS MISSING.
T  INDICATES TRACE AMOUNT.




$$
