000
CDUS45 KBOI 200931
CLIMYL


CLIMATE REPORT
NATIONAL WEATHER SERVICE BOISE ID
331 AM MDT THU JUL 20 2017


...................................

...THE MCCALL ID CLIMATE SUMMARY FOR JULY 19 2017...

CLIMATE NORMAL PERIOD 1981 TO 2010
CLIMATE RECORD PERIOD 1930 TO 2017


WEATHER ITEM   OBSERVED TIME   RECORD YEAR NORMAL DEPARTURE LAST
                VALUE   (LST)  VALUE       VALUE  FROM      YEAR
                                                  NORMAL
..................................................................
TEMPERATURE (F)
 YESTERDAY
  MAXIMUM         86    342 PM  96    1970  80      6       80
  MINIMUM         50    532 AM  32    1996  44      6       46
  AVERAGE         68                        62      6       63

PRECIPITATION (IN)
  YESTERDAY        0.00          0.18 1976   0.02  -0.02     0.00
  MONTH TO DATE    T                         0.51  -0.51     1.40
  SINCE OCT 1     29.77                     18.33  11.44    25.23
  SINCE JAN 1     21.28                     12.15   9.13    14.66

DEGREE DAYS
 HEATING
  YESTERDAY        0                         4     -4        2
  MONTH TO DATE    1                       107   -106      107
  SINCE JUN 1    237                       474   -237      333
  SINCE JUL 1      1                       107   -106      107

 COOLING
  YESTERDAY        3                         1      2        0
  MONTH TO DATE   76                         4     72        4
  SINCE JUN 1     82                         5     77       39
  SINCE JAN 1     82                         5     77       39
..................................................................


WIND (MPH)
  HIGHEST WIND SPEED    17   HIGHEST WIND DIRECTION     S (170)
  HIGHEST GUST SPEED    21   HIGHEST GUST DIRECTION     S (160)
  AVERAGE WIND SPEED     4.6


SKY COVER
  AVERAGE SKY COVER 0.0


WEATHER CONDITIONS
 THE FOLLOWING WEATHER WAS RECORDED YESTERDAY.
  NO SIGNIFICANT WEATHER WAS OBSERVED.


RELATIVE HUMIDITY (PERCENT)
 HIGHEST    63           400 AM
 LOWEST     14           400 PM
 AVERAGE    39

..........................................................


THE MCCALL ID CLIMATE NORMALS FOR TODAY
                         NORMAL    RECORD    YEAR
 MAXIMUM TEMPERATURE (F)   80        98      1936
 MINIMUM TEMPERATURE (F)   44        32      1996


SUNRISE AND SUNSET
JULY 20 2017..........SUNRISE   618 AM MDT   SUNSET   923 PM MDT
JULY 21 2017..........SUNRISE   619 AM MDT   SUNSET   922 PM MDT


-  INDICATES NEGATIVE NUMBERS.
R  INDICATES RECORD WAS SET OR TIED.
MM INDICATES DATA IS MISSING.
T  INDICATES TRACE AMOUNT.




$$
