000
CDUS45 KBOI 280934
CLIMYL


CLIMATE REPORT
NATIONAL WEATHER SERVICE BOISE ID
333 AM MDT SAT MAR 28 2015


...................................

...THE MCCALL ID CLIMATE SUMMARY FOR MARCH 27 2015...

CLIMATE NORMAL PERIOD 1981 TO 2010
CLIMATE RECORD PERIOD 1930 TO 2015


WEATHER ITEM   OBSERVED TIME   RECORD YEAR NORMAL DEPARTURE LAST
                VALUE   (LST)  VALUE       VALUE  FROM      YEAR
                                                  NORMAL
..................................................................
TEMPERATURE (F)
 YESTERDAY
  MAXIMUM         66R   402 PM  62    1978  42     24       34
  MINIMUM         29    649 AM  -8    1975  21      8       26
  AVERAGE         48                        32     16       30

PRECIPITATION (IN)
  YESTERDAY        T             2.00 2005   0.08  -0.08     0.19
  MONTH TO DATE    1.67                      1.85  -0.18     4.53
  SINCE OCT 1     14.62                     11.50   3.12    13.41
  SINCE JAN 1      5.86                      5.32   0.54     9.34

DEGREE DAYS
 HEATING
  YESTERDAY       17                        33    -16       35
  MONTH TO DATE  730                       984   -254      882
  SINCE MAR 1    730                       984   -254      882
  SINCE JUL 1   6101                      7659  -1558     6876

 COOLING
  YESTERDAY        0                         0      0        0
  MONTH TO DATE    0                         0      0        0
  SINCE MAR 1      0                         0      0        0
  SINCE JAN 1      0                         0      0        0
..................................................................


WIND (MPH)
  HIGHEST WIND SPEED    17   HIGHEST WIND DIRECTION     S (170)
  HIGHEST GUST SPEED    21   HIGHEST GUST DIRECTION     S (170)
  AVERAGE WIND SPEED     3.6


SKY COVER
  AVERAGE SKY COVER 0.1


WEATHER CONDITIONS
 THE FOLLOWING WEATHER WAS RECORDED YESTERDAY.
  LIGHT RAIN


RELATIVE HUMIDITY (PERCENT)
 HIGHEST    96           100 AM
 LOWEST     37           400 PM
 AVERAGE    67

..........................................................


THE MCCALL ID CLIMATE NORMALS FOR TODAY
                         NORMAL    RECORD    YEAR
 MAXIMUM TEMPERATURE (F)   43        64      1986
 MINIMUM TEMPERATURE (F)   22        -9      1975


SUNRISE AND SUNSET
MARCH 28 2015.........SUNRISE   733 AM MDT   SUNSET   807 PM MDT
MARCH 29 2015.........SUNRISE   731 AM MDT   SUNSET   808 PM MDT


-  INDICATES NEGATIVE NUMBERS.
R  INDICATES RECORD WAS SET OR TIED.
MM INDICATES DATA IS MISSING.
T  INDICATES TRACE AMOUNT.




$$
