000
CDUS45 KBOI 290931
CLIMYL


CLIMATE REPORT
NATIONAL WEATHER SERVICE BOISE ID
331 AM MDT SAT AUG 29 2015


...................................

...THE MCCALL ID CLIMATE SUMMARY FOR AUGUST 28 2015...

CLIMATE NORMAL PERIOD 1981 TO 2010
CLIMATE RECORD PERIOD 1930 TO 2015


WEATHER ITEM   OBSERVED TIME   RECORD YEAR NORMAL DEPARTURE LAST
                VALUE   (LST)  VALUE       VALUE  FROM      YEAR
                                                  NORMAL
..................................................................
TEMPERATURE (F)
 YESTERDAY
  MAXIMUM         82   1154 AM  91    1986  75      7       83
  MINIMUM         47    621 AM  26    1989  39      8       45
  AVERAGE         65                        57      8       64

PRECIPITATION (IN)
  YESTERDAY        0.00          0.42 2002   0.02  -0.02     0.00
  MONTH TO DATE    0.28                      0.60  -0.32     1.16
  SINCE OCT 1     20.87                     19.14   1.73    20.65
  SINCE JAN 1     12.11                     12.96  -0.85    16.58

DEGREE DAYS
 HEATING
  YESTERDAY        0                         8     -8        1
  MONTH TO DATE   57                       152    -95       79
  SINCE JUN 1    237                       669   -432      411
  SINCE JUL 1    128                       302   -174       97

 COOLING
  YESTERDAY        0                         0      0        0
  MONTH TO DATE   55                         7     48       54
  SINCE JUN 1    168                        23    145      185
  SINCE JAN 1    168                        23    145      185
..................................................................


WIND (MPH)
  HIGHEST WIND SPEED    21   HIGHEST WIND DIRECTION     S (200)
  HIGHEST GUST SPEED    31   HIGHEST GUST DIRECTION     S (200)
  AVERAGE WIND SPEED     3.6


SKY COVER
  AVERAGE SKY COVER 0.2


WEATHER CONDITIONS
 THE FOLLOWING WEATHER WAS RECORDED YESTERDAY.
  HAZE


RELATIVE HUMIDITY (PERCENT)
 HIGHEST    66           400 AM
 LOWEST     21          1200 PM
 AVERAGE    44

..........................................................


THE MCCALL ID CLIMATE NORMALS FOR TODAY
                         NORMAL    RECORD    YEAR
 MAXIMUM TEMPERATURE (F)   74        90      1972
 MINIMUM TEMPERATURE (F)   39        28      1975


SUNRISE AND SUNSET
AUGUST 29 2015........SUNRISE   703 AM MDT   SUNSET   827 PM MDT
AUGUST 30 2015........SUNRISE   704 AM MDT   SUNSET   825 PM MDT


-  INDICATES NEGATIVE NUMBERS.
R  INDICATES RECORD WAS SET OR TIED.
MM INDICATES DATA IS MISSING.
T  INDICATES TRACE AMOUNT.




$$
