000
CDUS45 KBOI 300931
CLIMYL


CLIMATE REPORT
NATIONAL WEATHER SERVICE BOISE ID
331 AM MDT THU MAR 30 2017


...................................

...THE MCCALL ID CLIMATE SUMMARY FOR MARCH 29 2017...

CLIMATE NORMAL PERIOD 1981 TO 2010
CLIMATE RECORD PERIOD 1930 TO 2017


WEATHER ITEM   OBSERVED TIME   RECORD YEAR NORMAL DEPARTURE LAST
                VALUE   (LST)  VALUE       VALUE  FROM      YEAR
                                                  NORMAL
..................................................................
TEMPERATURE (F)
 YESTERDAY
  MAXIMUM         40    601 PM  64    1978  43     -3       45
  MINIMUM         33    745 AM  -2    1950  22     11       30
  AVERAGE         37                        32      5       38

PRECIPITATION (IN)
  YESTERDAY        0.72          1.01 2010   0.09   0.63     0.00
  MONTH TO DATE    5.53                      2.03   3.50     4.76
  SINCE OCT 1     22.64                     11.68  10.96    20.05
  SINCE JAN 1     14.15                      5.50   8.65     9.48

DEGREE DAYS
 HEATING
  YESTERDAY       28                        33     -5       27
  MONTH TO DATE  901                      1050   -149      946
  SINCE MAR 1    901                      1050   -149      946
  SINCE JUL 1   7104                      7725   -621     6815

 COOLING
  YESTERDAY        0                         0      0        0
  MONTH TO DATE    0                         0      0        0
  SINCE MAR 1      0                         0      0        0
  SINCE JAN 1      0                         0      0        0
..................................................................


WIND (MPH)
  HIGHEST WIND SPEED    13   HIGHEST WIND DIRECTION    SE (150)
  HIGHEST GUST SPEED    17   HIGHEST GUST DIRECTION     S (170)
  AVERAGE WIND SPEED     4.2


SKY COVER
  AVERAGE SKY COVER 1.0


WEATHER CONDITIONS
 THE FOLLOWING WEATHER WAS RECORDED YESTERDAY.
  RAIN
  LIGHT RAIN
  LIGHT SNOW
  FOG


RELATIVE HUMIDITY (PERCENT)
 HIGHEST    92          1000 AM
 LOWEST     79           200 PM
 AVERAGE    86

..........................................................


THE MCCALL ID CLIMATE NORMALS FOR TODAY
                         NORMAL    RECORD    YEAR
 MAXIMUM TEMPERATURE (F)   43        65      2015
                                             1994
 MINIMUM TEMPERATURE (F)   22       -15      1936


SUNRISE AND SUNSET
MARCH 30 2017.........SUNRISE   728 AM MDT   SUNSET   810 PM MDT
MARCH 31 2017.........SUNRISE   726 AM MDT   SUNSET   811 PM MDT


-  INDICATES NEGATIVE NUMBERS.
R  INDICATES RECORD WAS SET OR TIED.
MM INDICATES DATA IS MISSING.
T  INDICATES TRACE AMOUNT.




$$
