000
CDUS45 KBOI 080931
CLIMYL


CLIMATE REPORT
NATIONAL WEATHER SERVICE BOISE ID
231 AM MST MON FEB 8 2016


...................................

...THE MCCALL ID CLIMATE SUMMARY FOR FEBRUARY 7 2016...

CLIMATE NORMAL PERIOD 1981 TO 2010
CLIMATE RECORD PERIOD 1930 TO 2016


WEATHER ITEM   OBSERVED TIME   RECORD YEAR NORMAL DEPARTURE LAST
                VALUE   (LST)  VALUE       VALUE  FROM      YEAR
                                                  NORMAL
..................................................................
TEMPERATURE (F)
 YESTERDAY
  MAXIMUM         37    449 PM  56    1963  31      6       43
  MINIMUM         10    830 AM -25    1933  10      0       35
  AVERAGE         24                        21      3       39

PRECIPITATION (IN)
  YESTERDAY        0.00          1.25 1938   0.07  -0.07     0.75
  MONTH TO DATE    0.27                      0.53  -0.26     1.70
  SINCE OCT 1     13.72                      8.44   5.28    12.24
  SINCE JAN 1      3.15                      2.26   0.89     3.48

DEGREE DAYS
 HEATING
  YESTERDAY       41                        44     -3       26
  MONTH TO DATE  316                       308      8      219
  SINCE DEC 1   2996                      3144   -148     2633
  SINCE JUL 1   5097                      5782   -685     4648

 COOLING
  YESTERDAY        0                         0      0        0
  MONTH TO DATE    0                         0      0        0
  SINCE DEC 1      0                         0      0        0
  SINCE JAN 1      0                         0      0        0
..................................................................


WIND (MPH)
  HIGHEST WIND SPEED     6   HIGHEST WIND DIRECTION     E (70)
  HIGHEST GUST SPEED     6   HIGHEST GUST DIRECTION     E (80)
  AVERAGE WIND SPEED     0.3


SKY COVER
  AVERAGE SKY COVER 0.4


WEATHER CONDITIONS
 THE FOLLOWING WEATHER WAS RECORDED YESTERDAY.
  FOG
  FOG W/VISIBILITY <= 1/4 MILE


RELATIVE HUMIDITY (PERCENT)
 HIGHEST   100          1100 AM
 LOWEST     59           500 PM
 AVERAGE    80

..........................................................


THE MCCALL ID CLIMATE NORMALS FOR TODAY
                         NORMAL    RECORD    YEAR
 MAXIMUM TEMPERATURE (F)   32        56      1963
 MINIMUM TEMPERATURE (F)   10       -25      1936


SUNRISE AND SUNSET
FEBRUARY  8 2016......SUNRISE   756 AM MST   SUNSET   602 PM MST
FEBRUARY  9 2016......SUNRISE   754 AM MST   SUNSET   603 PM MST


-  INDICATES NEGATIVE NUMBERS.
R  INDICATES RECORD WAS SET OR TIED.
MM INDICATES DATA IS MISSING.
T  INDICATES TRACE AMOUNT.




$$
