000
CDUS45 KBOI 210932
CLIMYL


CLIMATE REPORT
NATIONAL WEATHER SERVICE BOISE ID
332 AM MDT SUN SEP 21 2014


...................................

...THE MCCALL ID CLIMATE SUMMARY FOR SEPTEMBER 20 2014...

CLIMATE NORMAL PERIOD 1981 TO 2010
CLIMATE RECORD PERIOD 1930 TO 2014


WEATHER ITEM   OBSERVED TIME   RECORD YEAR NORMAL DEPARTURE LAST
                VALUE   (LST)  VALUE       VALUE  FROM      YEAR
                                                  NORMAL
..................................................................
TEMPERATURE (F)
 YESTERDAY
  MAXIMUM         81    452 PM  88    1930  66     15       75
  MINIMUM         42    706 AM  20    1983  32     10       30
  AVERAGE         62                        49     13       53

PRECIPITATION (IN)
  YESTERDAY        0.00          1.01 1982   0.03  -0.03     0.00
  MONTH TO DATE    T                         0.56  -0.56     0.76
  SINCE OCT 1     20.69                     19.78   0.91    25.82
  SINCE JAN 1     16.62                     13.60   3.02    12.33

DEGREE DAYS
 HEATING
  YESTERDAY        3                        16    -13       12
  MONTH TO DATE  167                       253    -86      103
  SINCE SEP 1    167                       253    -86      103
  SINCE JUL 1    283                       581   -298      150

 COOLING
  YESTERDAY        0                         0      0        0
  MONTH TO DATE    0                         0      0        6
  SINCE SEP 1      0                         0      0        6
  SINCE JAN 1    185                        25    160      186
..................................................................


WIND (MPH)
  HIGHEST WIND SPEED     9   HIGHEST WIND DIRECTION     N (360)
  HIGHEST GUST SPEED    13   HIGHEST GUST DIRECTION     N (360)
  AVERAGE WIND SPEED     3.2


SKY COVER
  AVERAGE SKY COVER 0.0


WEATHER CONDITIONS
 THE FOLLOWING WEATHER WAS RECORDED YESTERDAY.
  NO SIGNIFICANT WEATHER WAS OBSERVED.


RELATIVE HUMIDITY (PERCENT)
 HIGHEST    89           700 AM
 LOWEST     23           500 PM
 AVERAGE    56

..........................................................


THE MCCALL ID CLIMATE NORMALS FOR TODAY
                         NORMAL    RECORD    YEAR
 MAXIMUM TEMPERATURE (F)   65        84      1936
 MINIMUM TEMPERATURE (F)   32        18      1993


SUNRISE AND SUNSET
SEPTEMBER 21 2014.....SUNRISE   730 AM MDT   SUNSET   744 PM MDT
SEPTEMBER 22 2014.....SUNRISE   732 AM MDT   SUNSET   742 PM MDT


-  INDICATES NEGATIVE NUMBERS.
R  INDICATES RECORD WAS SET OR TIED.
MM INDICATES DATA IS MISSING.
T  INDICATES TRACE AMOUNT.




$$
