000
CDUS44 KLIX 282218
CLINEW


CLIMATE REPORT
NATIONAL WEATHER SERVICE NEW ORLEANS
418 PM CST SUN DEC 28 2014


...................................

...THE NEW ORLEANS CLIMATE SUMMARY FOR DECEMBER 28 2014...
VALID TODAY AS OF 0400 PM LOCAL TIME.

CLIMATE NORMAL PERIOD 1981 TO 2010
CLIMATE RECORD PERIOD 1946 TO 2014


WEATHER ITEM   OBSERVED TIME   RECORD YEAR NORMAL DEPARTURE LAST
                VALUE   (LST)  VALUE       VALUE  FROM      YEAR
                                                  NORMAL
..................................................................
TEMPERATURE (F)
 TODAY
  MAXIMUM         69    155 AM  82    1974  63      6       51
  MINIMUM         59    259 PM  26    1972  45     14       46
  AVERAGE         64                        54     10       49

PRECIPITATION (IN)
  TODAY            0.00          1.89 1983   0.18  -0.18     1.17
  MONTH TO DATE    3.76                      4.73  -0.97     3.09
  SINCE DEC 1      3.76                      4.73  -0.97     3.09
  SINCE JAN 1     54.54                     61.94  -7.40    66.26

SNOWFALL (IN)
  TODAY            0.0
  MONTH TO DATE    0.0
  SINCE DEC 1      0.0
  SINCE JUL 1      0.0
  SNOW DEPTH       0

DEGREE DAYS
 HEATING
  TODAY            1                        12    -11       16
  MONTH TO DATE  177                       282   -105      296
  SINCE DEC 1    177                       282   -105      296
  SINCE JUL 1    407                       446    -39      496

 COOLING
  TODAY            0                         1     -1        0
  MONTH TO DATE   31                        28      3       42
  SINCE DEC 1     31                        28      3       42
  SINCE JAN 1   2997                      3006     -9     3001
..................................................................


WIND (MPH)
  HIGHEST WIND SPEED    15   HIGHEST WIND DIRECTION    NW (320)
  HIGHEST GUST SPEED    19   HIGHEST GUST DIRECTION    NW (310)
  AVERAGE WIND SPEED     7.6


SKY COVER
  POSSIBLE SUNSHINE  MM
  AVERAGE SKY COVER 1.0


WEATHER CONDITIONS
 THE FOLLOWING WEATHER WAS RECORDED TODAY.
  FOG
  FOG W/VISIBILITY <= 1/4 MILE


RELATIVE HUMIDITY (PERCENT)
 HIGHEST   100           400 AM
 LOWEST     84           300 PM
 AVERAGE    92

..........................................................


THE NEW ORLEANS CLIMATE NORMALS FOR TOMORROW
                         NORMAL    RECORD    YEAR
 MAXIMUM TEMPERATURE (F)   62        81      1974
 MINIMUM TEMPERATURE (F)   45        24      1983


SUNRISE AND SUNSET
DECEMBER 28 2014......SUNRISE   656 AM CST   SUNSET   510 PM CST
DECEMBER 29 2014......SUNRISE   656 AM CST   SUNSET   510 PM CST


-  INDICATES NEGATIVE NUMBERS.
R  INDICATES RECORD WAS SET OR TIED.
MM INDICATES DATA IS MISSING.
T  INDICATES TRACE AMOUNT.




$$
