000
CDUS44 KLIX 010801
CLINEW


CLIMATE REPORT
NATIONAL WEATHER SERVICE NEW ORLEANS
200 AM CST SUN MAR 1 2015


...................................

...THE NEW ORLEANS CLIMATE SUMMARY FOR FEBRUARY 28 2015...

CLIMATE NORMAL PERIOD 1981 TO 2010
CLIMATE RECORD PERIOD 1946 TO 2015


WEATHER ITEM   OBSERVED TIME   RECORD YEAR NORMAL DEPARTURE LAST
                VALUE   (LST)  VALUE       VALUE  FROM      YEAR
                                                  NORMAL
..................................................................
TEMPERATURE (F)
 YESTERDAY
  MAXIMUM         62    345 PM  84    2011  68     -6       66
                                      1948
  MINIMUM         41    542 AM  32    2002  51    -10       35
  AVERAGE         52                        59     -7       51

PRECIPITATION (IN)
  YESTERDAY        0.00          1.71 1995   0.16  -0.16     0.00
  MONTH TO DATE    2.03                      5.30  -3.27     6.31
  SINCE DEC 1     11.66                     15.69  -4.03    12.23
  SINCE JAN 1      7.70                     10.45  -2.75     9.03

SNOWFALL (IN)
  YESTERDAY        0.0
  MONTH TO DATE    0.0
  SINCE DEC 1      0.0
  SINCE JUL 1      0.0
  SNOW DEPTH       0

DEGREE DAYS
 HEATING
  YESTERDAY       13                         7      6       14
  MONTH TO DATE  358                       253    105      266
  SINCE DEC 1    974                       945     29     1153
  SINCE JUL 1   1204                      1109     95     1353

 COOLING
  YESTERDAY        0                         1     -1        0
  MONTH TO DATE   10                        21    -11       24
  SINCE DEC 1     49                        64    -15       66
  SINCE JAN 1     18                        37    -19       24
..................................................................


WIND (MPH)
  HIGHEST WIND SPEED    20   HIGHEST WIND DIRECTION    NE (60)
  HIGHEST GUST SPEED    24   HIGHEST GUST DIRECTION    NE (60)
  AVERAGE WIND SPEED    11.5


SKY COVER
  POSSIBLE SUNSHINE  MM
  AVERAGE SKY COVER 0.5


WEATHER CONDITIONS
 THE FOLLOWING WEATHER WAS RECORDED YESTERDAY.
  NO SIGNIFICANT WEATHER WAS OBSERVED.


RELATIVE HUMIDITY (PERCENT)
 HIGHEST    86          1100 PM
 LOWEST     51           100 PM
 AVERAGE    69

..........................................................


THE NEW ORLEANS CLIMATE NORMALS FOR TODAY
                         NORMAL    RECORD    YEAR
 MAXIMUM TEMPERATURE (F)   69        83      2012
 MINIMUM TEMPERATURE (F)   51        26      1968


SUNRISE AND SUNSET
MARCH  1 2015.........SUNRISE   627 AM CST   SUNSET   600 PM CST
MARCH  2 2015.........SUNRISE   626 AM CST   SUNSET   601 PM CST


-  INDICATES NEGATIVE NUMBERS.
R  INDICATES RECORD WAS SET OR TIED.
MM INDICATES DATA IS MISSING.
T  INDICATES TRACE AMOUNT.




$$
