000
CDUS44 KLIX 152119
CLINEW


CLIMATE REPORT
NATIONAL WEATHER SERVICE NEW ORLEANS
419 PM CDT MON SEP 15 2014


...................................

...THE NEW ORLEANS CLIMATE SUMMARY FOR SEPTEMBER 15 2014...
VALID TODAY AS OF 0400 PM LOCAL TIME.

CLIMATE NORMAL PERIOD 1981 TO 2010
CLIMATE RECORD PERIOD 1946 TO 2014


WEATHER ITEM   OBSERVED TIME   RECORD YEAR NORMAL DEPARTURE LAST
                VALUE   (LST)  VALUE       VALUE  FROM      YEAR
                                                  NORMAL
..................................................................
TEMPERATURE (F)
 TODAY
  MAXIMUM         90    106 PM  96    1980  88      2       92
  MINIMUM         76    259 PM  54    1964  73      3       76
  AVERAGE         83                        80      3       84

PRECIPITATION (IN)
  TODAY            1.46          3.18 1994   0.17   1.29     0.00
  MONTH TO DATE    2.44                      2.80  -0.36     3.42
  SINCE SEP 1      2.44                      2.80  -0.36     3.42
  SINCE JAN 1     45.40                     47.01  -1.61    53.73

SNOWFALL (IN)
  TODAY            0.0
  MONTH TO DATE    0.0
  SINCE SEP 1      0.0
  SINCE JUL 1      0.0
  SNOW DEPTH       0

DEGREE DAYS
 HEATING
  TODAY            0                         0      0        0
  MONTH TO DATE    0                         0      0        0
  SINCE SEP 1      0                         0      0        0
  SINCE JUL 1      0                         0      0        0

 COOLING
  TODAY           18                        15      3       19
  MONTH TO DATE  283                       246     37      272
  SINCE SEP 1    283                       246     37      272
  SINCE JAN 1   2467                      2492    -25     2408
..................................................................


WIND (MPH)
  HIGHEST WIND SPEED    20   HIGHEST WIND DIRECTION     W (250)
  HIGHEST GUST SPEED    64   HIGHEST GUST DIRECTION     W (270)
  AVERAGE WIND SPEED     6.7


SKY COVER
  POSSIBLE SUNSHINE  MM
  AVERAGE SKY COVER 0.6


WEATHER CONDITIONS
 THE FOLLOWING WEATHER WAS RECORDED TODAY.
  THUNDERSTORM
  HEAVY RAIN
  LIGHT RAIN
  FOG


RELATIVE HUMIDITY (PERCENT)
 HIGHEST    91           600 AM
 LOWEST     59           100 PM
 AVERAGE    75

..........................................................


THE NEW ORLEANS CLIMATE NORMALS FOR TOMORROW
                         NORMAL    RECORD    YEAR
 MAXIMUM TEMPERATURE (F)   88        96      1990
 MINIMUM TEMPERATURE (F)   72        63      1969
                                             1961


SUNRISE AND SUNSET
SEPTEMBER 15 2014.....SUNRISE   646 AM CDT   SUNSET   706 PM CDT
SEPTEMBER 16 2014.....SUNRISE   646 AM CDT   SUNSET   705 PM CDT


-  INDICATES NEGATIVE NUMBERS.
R  INDICATES RECORD WAS SET OR TIED.
MM INDICATES DATA IS MISSING.
T  INDICATES TRACE AMOUNT.




$$
