000
CDUS44 KLIX 020702
CLINEW


CLIMATE REPORT
NATIONAL WEATHER SERVICE NEW ORLEANS
202 AM CDT THU OCT 2 2014


...................................

...THE NEW ORLEANS CLIMATE SUMMARY FOR OCTOBER 1 2014...

CLIMATE NORMAL PERIOD 1981 TO 2010
CLIMATE RECORD PERIOD 1946 TO 2014


WEATHER ITEM   OBSERVED TIME   RECORD YEAR NORMAL DEPARTURE LAST
                VALUE   (LST)  VALUE       VALUE  FROM      YEAR
                                                  NORMAL
..................................................................
TEMPERATURE (F)
 YESTERDAY
  MAXIMUM         85    212 PM  94    1998  84      1       84
  MINIMUM         75    539 AM  47    1967  68      7       75
  AVERAGE         80                        76      4       80

PRECIPITATION (IN)
  YESTERDAY        T             0.91 1973   0.11  -0.11      T
  MONTH TO DATE    T                         0.11  -0.11      T
  SINCE SEP 1      3.84                      5.08  -1.24     8.68
  SINCE JAN 1     46.80                     49.29  -2.49    58.99

SNOWFALL (IN)
  YESTERDAY        0.0
  MONTH TO DATE    0.0
  SINCE SEP 1      0.0
  SINCE JUL 1      0.0
  SNOW DEPTH       0

DEGREE DAYS
 HEATING
  YESTERDAY        0                         0      0        0
  MONTH TO DATE    0                         0      0        0
  SINCE SEP 1      0                         0      0        0
  SINCE JUL 1      0                         0      0        0

 COOLING
  YESTERDAY       15                        11      4       15
  MONTH TO DATE   15                        11      4       15
  SINCE SEP 1    519                       454     65      526
  SINCE JAN 1   2703                      2700      3     2662
..................................................................


WIND (MPH)
  HIGHEST WIND SPEED    16   HIGHEST WIND DIRECTION    SE (150)
  HIGHEST GUST SPEED    20   HIGHEST GUST DIRECTION    SE (150)
  AVERAGE WIND SPEED     6.6


SKY COVER
  POSSIBLE SUNSHINE  MM
  AVERAGE SKY COVER 0.6


WEATHER CONDITIONS
 THE FOLLOWING WEATHER WAS RECORDED YESTERDAY.
  LIGHT RAIN


RELATIVE HUMIDITY (PERCENT)
 HIGHEST    91           800 PM
 LOWEST     69           300 PM
 AVERAGE    80

..........................................................


THE NEW ORLEANS CLIMATE NORMALS FOR TODAY
                         NORMAL    RECORD    YEAR
 MAXIMUM TEMPERATURE (F)   84        92      1952
 MINIMUM TEMPERATURE (F)   67        47      1984


SUNRISE AND SUNSET
OCTOBER  2 2014.......SUNRISE   655 AM CDT   SUNSET   645 PM CDT
OCTOBER  3 2014.......SUNRISE   656 AM CDT   SUNSET   644 PM CDT


-  INDICATES NEGATIVE NUMBERS.
R  INDICATES RECORD WAS SET OR TIED.
MM INDICATES DATA IS MISSING.
T  INDICATES TRACE AMOUNT.




$$
