000
CDUS44 KLIX 010701
CLINEW


CLIMATE REPORT
NATIONAL WEATHER SERVICE NEW ORLEANS
201 AM CDT WED JUL 1 2015


...................................

...THE NEW ORLEANS CLIMATE SUMMARY FOR JUNE 30 2015...

CLIMATE NORMAL PERIOD 1981 TO 2010
CLIMATE RECORD PERIOD 1946 TO 2015


WEATHER ITEM   OBSERVED TIME   RECORD YEAR NORMAL DEPARTURE LAST
                VALUE   (LST)  VALUE       VALUE  FROM      YEAR
                                                  NORMAL
..................................................................
TEMPERATURE (F)
 YESTERDAY
  MAXIMUM         93    143 PM 100    1954  91      2       92
  MINIMUM         74   1104 PM  62    1974  75     -1       77
  AVERAGE         84                        83      1       85

PRECIPITATION (IN)
  YESTERDAY        T             3.51 2003   0.26  -0.26     0.00
  MONTH TO DATE    3.75                      8.06  -4.31     8.03
  SINCE JUN 1      3.75                      8.06  -4.31     8.03
  SINCE JAN 1     38.92                     32.30   6.62    32.97

SNOWFALL (IN)
  YESTERDAY        0.0
  MONTH TO DATE    0.0
  SINCE JUN 1      0.0
  SINCE JUL 1      0.0
  SNOW DEPTH       0

DEGREE DAYS
 HEATING
  YESTERDAY        0                         0      0        0
  MONTH TO DATE    0                         0      0        0
  SINCE JUN 1      0                         0      0        0
  SINCE JUL 1   1274                      1280     -6     1581

 COOLING
  YESTERDAY       19                        18      1       20
  MONTH TO DATE  530                       495     35      504
  SINCE JUN 1    530                       495     35      504
  SINCE JAN 1   1359                      1114    245     1027
..................................................................


WIND (MPH)
  HIGHEST WIND SPEED    22   HIGHEST WIND DIRECTION    NW (310)
  HIGHEST GUST SPEED    27   HIGHEST GUST DIRECTION    NW (310)
  AVERAGE WIND SPEED    10.0


SKY COVER
  POSSIBLE SUNSHINE  MM
  AVERAGE SKY COVER 0.8


WEATHER CONDITIONS
 THE FOLLOWING WEATHER WAS RECORDED YESTERDAY.
  LIGHT RAIN


RELATIVE HUMIDITY (PERCENT)
 HIGHEST    85           500 AM
 LOWEST     47           300 PM
 AVERAGE    66

..........................................................


THE NEW ORLEANS CLIMATE NORMALS FOR TODAY
                         NORMAL    RECORD    YEAR
 MAXIMUM TEMPERATURE (F)   91        99      1980
 MINIMUM TEMPERATURE (F)   75        65      1984


SUNRISE AND SUNSET
JULY  1 2015..........SUNRISE   603 AM CDT   SUNSET   806 PM CDT
JULY  2 2015..........SUNRISE   604 AM CDT   SUNSET   806 PM CDT


-  INDICATES NEGATIVE NUMBERS.
R  INDICATES RECORD WAS SET OR TIED.
MM INDICATES DATA IS MISSING.
T  INDICATES TRACE AMOUNT.




$$
