267
CDUS44 KLIX 120819
CLINEW


CLIMATE REPORT
NATIONAL WEATHER SERVICE NEW ORLEANS
214 AM CST FRI FEB 12 2016


...................................

...THE NEW ORLEANS CLIMATE SUMMARY FOR FEBRUARY 11 2016...

CLIMATE NORMAL PERIOD 1981 TO 2010
CLIMATE RECORD PERIOD 1946 TO 2016


WEATHER ITEM   OBSERVED TIME   RECORD YEAR NORMAL DEPARTURE LAST
                VALUE   (LST)  VALUE       VALUE  FROM      YEAR
                                                  NORMAL
..................................................................
TEMPERATURE (F)
 YESTERDAY
  MAXIMUM         76    254 PM  81    1999  65     11       67
  MINIMUM         45    443 AM  27    1980  47     -2       42
                                      1979
                                      1973
  AVERAGE         61                        56      5       55

PRECIPITATION (IN)
  YESTERDAY        0.00          1.61 1963   0.20  -0.20     0.00
  MONTH TO DATE    1.05                      2.17  -1.12     1.11
  SINCE DEC 1     11.92                     12.56  -0.64    10.74
  SINCE JAN 1      5.46                      7.32  -1.86     6.78

SNOWFALL (IN)
  YESTERDAY        0.0
  MONTH TO DATE    0.0
  SINCE DEC 1      0.0
  SINCE JUL 1      0.0
  SNOW DEPTH       0

DEGREE DAYS
 HEATING
  YESTERDAY        4                        10     -6       10
  MONTH TO DATE  113                       116     -3      114
  SINCE DEC 1    569                       808   -239      730
  SINCE JUL 1    627                       972   -345      960

 COOLING
  YESTERDAY        0                         1     -1        0
  MONTH TO DATE   16                        11      5        3
  SINCE DEC 1    131                        54     77       42
  SINCE JAN 1     20                        27     -7       11
..................................................................


WIND (MPH)
  HIGHEST WIND SPEED    23   HIGHEST WIND DIRECTION    SW (230)
  HIGHEST GUST SPEED    29   HIGHEST GUST DIRECTION    SW (240)
  AVERAGE WIND SPEED    11.6


SKY COVER
  POSSIBLE SUNSHINE  MM
  AVERAGE SKY COVER 0.1


WEATHER CONDITIONS
 THE FOLLOWING WEATHER WAS RECORDED YESTERDAY.
  FOG
  HAZE


RELATIVE HUMIDITY (PERCENT)
 HIGHEST    84          1100 PM
 LOWEST     43           200 PM
 AVERAGE    64

..........................................................


THE NEW ORLEANS CLIMATE NORMALS FOR TODAY
                         NORMAL    RECORD    YEAR
 MAXIMUM TEMPERATURE (F)   65        81      2000
 MINIMUM TEMPERATURE (F)   47        26      1981


SUNRISE AND SUNSET
FEBRUARY 12 2016......SUNRISE   644 AM CST   SUNSET   547 PM CST
FEBRUARY 13 2016......SUNRISE   643 AM CST   SUNSET   548 PM CST


-  INDICATES NEGATIVE NUMBERS.
R  INDICATES RECORD WAS SET OR TIED.
MM INDICATES DATA IS MISSING.
T  INDICATES TRACE AMOUNT.




$$
