000
CDUS44 KLIX 232120
CLINEW


CLIMATE REPORT
NATIONAL WEATHER SERVICE NEW ORLEANS
420 PM CDT SAT SEP 23 2017


...................................

...THE NEW ORLEANS CLIMATE SUMMARY FOR SEPTEMBER 23 2017...
VALID TODAY AS OF 0400 PM LOCAL TIME.

CLIMATE NORMAL PERIOD 1981 TO 2010
CLIMATE RECORD PERIOD 1946 TO 2017


WEATHER ITEM   OBSERVED TIME   RECORD YEAR NORMAL DEPARTURE LAST
                VALUE   (LST)  VALUE       VALUE  FROM      YEAR
                                                  NORMAL
..................................................................
TEMPERATURE (F)
 TODAY
  MAXIMUM         91    254 PM  94    1993  86      5       93
  MINIMUM         72    527 AM  55    1983  70      2       78
  AVERAGE         82                        78      4       86

PRECIPITATION (IN)
  TODAY            0.00          4.06 1956   0.15  -0.15     0.04
  MONTH TO DATE    0.36                      4.04  -3.68     4.35
  SINCE SEP 1      0.36                      4.04  -3.68     4.35
  SINCE JAN 1     64.01                     48.25  15.76    59.78

SNOWFALL (IN)
  TODAY            0.0
  MONTH TO DATE    0.0
  SINCE SEP 1      0.0
  SINCE JUL 1      0.0
  SNOW DEPTH       0

DEGREE DAYS
 HEATING
  TODAY            0                         0      0        0
  MONTH TO DATE    0                         0      0        0
  SINCE SEP 1      0                         0      0        0
  SINCE JUL 1      0                         0      0        0

 COOLING
  TODAY           17                        13      4       21
  MONTH TO DATE  341                       358    -17      483
  SINCE SEP 1    341                       358    -17      483
  SINCE JAN 1   2694                      2604     90     3185
..................................................................


WIND (MPH)
  HIGHEST WIND SPEED    15   HIGHEST WIND DIRECTION     E (90)
  HIGHEST GUST SPEED    20   HIGHEST GUST DIRECTION    NE (50)
  AVERAGE WIND SPEED     5.8


SKY COVER
  POSSIBLE SUNSHINE  MM
  AVERAGE SKY COVER 0.3


WEATHER CONDITIONS
 THE FOLLOWING WEATHER WAS RECORDED TODAY.
  FOG


RELATIVE HUMIDITY (PERCENT)
 HIGHEST   100           300 AM
 LOWEST     47           300 PM
 AVERAGE    74

..........................................................


THE NEW ORLEANS CLIMATE NORMALS FOR TOMORROW
                         NORMAL    RECORD    YEAR
 MAXIMUM TEMPERATURE (F)   86        94      2016
 MINIMUM TEMPERATURE (F)   70        54      1994


SUNRISE AND SUNSET
SEPTEMBER 23 2017.....SUNRISE   650 AM CDT   SUNSET   656 PM CDT
SEPTEMBER 24 2017.....SUNRISE   651 AM CDT   SUNSET   655 PM CDT


-  INDICATES NEGATIVE NUMBERS.
R  INDICATES RECORD WAS SET OR TIED.
MM INDICATES DATA IS MISSING.
T  INDICATES TRACE AMOUNT.




$$
