222
CDUS44 KLIX 290702
CLINEW


CLIMATE REPORT
NATIONAL WEATHER SERVICE NEW ORLEANS
201 AM CDT MON MAY 29 2017


...................................

...THE NEW ORLEANS CLIMATE SUMMARY FOR MAY 28 2017...

CLIMATE NORMAL PERIOD 1981 TO 2010
CLIMATE RECORD PERIOD 1946 TO 2017


WEATHER ITEM   OBSERVED TIME   RECORD YEAR NORMAL DEPARTURE LAST
                VALUE   (LST)  VALUE       VALUE  FROM      YEAR
                                                  NORMAL
..................................................................
TEMPERATURE (F)
 YESTERDAY
  MAXIMUM         90   1145 AM  96    1953  88      2       87
  MINIMUM         76    455 AM  54    1961  71      5       72
  AVERAGE         83                        79      4       80

PRECIPITATION (IN)
  YESTERDAY        T             1.52 2014   0.19  -0.19     0.07
  MONTH TO DATE    7.32                      4.07   3.25     4.17
  SINCE MAR 1     15.65                     13.23   2.42    20.42
  SINCE JAN 1     23.29                     23.68  -0.39    28.55

SNOWFALL (IN)
  YESTERDAY        0.0
  MONTH TO DATE    0.0
  SINCE MAR 1      0.0
  SINCE JUL 1      0.0
  SNOW DEPTH       0

DEGREE DAYS
 HEATING
  YESTERDAY        0                         0      0        0
  MONTH TO DATE    5                         0      5        0
  SINCE MAR 1     74                       170    -96       41
  SINCE JUL 1    635                      1279   -644      755

 COOLING
  YESTERDAY       18                        14      4       15
  MONTH TO DATE  256                       317    -61      346
  SINCE MAR 1    603                       537     66      694
  SINCE JAN 1    723                       574    149      730
..................................................................


WIND (MPH)
  HIGHEST WIND SPEED    20   HIGHEST WIND DIRECTION     S (160)
  HIGHEST GUST SPEED    26   HIGHEST GUST DIRECTION    SE (140)
  AVERAGE WIND SPEED     6.3


SKY COVER
  POSSIBLE SUNSHINE  MM
  AVERAGE SKY COVER 0.7


WEATHER CONDITIONS
 THE FOLLOWING WEATHER WAS RECORDED YESTERDAY.
  FOG


RELATIVE HUMIDITY (PERCENT)
 HIGHEST   100           500 AM
 LOWEST     56          1200 PM
 AVERAGE    78

..........................................................


THE NEW ORLEANS CLIMATE NORMALS FOR TODAY
                         NORMAL    RECORD    YEAR
 MAXIMUM TEMPERATURE (F)   88        94      2000
                                             1953
 MINIMUM TEMPERATURE (F)   71        55      1961


SUNRISE AND SUNSET
MAY 29 2017...........SUNRISE   601 AM CDT   SUNSET   756 PM CDT
MAY 30 2017...........SUNRISE   601 AM CDT   SUNSET   757 PM CDT


-  INDICATES NEGATIVE NUMBERS.
R  INDICATES RECORD WAS SET OR TIED.
MM INDICATES DATA IS MISSING.
T  INDICATES TRACE AMOUNT.




$$
