000
CDUS44 KLIX 012122
CLINEW


CLIMATE REPORT
NATIONAL WEATHER SERVICE NEW ORLEANS
421 PM CDT SUN MAY 1 2016


...................................

...THE NEW ORLEANS CLIMATE SUMMARY FOR MAY 1 2016...
VALID TODAY AS OF 0400 PM LOCAL TIME.

CLIMATE NORMAL PERIOD 1981 TO 2010
CLIMATE RECORD PERIOD 1946 TO 2016


WEATHER ITEM   OBSERVED TIME   RECORD YEAR NORMAL DEPARTURE LAST
                VALUE   (LST)  VALUE       VALUE  FROM      YEAR
                                                  NORMAL
..................................................................
TEMPERATURE (F)
 TODAY
  MAXIMUM         78   1012 AM  91    1978  82     -4       82
  MINIMUM         69   1230 AM  49    1965  64      5       62
  AVERAGE         74                        73      1       72

PRECIPITATION (IN)
  TODAY            1.80          2.20 1993   0.14   1.66     0.00
  MONTH TO DATE    1.80                      0.14   1.66     0.00
  SINCE MAR 1     18.05                      9.30   8.75    18.33
  SINCE JAN 1     26.18                     19.75   6.43    26.03

SNOWFALL (IN)
  TODAY            0.0
  MONTH TO DATE    0.0
  SINCE MAR 1      0.0
  SINCE JUL 1      0.0
  SNOW DEPTH       0

DEGREE DAYS
 HEATING
  TODAY            0                         0      0        0
  MONTH TO DATE    0                         0      0        0
  SINCE MAR 1     41                       170   -129       70
  SINCE JUL 1    755                      1279   -524     1274

 COOLING
  TODAY            9                         8      1        7
  MONTH TO DATE    9                         8      1        7
  SINCE MAR 1    357                       228    129      399
  SINCE JAN 1    393                       265    128      417
..................................................................


WIND (MPH)
  HIGHEST WIND SPEED    25   HIGHEST WIND DIRECTION    NW (320)
  HIGHEST GUST SPEED    35   HIGHEST GUST DIRECTION    NW (310)
  AVERAGE WIND SPEED     7.0


SKY COVER
  POSSIBLE SUNSHINE  MM
  AVERAGE SKY COVER 0.9


WEATHER CONDITIONS
 THE FOLLOWING WEATHER WAS RECORDED TODAY.
  THUNDERSTORM
  HEAVY RAIN
  RAIN
  LIGHT RAIN
  FOG
  HAZE


RELATIVE HUMIDITY (PERCENT)
 HIGHEST    90          1200 AM
 LOWEST     84           200 AM
 AVERAGE    87

..........................................................


THE NEW ORLEANS CLIMATE NORMALS FOR TOMORROW
                         NORMAL    RECORD    YEAR
 MAXIMUM TEMPERATURE (F)   82        92      2002
 MINIMUM TEMPERATURE (F)   65        49      1971
                                             1965


SUNRISE AND SUNSET
MAY  1 2016...........SUNRISE   618 AM CDT   SUNSET   739 PM CDT
MAY  2 2016...........SUNRISE   617 AM CDT   SUNSET   739 PM CDT


-  INDICATES NEGATIVE NUMBERS.
R  INDICATES RECORD WAS SET OR TIED.
MM INDICATES DATA IS MISSING.
T  INDICATES TRACE AMOUNT.




$$
