000
CDUS46 KMTR 250029
CLINUQ


CLIMATE REPORT
NATIONAL WEATHER SERVICE SAN FRANCISCO BAY AREA
429 PM PST MON NOV 24 2014


...................................

...THE MOFFETT FIELD CLIMATE SUMMARY FOR NOVEMBER 24 2014...
VALID TODAY AS OF 0400 PM LOCAL TIME.

CLIMATE NORMAL PERIOD 1981 TO 2010
CLIMATE RECORD PERIOD 1945 TO 2014


WEATHER ITEM   OBSERVED TIME   RECORD YEAR NORMAL DEPARTURE LAST
                VALUE   (LST)  VALUE       VALUE  FROM      YEAR
                                                  NORMAL
..................................................................
TEMPERATURE (F)
 TODAY
  MAXIMUM         68    333 PM  76    1959  62      6       64
  MINIMUM         42    342 AM  29    1947  45     -3       41
  AVERAGE         55                        54      1       53

PRECIPITATION (IN)
  TODAY            0.00          0.90 2001   0.06  -0.06     0.00
  MONTH TO DATE    0.39                      1.30  -0.91     0.59
  SINCE JUL 1      1.06                      2.15  -1.09     1.10
  SINCE JAN 1      6.25                     11.78  -5.53     2.92

DEGREE DAYS
 HEATING
  TODAY           10                                        12
  MONTH TO DATE  145                                       183
  SINCE SEP 1    176                                       306
  SINCE JUL 1    176                                       310

 COOLING
  TODAY            0                                         0
  MONTH TO DATE    0                                         0
  SINCE SEP 1    201                                       119
  SINCE JAN 1    643                                       478
..................................................................


WIND (MPH)
  RESULTANT WIND SPEED   2   RESULTANT WIND DIRECTION  NW (320)
  HIGHEST WIND SPEED     9   HIGHEST WIND DIRECTION     N (350)
  HIGHEST GUST SPEED    12   HIGHEST GUST DIRECTION     N (350)
  AVERAGE WIND SPEED     2.9


SKY COVER
  POSSIBLE SUNSHINE  MM
  AVERAGE SKY COVER 0.0


WEATHER CONDITIONS
 THE FOLLOWING WEATHER WAS RECORDED TODAY.
  NO SIGNIFICANT WEATHER WAS OBSERVED.


RELATIVE HUMIDITY (PERCENT)
 HIGHEST    92           300 AM
 LOWEST     29           100 PM
 AVERAGE    61

..........................................................


THE MOFFETT FIELD CLIMATE NORMALS FOR TOMORROW
                         NORMAL    RECORD    YEAR
 MAXIMUM TEMPERATURE (F)   62        74      1959
 MINIMUM TEMPERATURE (F)   45        30      1947


SUNRISE AND SUNSET
NOVEMBER 24 2014......SUNRISE   657 AM PST   SUNSET   453 PM PST
NOVEMBER 25 2014......SUNRISE   658 AM PST   SUNSET   452 PM PST


-  INDICATES NEGATIVE NUMBERS.
R  INDICATES RECORD WAS SET OR TIED.
MM INDICATES DATA IS MISSING.
T  INDICATES TRACE AMOUNT.




$$
