000
CDUS46 KMTR 250026
CLINUQ


CLIMATE REPORT
NATIONAL WEATHER SERVICE SAN FRANCISCO BAY AREA
526 PM PDT TUE MAY 24 2016


...................................

...THE MOFFETT FIELD CLIMATE SUMMARY FOR MAY 24 2016...
VALID TODAY AS OF 0500 PM LOCAL TIME.

CLIMATE NORMAL PERIOD 1981 TO 2010
CLIMATE RECORD PERIOD 1945 TO 2016


WEATHER ITEM   OBSERVED TIME   RECORD YEAR NORMAL DEPARTURE LAST
                VALUE   (LST)  VALUE       VALUE  FROM      YEAR
                                                  NORMAL
..................................................................
TEMPERATURE (F)
 TODAY
  MAXIMUM         71    320 PM  96    1982  73     -2       68
  MINIMUM         55   1229 AM  45    1972  54      1       51
  AVERAGE         63                        64     -1       60

PRECIPITATION (IN)
  TODAY            0.00          0.14 1993   0.01  -0.01     0.00
  MONTH TO DATE    0.13                      0.41  -0.28     0.64
  SINCE OCT 1     13.15                     14.31  -1.16    14.12
  SINCE JAN 1      8.75                      9.47  -0.72     4.13

DEGREE DAYS
 HEATING
  TODAY            2                                         5
  MONTH TO DATE   59                                       116
  SINCE MAR 1    393                                       421
  SINCE JUL 1   1778                                      1526

 COOLING
  TODAY            0                                         0
  MONTH TO DATE   18                                         0
  SINCE MAR 1     41                                        18
  SINCE JAN 1     43                                        18
..................................................................


WIND (MPH)
  RESULTANT WIND SPEED   5   RESULTANT WIND DIRECTION  NW (330)
  HIGHEST WIND SPEED    20   HIGHEST WIND DIRECTION     N (340)
  HIGHEST GUST SPEED    27   HIGHEST GUST DIRECTION     N (20)
  AVERAGE WIND SPEED     7.6


SKY COVER
  POSSIBLE SUNSHINE  MM
  AVERAGE SKY COVER 0.8


WEATHER CONDITIONS
 THE FOLLOWING WEATHER WAS RECORDED TODAY.
  NO SIGNIFICANT WEATHER WAS OBSERVED.


RELATIVE HUMIDITY (PERCENT)
 HIGHEST    77          1200 AM
 LOWEST     44           300 PM
 AVERAGE    61

..........................................................


THE MOFFETT FIELD CLIMATE NORMALS FOR TOMORROW
                         NORMAL    RECORD    YEAR
 MAXIMUM TEMPERATURE (F)   73        93      1951
 MINIMUM TEMPERATURE (F)   54        44      1980


SUNRISE AND SUNSET
MAY 24 2016...........SUNRISE   552 AM PDT   SUNSET   818 PM PDT
MAY 25 2016...........SUNRISE   552 AM PDT   SUNSET   819 PM PDT


-  INDICATES NEGATIVE NUMBERS.
R  INDICATES RECORD WAS SET OR TIED.
MM INDICATES DATA IS MISSING.
T  INDICATES TRACE AMOUNT.




$$
