000
CDUS46 KMTR 210037
CLINUQ


CLIMATE REPORT
NATIONAL WEATHER SERVICE SAN FRANCISCO BAY AREA
537 PM PDT SUN APR 20 2014


...................................

...THE MOFFETT FIELD CLIMATE SUMMARY FOR APRIL 20 2014...
VALID TODAY AS OF 0500 PM LOCAL TIME.

CLIMATE NORMAL PERIOD 1981 TO 2010
CLIMATE RECORD PERIOD 1945 TO 2014


WEATHER ITEM   OBSERVED TIME   RECORD YEAR NORMAL DEPARTURE LAST
                VALUE   (LST)  VALUE       VALUE  FROM      YEAR
                                                  NORMAL
..................................................................
TEMPERATURE (F)
 TODAY
  MAXIMUM         80    313 PM  93    2009  69     11       80
  MINIMUM         51    505 AM  37    1967  50      1       52
  AVERAGE         66                        60      6       66

PRECIPITATION (IN)
  TODAY            0.00          0.42 2010   0.03  -0.03     0.00
  MONTH TO DATE    0.58                      0.70  -0.12     0.27
  SINCE JUL 1      6.16                     13.83  -7.67     9.55
  SINCE JAN 1      4.90                      8.78  -3.88     1.78

DEGREE DAYS
 HEATING
  TODAY            0                                         0
  MONTH TO DATE   84                                        91
  SINCE MAR 1    238                                       326
  SINCE JUL 1   1696                                      2003

 COOLING
  TODAY            1                                         1
  MONTH TO DATE    8                                         6
  SINCE MAR 1     12                                         7
  SINCE JAN 1     12                                         7
..................................................................


WIND (MPH)
  RESULTANT WIND SPEED   2   RESULTANT WIND DIRECTION   N (350)
  HIGHEST WIND SPEED    14   HIGHEST WIND DIRECTION     N (350)
  HIGHEST GUST SPEED    17   HIGHEST GUST DIRECTION     N (340)
  AVERAGE WIND SPEED     2.9


SKY COVER
  POSSIBLE SUNSHINE  MM
  AVERAGE SKY COVER 0.0


WEATHER CONDITIONS
 THE FOLLOWING WEATHER WAS RECORDED TODAY.
  NO SIGNIFICANT WEATHER WAS OBSERVED.


RELATIVE HUMIDITY (PERCENT)
 HIGHEST    83           100 AM
 LOWEST     20           300 PM
 AVERAGE    52

..........................................................


THE MOFFETT FIELD CLIMATE NORMALS FOR TOMORROW
                         NORMAL    RECORD    YEAR
 MAXIMUM TEMPERATURE (F)   70        90      2009
 MINIMUM TEMPERATURE (F)   50        39      2001


SUNRISE AND SUNSET
APRIL 20 2014.........SUNRISE   627 AM PDT   SUNSET   748 PM PDT
APRIL 21 2014.........SUNRISE   625 AM PDT   SUNSET   749 PM PDT


-  INDICATES NEGATIVE NUMBERS.
R  INDICATES RECORD WAS SET OR TIED.
MM INDICATES DATA IS MISSING.
T  INDICATES TRACE AMOUNT.




$$
