000
CDUS46 KMTR 030831
CLINUQ


CLIMATE REPORT
NATIONAL WEATHER SERVICE SAN FRANCISCO BAY AREA
131 AM PDT TUE MAY 3 2016


...................................

...THE MOFFETT FIELD CLIMATE SUMMARY FOR MAY 2 2016...

CLIMATE NORMAL PERIOD 1981 TO 2010
CLIMATE RECORD PERIOD 1945 TO 2016


WEATHER ITEM   OBSERVED TIME   RECORD YEAR NORMAL DEPARTURE LAST
                VALUE   (LST)  VALUE       VALUE  FROM      YEAR
                                                  NORMAL
..................................................................
TEMPERATURE (F)
 YESTERDAY
  MAXIMUM         71   1243 PM  91    2013  71      0       MM
                                      1990
  MINIMUM         55    546 AM  41    1948  52      3       MM
  AVERAGE         63                        61      2       MM

PRECIPITATION (IN)
  YESTERDAY        0.00          0.31 1957   0.02  -0.02     0.00
  MONTH TO DATE    0.00                      0.05  -0.05     0.00
  SINCE OCT 1     13.02                     13.95  -0.93    13.48
  SINCE JAN 1      8.62                      9.11  -0.49     3.49

DEGREE DAYS
 HEATING
  YESTERDAY        2                                        MM
  MONTH TO DATE    2                                        MM
  SINCE MAR 1    336                                       305
  SINCE JUL 1   1721                                      1410

 COOLING
  YESTERDAY        0                                        MM
  MONTH TO DATE    4                                        MM
  SINCE MAR 1     27                                        18
  SINCE JAN 1     29                                        18
..................................................................


WIND (MPH)
  RESULTANT WIND SPEED   6   RESULTANT WIND DIRECTION   N (350)
  HIGHEST WIND SPEED    21   HIGHEST WIND DIRECTION     N (350)
  HIGHEST GUST SPEED    25   HIGHEST GUST DIRECTION     N (350)
  AVERAGE WIND SPEED     6.9


SKY COVER
  POSSIBLE SUNSHINE  MM
  AVERAGE SKY COVER 0.3


WEATHER CONDITIONS
 THE FOLLOWING WEATHER WAS RECORDED YESTERDAY.
  NO SIGNIFICANT WEATHER WAS OBSERVED.


RELATIVE HUMIDITY (PERCENT)
 HIGHEST    86           100 AM
 LOWEST     55          1100 AM
 AVERAGE    71

..........................................................


THE MOFFETT FIELD CLIMATE NORMALS FOR TODAY
                         NORMAL    RECORD    YEAR
 MAXIMUM TEMPERATURE (F)   71        88      2013
 MINIMUM TEMPERATURE (F)   52        40      1949


SUNRISE AND SUNSET
MAY  3 2016...........SUNRISE   610 AM PDT   SUNSET   800 PM PDT
MAY  4 2016...........SUNRISE   609 AM PDT   SUNSET   801 PM PDT


-  INDICATES NEGATIVE NUMBERS.
R  INDICATES RECORD WAS SET OR TIED.
MM INDICATES DATA IS MISSING.
T  INDICATES TRACE AMOUNT.




$$
