000
CDUS46 KMTR 290845
CLINUQ


CLIMATE REPORT
NATIONAL WEATHER SERVICE SAN FRANCISCO BAY AREA
145 AM PDT THU SEP 29 2016


...................................

...THE MOFFETT FIELD CLIMATE SUMMARY FOR SEPTEMBER 28 2016...

CLIMATE NORMAL PERIOD 1981 TO 2010
CLIMATE RECORD PERIOD 1945 TO 2016


WEATHER ITEM   OBSERVED TIME   RECORD YEAR NORMAL DEPARTURE LAST
                VALUE   (LST)  VALUE       VALUE  FROM      YEAR
                                                  NORMAL
..................................................................
TEMPERATURE (F)
 YESTERDAY
  MAXIMUM         76    105 PM  96    2010  77     -1       73
  MINIMUM         59   1126 PM  47    1971  57      2       59
  AVERAGE         68                        66      2       66

PRECIPITATION (IN)
  YESTERDAY        0.00          0.26 1976   0.01  -0.01     0.00
  MONTH TO DATE    0.00                      0.16  -0.16     0.00
  SINCE OCT 1     13.15                     14.66  -1.51    14.24
  SINCE JAN 1      8.75                      9.82  -1.07     4.25

DEGREE DAYS
 HEATING
  YESTERDAY        0                                         0
  MONTH TO DATE    5                                         1
  SINCE SEP 1      5                                         1
  SINCE JUL 1     12                                         1

 COOLING
  YESTERDAY        3                                         1
  MONTH TO DATE  104                                       157
  SINCE SEP 1    104                                       157
  SINCE JAN 1    440                                       583
..................................................................


WIND (MPH)
  RESULTANT WIND SPEED   6   RESULTANT WIND DIRECTION   N (340)
  HIGHEST WIND SPEED    15   HIGHEST WIND DIRECTION     N (340)
  HIGHEST GUST SPEED    18   HIGHEST GUST DIRECTION     N (340)
  AVERAGE WIND SPEED     5.9


SKY COVER
  POSSIBLE SUNSHINE  MM
  AVERAGE SKY COVER 0.1


WEATHER CONDITIONS
 THE FOLLOWING WEATHER WAS RECORDED YESTERDAY.
  NO SIGNIFICANT WEATHER WAS OBSERVED.


RELATIVE HUMIDITY (PERCENT)
 HIGHEST    84           700 PM
 LOWEST     54          1200 PM
 AVERAGE    69

..........................................................


THE MOFFETT FIELD CLIMATE NORMALS FOR TODAY
                         NORMAL    RECORD    YEAR
 MAXIMUM TEMPERATURE (F)   76        94      1966
 MINIMUM TEMPERATURE (F)   57        43      1955


SUNRISE AND SUNSET
SEPTEMBER 29 2016.....SUNRISE   702 AM PDT   SUNSET   653 PM PDT
SEPTEMBER 30 2016.....SUNRISE   703 AM PDT   SUNSET   652 PM PDT


-  INDICATES NEGATIVE NUMBERS.
R  INDICATES RECORD WAS SET OR TIED.
MM INDICATES DATA IS MISSING.
T  INDICATES TRACE AMOUNT.




$$
