000
CDUS46 KMTR 100836
CLINUQ


CLIMATE REPORT
NATIONAL WEATHER SERVICE SAN FRANCISCO BAY AREA
1235 AM PST SAT DEC 10 2016


...................................

...THE MOFFETT FIELD CLIMATE SUMMARY FOR DECEMBER 9 2016...

CLIMATE NORMAL PERIOD 1981 TO 2010
CLIMATE RECORD PERIOD 1945 TO 2016


WEATHER ITEM   OBSERVED TIME   RECORD YEAR NORMAL DEPARTURE LAST
                VALUE   (LST)  VALUE       VALUE  FROM      YEAR
                                                  NORMAL
..................................................................
TEMPERATURE (F)
 YESTERDAY
  MAXIMUM         67    240 PM  70    2015  59      8       70
  MINIMUM         56    401 AM  28    1951  43     13       53
  AVERAGE         62                        51     11       62

PRECIPITATION (IN)
  YESTERDAY        T             1.04 1954   0.07  -0.07     0.00
  MONTH TO DATE    0.06                      0.62  -0.56     0.11
  SINCE OCT 1      3.15                      2.90   0.25     2.58
  SINCE JAN 1     11.90                     12.74  -0.84     6.84

DEGREE DAYS
 HEATING
  YESTERDAY        3                                         3
  MONTH TO DATE  110                                       101
  SINCE DEC 1    110                                       101
  SINCE JUL 1    397                                       444

 COOLING
  YESTERDAY        0                                         0
  MONTH TO DATE    0                                         0
  SINCE DEC 1      0                                         0
  SINCE JAN 1    460                                       667
..................................................................


WIND (MPH)
  RESULTANT WIND SPEED   5   RESULTANT WIND DIRECTION  SE (150)
  HIGHEST WIND SPEED    16   HIGHEST WIND DIRECTION    SE (140)
  HIGHEST GUST SPEED    22   HIGHEST GUST DIRECTION    SE (130)
  AVERAGE WIND SPEED     5.9


SKY COVER
  POSSIBLE SUNSHINE  MM
  AVERAGE SKY COVER 0.8


WEATHER CONDITIONS
 THE FOLLOWING WEATHER WAS RECORDED YESTERDAY.
  NO SIGNIFICANT WEATHER WAS OBSERVED.


RELATIVE HUMIDITY (PERCENT)
 HIGHEST    93           400 AM
 LOWEST     67          1100 AM
 AVERAGE    80

..........................................................


THE MOFFETT FIELD CLIMATE NORMALS FOR TODAY
                         NORMAL    RECORD    YEAR
 MAXIMUM TEMPERATURE (F)   59        69      2012
                                             1958
 MINIMUM TEMPERATURE (F)   43        29      2013
                                             1972


SUNRISE AND SUNSET
DECEMBER 10 2016......SUNRISE   712 AM PST   SUNSET   450 PM PST
DECEMBER 11 2016......SUNRISE   713 AM PST   SUNSET   451 PM PST


-  INDICATES NEGATIVE NUMBERS.
R  INDICATES RECORD WAS SET OR TIED.
MM INDICATES DATA IS MISSING.
T  INDICATES TRACE AMOUNT.




$$
