000
CDUS46 KMTR 240048
CLINUQ


CLIMATE REPORT
NATIONAL WEATHER SERVICE SAN FRANCISCO BAY AREA
547 PM PDT TUE AUG 23 2016


...................................

...THE MOFFETT FIELD CLIMATE SUMMARY FOR AUGUST 23 2016...
VALID TODAY AS OF 0500 PM LOCAL TIME.

CLIMATE NORMAL PERIOD 1981 TO 2010
CLIMATE RECORD PERIOD 1945 TO 2016


WEATHER ITEM   OBSERVED TIME   RECORD YEAR NORMAL DEPARTURE LAST
                VALUE   (LST)  VALUE       VALUE  FROM      YEAR
                                                  NORMAL
..................................................................
TEMPERATURE (F)
 TODAY
  MAXIMUM         76   1210 PM  93    2010  78     -2       75
  MINIMUM         61    147 AM  52    1960  59      2       63
  AVERAGE         69                        68      1       69

PRECIPITATION (IN)
  TODAY            0.00          0.00 2009   0.00   0.00     0.00
  MONTH TO DATE    0.00                      0.01  -0.01     0.01
  SINCE OCT 1     13.15                     14.50  -1.35    14.24
  SINCE JAN 1      8.75                      9.66  -0.91     4.25

DEGREE DAYS
 HEATING
  TODAY            0                                         0
  MONTH TO DATE    2                                         0
  SINCE JUN 1     15                                        16
  SINCE JUL 1      7                                         0

 COOLING
  TODAY            4                                         4
  MONTH TO DATE   64                                       122
  SINCE JUN 1    256                                       351
  SINCE JAN 1    316                                       369
..................................................................


WIND (MPH)
  RESULTANT WIND SPEED   4   RESULTANT WIND DIRECTION   N (360)
  HIGHEST WIND SPEED    16   HIGHEST WIND DIRECTION    NW (330)
  HIGHEST GUST SPEED    20   HIGHEST GUST DIRECTION    NW (330)
  AVERAGE WIND SPEED     4.8


SKY COVER
  POSSIBLE SUNSHINE  MM
  AVERAGE SKY COVER 0.5


WEATHER CONDITIONS
 THE FOLLOWING WEATHER WAS RECORDED TODAY.
  NO SIGNIFICANT WEATHER WAS OBSERVED.


RELATIVE HUMIDITY (PERCENT)
 HIGHEST    84          1200 AM
 LOWEST     54          1200 PM
 AVERAGE    69

..........................................................


THE MOFFETT FIELD CLIMATE NORMALS FOR TOMORROW
                         NORMAL    RECORD    YEAR
 MAXIMUM TEMPERATURE (F)   78       100      2010
 MINIMUM TEMPERATURE (F)   59        50      1955


SUNRISE AND SUNSET
AUGUST 23 2016........SUNRISE   632 AM PDT   SUNSET   749 PM PDT
AUGUST 24 2016........SUNRISE   632 AM PDT   SUNSET   748 PM PDT


-  INDICATES NEGATIVE NUMBERS.
R  INDICATES RECORD WAS SET OR TIED.
MM INDICATES DATA IS MISSING.
T  INDICATES TRACE AMOUNT.




$$
