000
CDUS41 KOKX 292034
CLINYC


CLIMATE REPORT
NATIONAL WEATHER SERVICE NEW YORK NY
434 PM EDT SAT APR 29 2017


...................................

...THE CENTRAL PARK NY CLIMATE SUMMARY FOR APRIL 29 2017...
VALID TODAY AS OF 0400 PM LOCAL TIME.

CLIMATE NORMAL PERIOD 1981 TO 2010
CLIMATE RECORD PERIOD 1869 TO 2017


WEATHER ITEM   OBSERVED TIME   RECORD YEAR NORMAL DEPARTURE LAST
                VALUE   (LST)  VALUE       VALUE  FROM      YEAR
                                                  NORMAL
..................................................................
TEMPERATURE (F)
 TODAY
  MAXIMUM         85    218 PM  89    1974  66     19       58
  MINIMUM         64    603 AM  32    1874  49     15       45
  AVERAGE         75                        58     17       52

PRECIPITATION (IN)
  TODAY            0.06          0.91 1909   0.14  -0.08     0.05
  MONTH TO DATE    3.84                      4.37  -0.53     1.61
  SINCE MAR 1      9.09                      8.73   0.36     2.78
  SINCE JAN 1     16.40                     15.47   0.93    11.59

SNOWFALL (IN)
  TODAY            0.0           T    1909   0.0    0.0      0.0
  MONTH TO DATE    0.0                       0.6   -0.6       T
  SINCE OCT 1     30.2                      25.8    4.4     32.8
  SINCE JUL 1     30.2                      25.8    4.4     32.8
  SNOW DEPTH       0

DEGREE DAYS
 HEATING
  TODAY            0                         8     -8       13
  MONTH TO DATE  256                       362   -106      346
  SINCE MAR 1   1049                      1062    -13      844
  SINCE JUL 1   4032                      4584   -552     3591

 COOLING
  TODAY           10                         1      9        0
  MONTH TO DATE   34                         8     26       13
  SINCE MAR 1     34                         9     25       19
  SINCE JAN 1     34                         9     25       19
..................................................................


WIND (MPH)
  HIGHEST WIND SPEED    16   HIGHEST WIND DIRECTION     W (290)
  HIGHEST GUST SPEED    30   HIGHEST GUST DIRECTION     W (270)
  AVERAGE WIND SPEED     5.0


SKY COVER
  AVERAGE SKY COVER 0.1


WEATHER CONDITIONS
 THE FOLLOWING WEATHER WAS RECORDED TODAY.
  LIGHT RAIN
  FOG


RELATIVE HUMIDITY (PERCENT)
 HIGHEST    93           600 AM
 LOWEST     43           300 PM
 AVERAGE    68

..........................................................


THE CENTRAL PARK NY CLIMATE NORMALS FOR TOMORROW
                         NORMAL    RECORD    YEAR
 MAXIMUM TEMPERATURE (F)   66        91      1942
 MINIMUM TEMPERATURE (F)   49        30      1875


SUNRISE AND SUNSET
APRIL 29 2017.........SUNRISE   557 AM EDT   SUNSET   750 PM EDT
APRIL 30 2017.........SUNRISE   555 AM EDT   SUNSET   751 PM EDT


-  INDICATES NEGATIVE NUMBERS.
R  INDICATES RECORD WAS SET OR TIED.
MM INDICATES DATA IS MISSING.
T  INDICATES TRACE AMOUNT.




$$
