000
CDUS41 KOKX 252157
CLINYC


CLIMATE REPORT
NATIONAL WEATHER SERVICE NEW YORK NY
456 PM EST SUN JAN 25 2015


...................................

...THE CENTRAL PARK NY CLIMATE SUMMARY FOR JANUARY 25 2015...
VALID TODAY AS OF 0400 PM LOCAL TIME.

CLIMATE NORMAL PERIOD 1981 TO 2010
CLIMATE RECORD PERIOD 1869 TO 2015


WEATHER ITEM   OBSERVED TIME   RECORD YEAR NORMAL DEPARTURE LAST
                VALUE   (LST)  VALUE       VALUE  FROM      YEAR
                                                  NORMAL
..................................................................
TEMPERATURE (F)
 TODAY
  MAXIMUM         42    319 PM  60    1967  38      4       28
  MINIMUM         34    453 AM   2    1945  27      7       19
  AVERAGE         38                        32      6       24

PRECIPITATION (IN)
  TODAY            0.00          1.80 1978   0.11  -0.11     0.04
  MONTH TO DATE    4.31                      2.98   1.33     2.75
  SINCE DEC 1     10.35                      6.98   3.37     7.60
  SINCE JAN 1      4.31                      2.98   1.33     2.75

SNOWFALL (IN)
  TODAY            0.0          10.0  1905   0.2   -0.2      1.0
  MONTH TO DATE    4.5                       5.5   -1.0     18.9
  SINCE OCT 1      5.7                      10.6   -4.9     27.5
  SINCE JUL 1      5.7                      10.6   -4.9     27.5
  SNOW DEPTH       2

DEGREE DAYS
 HEATING
  TODAY           27                        32     -5       41
  MONTH TO DATE  843                       815     28      880
  SINCE DEC 1   1594                      1667    -73     1695
  SINCE JUL 1   2379                      2500   -121     2503

 COOLING
  TODAY            0                         0      0        0
  MONTH TO DATE    0                         0      0        0
  SINCE DEC 1      0                         0      0        1
  SINCE JAN 1      0                         0      0        0
..................................................................


WIND (MPH)
  HIGHEST WIND SPEED    17   HIGHEST WIND DIRECTION     W (250)
  HIGHEST GUST SPEED    30   HIGHEST GUST DIRECTION     W (260)
  AVERAGE WIND SPEED     7.2


SKY COVER
  AVERAGE SKY COVER 0.4


WEATHER CONDITIONS
 THE FOLLOWING WEATHER WAS RECORDED TODAY.
  NO SIGNIFICANT WEATHER WAS OBSERVED.


RELATIVE HUMIDITY (PERCENT)
 HIGHEST    69           500 AM
 LOWEST     27           300 PM
 AVERAGE    48

..........................................................


THE CENTRAL PARK NY CLIMATE NORMALS FOR TOMORROW
                         NORMAL    RECORD    YEAR
 MAXIMUM TEMPERATURE (F)   39        72      1950
 MINIMUM TEMPERATURE (F)   27         3      1927


SUNRISE AND SUNSET
JANUARY 25 2015.......SUNRISE   712 AM EST   SUNSET   504 PM EST
JANUARY 26 2015.......SUNRISE   711 AM EST   SUNSET   506 PM EST


-  INDICATES NEGATIVE NUMBERS.
R  INDICATES RECORD WAS SET OR TIED.
MM INDICATES DATA IS MISSING.
T  INDICATES TRACE AMOUNT.




$$
