000
CDUS41 KOKX 182032
CLINYC


CLIMATE REPORT
NATIONAL WEATHER SERVICE NEW YORK NY
432 PM EDT THU SEP 18 2014


...................................

...THE CENTRAL PARK NY CLIMATE SUMMARY FOR SEPTEMBER 18 2014...
VALID TODAY AS OF 0400 PM LOCAL TIME.

CLIMATE NORMAL PERIOD 1981 TO 2010
CLIMATE RECORD PERIOD 1869 TO 2014


WEATHER ITEM   OBSERVED TIME   RECORD YEAR NORMAL DEPARTURE LAST
                VALUE   (LST)  VALUE       VALUE  FROM      YEAR
                                                  NORMAL
..................................................................
TEMPERATURE (F)
 TODAY
  MAXIMUM         76    134 PM  91    1891  75      1       72
  MINIMUM         57    631 AM  44    1990  60     -3       51
                                      1875
  AVERAGE         67                        67      0       62

PRECIPITATION (IN)
  TODAY            0.00          3.92 1936   0.15  -0.15     0.00
  MONTH TO DATE    0.74                      2.47  -1.73     1.78
  SINCE SEP 1      0.74                      2.47  -1.73     1.78
  SINCE JAN 1     37.00                     35.71   1.29    36.79

SNOWFALL (IN)
  TODAY            0.0           0.0  2002   0.0    0.0      0.0
                                      2001
  MONTH TO DATE    0.0                       0.0    0.0      0.0
  SINCE OCT 1     57.4                      25.8   31.6     26.1
  SINCE JUL 1      0.0                       0.0    0.0      0.0
  SNOW DEPTH       0

DEGREE DAYS
 HEATING
  TODAY            0                         1     -1        3
  MONTH TO DATE    8                         9     -1       17
  SINCE SEP 1      8                         9     -1       17
  SINCE JUL 1      8                        11     -3       17

 COOLING
  TODAY            2                         4     -2        0
  MONTH TO DATE  134                       104     30      120
  SINCE SEP 1    134                       104     30      120
  SINCE JAN 1   1072                      1058     14     1213
..................................................................


WIND (MPH)
  HIGHEST WIND SPEED    10   HIGHEST WIND DIRECTION     W (260)
  HIGHEST GUST SPEED    15   HIGHEST GUST DIRECTION     N (20)
  AVERAGE WIND SPEED     2.2


SKY COVER
  AVERAGE SKY COVER 0.2


WEATHER CONDITIONS
 THE FOLLOWING WEATHER WAS RECORDED TODAY.
  NO SIGNIFICANT WEATHER WAS OBSERVED.


RELATIVE HUMIDITY (PERCENT)
 HIGHEST    80           500 AM
 LOWEST     38          1200 PM
 AVERAGE    59

..........................................................


THE CENTRAL PARK NY CLIMATE NORMALS FOR TOMORROW
                         NORMAL    RECORD    YEAR
 MAXIMUM TEMPERATURE (F)   74        94      1983
 MINIMUM TEMPERATURE (F)   60        44      1929


SUNRISE AND SUNSET
SEPTEMBER 18 2014.....SUNRISE   639 AM EDT   SUNSET   700 PM EDT
SEPTEMBER 19 2014.....SUNRISE   640 AM EDT   SUNSET   658 PM EDT


-  INDICATES NEGATIVE NUMBERS.
R  INDICATES RECORD WAS SET OR TIED.
MM INDICATES DATA IS MISSING.
T  INDICATES TRACE AMOUNT.




$$
