000
CDUS41 KOKX 010617
CLINYC


CLIMATE REPORT
NATIONAL WEATHER SERVICE NEW YORK NY
117 AM EST SUN MAR 1 2015


...................................

...THE CENTRAL PARK NY CLIMATE SUMMARY FOR FEBRUARY 28 2015...

CLIMATE NORMAL PERIOD 1981 TO 2010
CLIMATE RECORD PERIOD 1869 TO 2015


WEATHER ITEM   OBSERVED TIME   RECORD YEAR NORMAL DEPARTURE LAST
                VALUE   (LST)  VALUE       VALUE  FROM      YEAR
                                                  NORMAL
..................................................................
TEMPERATURE (F)
 YESTERDAY
  MAXIMUM         29    614 PM  67    1976  45    -16       24
  MINIMUM         13    702 AM   5    1934  31    -18        9
  AVERAGE         21                        38    -17       17

PRECIPITATION (IN)
  YESTERDAY        0.00          1.21 1910   0.12  -0.12     0.00
  MONTH TO DATE    2.04                      3.09  -1.05     5.48
  SINCE DEC 1     13.31                     10.74   2.57    13.12
  SINCE JAN 1      7.27                      6.74   0.53     8.27

SNOWFALL (IN)
  YESTERDAY        0.0           4.8  2005   0.3   -0.3      0.0
  MONTH TO DATE   11.9                       9.2    2.7     29.0
  SINCE OCT 1     28.4                      21.3    7.1     57.3
  SINCE JUL 1     28.4                      21.3    7.1     57.3
  SNOW DEPTH      11

DEGREE DAYS
 HEATING
  YESTERDAY       44                        27     17       48
  MONTH TO DATE 1143                       832    311      927
  SINCE DEC 1   2974                      2689    285     2862
  SINCE JUL 1   3759                      3522    237     3670

 COOLING
  YESTERDAY        0                         0      0        0
  MONTH TO DATE    0                         0      0        0
  SINCE DEC 1      0                         0      0        1
  SINCE JAN 1      0                         0      0        0
..................................................................


WIND (MPH)
  HIGHEST WIND SPEED    12   HIGHEST WIND DIRECTION     N (350)
  HIGHEST GUST SPEED    18   HIGHEST GUST DIRECTION     N (350)
  AVERAGE WIND SPEED     3.6


SKY COVER
  AVERAGE SKY COVER 0.0


WEATHER CONDITIONS
 THE FOLLOWING WEATHER WAS RECORDED YESTERDAY.
  NO SIGNIFICANT WEATHER WAS OBSERVED.


RELATIVE HUMIDITY (PERCENT)
 HIGHEST    51           800 AM
 LOWEST     29           300 PM
 AVERAGE    40

..........................................................


THE CENTRAL PARK NY CLIMATE NORMALS FOR TODAY
                         NORMAL    RECORD    YEAR
 MAXIMUM TEMPERATURE (F)   45        73      1972
 MINIMUM TEMPERATURE (F)   31         5      1884


SUNRISE AND SUNSET
MARCH  1 2015.........SUNRISE   630 AM EST   SUNSET   547 PM EST
MARCH  2 2015.........SUNRISE   629 AM EST   SUNSET   548 PM EST


-  INDICATES NEGATIVE NUMBERS.
R  INDICATES RECORD WAS SET OR TIED.
MM INDICATES DATA IS MISSING.
T  INDICATES TRACE AMOUNT.




$$
