000
CDUS45 KPSR 230823
CLINYL

CLIMATE REPORT
NATIONAL WEATHER SERVICE PHOENIX AZ
122 AM MST WED APR 23 2014


...................................

...THE YUMA AZ CLIMATE SUMMARY FOR APRIL 22 2014...

CLIMATE NORMAL PERIOD 1981 TO 2010
CLIMATE RECORD PERIOD 1876 TO 2014


WEATHER ITEM   OBSERVED TIME   RECORD YEAR NORMAL DEPARTURE LAST
                VALUE   (LST)  VALUE       VALUE  FROM      YEAR
                                                  NORMAL
..................................................................
TEMPERATURE (F)
 YESTERDAY
  MAXIMUM         96    306 PM 106    2012  88      8       96
  MINIMUM         69   1056 PM  41    1878  61      8       63
  AVERAGE         83                        75      8       80

PRECIPITATION (IN)
  YESTERDAY        0.00          0.27 1914   0.00   0.00     0.00
  MONTH TO DATE    0.00                      0.13  -0.13      T
  SINCE OCT 1      1.18                      2.16  -0.98     1.74
  SINCE JAN 1      0.07                      1.22  -1.15     1.11

DEGREE DAYS
 HEATING
  YESTERDAY        0                         0      0        0
  MONTH TO DATE    5                        12     -7        0
  SINCE MAR 1      9                        62    -53       16
  SINCE JUL 1    370                       685   -315      705

 COOLING
  YESTERDAY       18                        10      8       15
  MONTH TO DATE  235                       164     71      188
  SINCE MAR 1    420                       281    139      386
  SINCE JAN 1    534                       317    217      397
..................................................................


WIND (MPH)
  HIGHEST WIND SPEED    22   HIGHEST WIND DIRECTION    NW (300)
  HIGHEST GUST SPEED    28   HIGHEST GUST DIRECTION    NW (300)
  AVERAGE WIND SPEED     9.5


SKY COVER
  AVERAGE SKY COVER 0.5


WEATHER CONDITIONS
 THE FOLLOWING WEATHER WAS RECORDED YESTERDAY.
  NO SIGNIFICANT WEATHER WAS OBSERVED.


RELATIVE HUMIDITY (PERCENT)
 HIGHEST    37
 LOWEST      9
 AVERAGE    23

..........................................................


THE YUMA AZ CLIMATE NORMALS FOR TODAY
                         NORMAL    RECORD    YEAR
 MAXIMUM TEMPERATURE (F)   88       105      1910
 MINIMUM TEMPERATURE (F)   61        44      1923


SUNRISE AND SUNSET
APRIL 23 2014.........SUNRISE   600 AM MST   SUNSET   714 PM MST
APRIL 24 2014.........SUNRISE   559 AM MST   SUNSET   715 PM MST


-  INDICATES NEGATIVE NUMBERS.
R  INDICATES RECORD WAS SET OR TIED.
MM INDICATES DATA IS MISSING.
T  INDICATES TRACE AMOUNT.

$$
