000
CDUS45 KPSR 190816 RRA
CLINYL

CLIMATE REPORT
NATIONAL WEATHER SERVICE PHOENIX AZ
114 AM MST SUN NOV 19 2017


...................................

...THE YUMA AZ CLIMATE SUMMARY FOR NOVEMBER 18 2017...

CLIMATE NORMAL PERIOD 1981 TO 2010
CLIMATE RECORD PERIOD 1876 TO 2017


WEATHER ITEM   OBSERVED TIME   RECORD YEAR NORMAL DEPARTURE LAST
                VALUE   (LST)  VALUE       VALUE  FROM      YEAR
                                                  NORMAL
..................................................................
TEMPERATURE (F)
 YESTERDAY
  MAXIMUM         77    342 PM  88    2008  76      1       75
                                      1995
                                      1949
  MINIMUM         62   1154 PM  35    1886  53      9       53
  AVERAGE         70                        65      5       64

PRECIPITATION (IN)
  YESTERDAY        0.00          0.20 1964   0.00   0.00     0.00
  MONTH TO DATE    0.07                      0.10  -0.03     0.00
  SINCE OCT 1      0.07                      0.31  -0.24      T
  SINCE JAN 1      2.31                      2.93  -0.62     1.87

DEGREE DAYS
 HEATING
  YESTERDAY        0                         2     -2        1
  MONTH TO DATE    0                        19    -19        1
  SINCE SEP 1      0                        21    -21        1
  SINCE JUL 1      0                        21    -21        1

 COOLING
  YESTERDAY        5                         2      3        0
  MONTH TO DATE  128                        75     53      169
  SINCE SEP 1   1227                      1184     43     1324
  SINCE JAN 1   4995                      4637    358     5071
..................................................................


WIND (MPH)
  HIGHEST WIND SPEED    26   HIGHEST WIND DIRECTION     N (20)
  HIGHEST GUST SPEED    31   HIGHEST GUST DIRECTION    NE (30)
  AVERAGE WIND SPEED    12.4


SKY COVER
  AVERAGE SKY COVER 0.0


WEATHER CONDITIONS
 THE FOLLOWING WEATHER WAS RECORDED YESTERDAY.
  NO SIGNIFICANT WEATHER WAS OBSERVED.


RELATIVE HUMIDITY (PERCENT)
 HIGHEST    56
 LOWEST     12
 AVERAGE    34

..........................................................


THE YUMA AZ CLIMATE NORMALS FOR TODAY
                         NORMAL    RECORD    YEAR
 MAXIMUM TEMPERATURE (F)   76        88      2008
                                             2007
                                             1995
 MINIMUM TEMPERATURE (F)   53        32      1893


SUNRISE AND SUNSET
NOVEMBER 19 2017......SUNRISE   712 AM MST   SUNSET   535 PM MST
NOVEMBER 20 2017......SUNRISE   713 AM MST   SUNSET   535 PM MST


-  INDICATES NEGATIVE NUMBERS.
R  INDICATES RECORD WAS SET OR TIED.
MM INDICATES DATA IS MISSING.
T  INDICATES TRACE AMOUNT.

$$
