000
CDUS45 KPSR 250817 RRA
CLINYL

CLIMATE REPORT
NATIONAL WEATHER SERVICE PHOENIX AZ
116 AM MST MON JUL 25 2016


...................................

...THE YUMA AZ CLIMATE SUMMARY FOR JULY 24 2016...

CLIMATE NORMAL PERIOD 1981 TO 2010
CLIMATE RECORD PERIOD 1876 TO 2016


WEATHER ITEM   OBSERVED TIME   RECORD YEAR NORMAL DEPARTURE LAST
                VALUE   (LST)  VALUE       VALUE  FROM      YEAR
                                                  NORMAL
..................................................................
TEMPERATURE (F)
 YESTERDAY
  MAXIMUM        108    411 PM 117    2014 107      1      107
                                      1943
  MINIMUM         86    626 AM  65    1913  83      3       82
  AVERAGE         97                        95      2       95

PRECIPITATION (IN)
  YESTERDAY        0.00          0.39 1917   0.01  -0.01     0.00
  MONTH TO DATE    0.00                      0.17  -0.17     0.09
  SINCE OCT 1      1.12                      2.44  -1.32     1.68
  SINCE JAN 1      0.98                      1.50  -0.52     1.24

DEGREE DAYS
 HEATING
  YESTERDAY        0                         0      0        0
  MONTH TO DATE    0                         0      0        0
  SINCE JUN 1      0                         0      0        0
  SINCE JUL 1      0                         0      0        0

 COOLING
  YESTERDAY       32                        30      2       30
  MONTH TO DATE  757                       704     53      672
  SINCE JUN 1   1590                      1425    165     1462
  SINCE JAN 1   2591                      2337    254     2541
..................................................................


WIND (MPH)
  HIGHEST WIND SPEED    37   HIGHEST WIND DIRECTION     S (160)
  HIGHEST GUST SPEED    43   HIGHEST GUST DIRECTION     S (160)
  AVERAGE WIND SPEED    17.9


SKY COVER
  AVERAGE SKY COVER 0.1


WEATHER CONDITIONS
 THE FOLLOWING WEATHER WAS RECORDED YESTERDAY.
  NO SIGNIFICANT WEATHER WAS OBSERVED.


RELATIVE HUMIDITY (PERCENT)
 HIGHEST    65
 LOWEST     21
 AVERAGE    43

..........................................................


THE YUMA AZ CLIMATE NORMALS FOR TODAY
                         NORMAL    RECORD    YEAR
 MAXIMUM TEMPERATURE (F)  107       120      1943
 MINIMUM TEMPERATURE (F)   83        67      1918
                                             1913


SUNRISE AND SUNSET
JULY 25 2016..........SUNRISE   548 AM MST   SUNSET   741 PM MST
JULY 26 2016..........SUNRISE   549 AM MST   SUNSET   741 PM MST


-  INDICATES NEGATIVE NUMBERS.
R  INDICATES RECORD WAS SET OR TIED.
MM INDICATES DATA IS MISSING.
T  INDICATES TRACE AMOUNT.

$$
