000
CDUS45 KPSR 240013
CLINYL

CLIMATE REPORT
NATIONAL WEATHER SERVICE PHOENIX AZ
513 PM MST WED APR 23 2014


...................................

...THE YUMA AZ CLIMATE SUMMARY FOR APRIL 23 2014...
VALID TODAY AS OF 0500 PM LOCAL TIME.

CLIMATE NORMAL PERIOD 1981 TO 2010
CLIMATE RECORD PERIOD 1876 TO 2014


WEATHER ITEM   OBSERVED TIME   RECORD YEAR NORMAL DEPARTURE LAST
                VALUE   (LST)  VALUE       VALUE  FROM      YEAR
                                                  NORMAL
..................................................................
TEMPERATURE (F)
 TODAY
  MAXIMUM         88    447 PM 105    1910  88      0       93
  MINIMUM         64    551 AM  44    1923  61      3       64
  AVERAGE         76                        75      1       79

PRECIPITATION (IN)
  TODAY            0.00          0.56 2005   0.00   0.00     0.00
  MONTH TO DATE    0.00                      0.13  -0.13      T
  SINCE OCT 1      1.18                      2.16  -0.98     1.74
  SINCE JAN 1      0.07                      1.22  -1.15     1.11

DEGREE DAYS
 HEATING
  TODAY            0                         0      0        0
  MONTH TO DATE    5                        12     -7        0
  SINCE MAR 1      9                        62    -53       16
  SINCE JUL 1    370                       685   -315      705

 COOLING
  TODAY           11                        10      1       14
  MONTH TO DATE  246                       174     72      202
  SINCE MAR 1    431                       291    140      400
  SINCE JAN 1    545                       327    218      411
..................................................................


WIND (MPH)
  RESULTANT WIND SPEED   4   RESULTANT WIND DIRECTION   N (350)
  HIGHEST WIND SPEED    15   HIGHEST WIND DIRECTION    NW (310)
  HIGHEST GUST SPEED    20   HIGHEST GUST DIRECTION    NE (40)
  AVERAGE WIND SPEED     6.2


SKY COVER
  AVERAGE SKY COVER 0.4


WEATHER CONDITIONS
 THE FOLLOWING WEATHER WAS RECORDED TODAY.
  NO SIGNIFICANT WEATHER WAS OBSERVED.


RELATIVE HUMIDITY (PERCENT)
 HIGHEST    34
 LOWEST      5
 AVERAGE    20

..........................................................


THE YUMA AZ CLIMATE NORMALS FOR TOMORROW
                         NORMAL    RECORD    YEAR
 MAXIMUM TEMPERATURE (F)   89       106      1910
 MINIMUM TEMPERATURE (F)   62        46      1923


SUNRISE AND SUNSET
APRIL 23 2014.........SUNRISE   600 AM MST   SUNSET   714 PM MST
APRIL 24 2014.........SUNRISE   559 AM MST   SUNSET   715 PM MST


-  INDICATES NEGATIVE NUMBERS.
R  INDICATES RECORD WAS SET OR TIED.
MM INDICATES DATA IS MISSING.
T  INDICATES TRACE AMOUNT.

$$
