000
CDUS45 KPSR 220839 RRA
CLINYL

CLIMATE REPORT
NATIONAL WEATHER SERVICE PHOENIX AZ
138 AM MST FRI SEP 22 2017


...................................

...THE YUMA AZ CLIMATE SUMMARY FOR SEPTEMBER 21 2017...

CLIMATE NORMAL PERIOD 1981 TO 2010
CLIMATE RECORD PERIOD 1876 TO 2017


WEATHER ITEM   OBSERVED TIME   RECORD YEAR NORMAL DEPARTURE LAST
                VALUE   (LST)  VALUE       VALUE  FROM      YEAR
                                                  NORMAL
..................................................................
TEMPERATURE (F)
 YESTERDAY
  MAXIMUM         94    326 PM 110    1954 100     -6       89
                                      1949
  MINIMUM         70   1159 PM  56    1965  75     -5       73
  AVERAGE         82                        87     -5       81

PRECIPITATION (IN)
  YESTERDAY        0.00          1.60 1937   0.02  -0.02      T
  MONTH TO DATE    0.45                      0.40   0.05     0.12
  SINCE OCT 1      3.19                      3.43  -0.24     2.01
  SINCE JAN 1      2.24                      2.49  -0.25     1.87

DEGREE DAYS
 HEATING
  YESTERDAY        0                         0      0        0
  MONTH TO DATE    0                         0      0        0
  SINCE SEP 1      0                         0      0        0
  SINCE JUL 1      0                         0      0        0

 COOLING
  YESTERDAY       17                        22     -5       16
  MONTH TO DATE  506                       538    -32      488
  SINCE SEP 1    506                       538    -32      488
  SINCE JAN 1   4274                      3991    283     4235
..................................................................


WIND (MPH)
  HIGHEST WIND SPEED    22   HIGHEST WIND DIRECTION     W (290)
  HIGHEST GUST SPEED    29   HIGHEST GUST DIRECTION     W (280)
  AVERAGE WIND SPEED     8.7


SKY COVER
  AVERAGE SKY COVER 0.0


WEATHER CONDITIONS
 THE FOLLOWING WEATHER WAS RECORDED YESTERDAY.
  NO SIGNIFICANT WEATHER WAS OBSERVED.


RELATIVE HUMIDITY (PERCENT)
 HIGHEST    64
 LOWEST     17
 AVERAGE    41

..........................................................


THE YUMA AZ CLIMATE NORMALS FOR TODAY
                         NORMAL    RECORD    YEAR
 MAXIMUM TEMPERATURE (F)   99       112      1949
 MINIMUM TEMPERATURE (F)   75        55      1941


SUNRISE AND SUNSET
SEPTEMBER 22 2017.....SUNRISE   627 AM MST   SUNSET   635 PM MST
SEPTEMBER 23 2017.....SUNRISE   627 AM MST   SUNSET   633 PM MST


-  INDICATES NEGATIVE NUMBERS.
R  INDICATES RECORD WAS SET OR TIED.
MM INDICATES DATA IS MISSING.
T  INDICATES TRACE AMOUNT.

$$
