000
CDUS45 KPSR 160824 CCA
CLINYL

CLIMATE REPORT
NATIONAL WEATHER SERVICE PHOENIX AZ
122 AM MST MON JAN 16 2017


...................................

...THE YUMA AZ CLIMATE SUMMARY FOR JANUARY 15 2017...

CLIMATE NORMAL PERIOD 1981 TO 2010
CLIMATE RECORD PERIOD 1876 TO 2017


WEATHER ITEM   OBSERVED TIME   RECORD YEAR NORMAL DEPARTURE LAST
                VALUE   (LST)  VALUE       VALUE  FROM      YEAR
                                                  NORMAL
..................................................................
TEMPERATURE (F)
 YESTERDAY
  MAXIMUM         68    410 PM  81    1943  70     -2       73
  MINIMUM         51    806 AM  29    1888  48      3       46
  AVERAGE         60                        58      2       60

PRECIPITATION (IN)
  YESTERDAY        0.00          0.26 1935   0.01  -0.01     0.00
  MONTH TO DATE    0.16                      0.21  -0.05     0.49
  SINCE OCT 1      1.11                      1.15  -0.04     0.63
  SINCE JAN 1      0.16                      0.21  -0.05     0.49

DEGREE DAYS
 HEATING
  YESTERDAY        5                         7     -2        5
  MONTH TO DATE   96                       109    -13      145
  SINCE DEC 1    281                       345    -64      402
  SINCE JUL 1    327                       413    -86      472

 COOLING
  YESTERDAY        0                         0      0        0
  MONTH TO DATE    0                         0      0        0
  SINCE DEC 1      9                         2      7        2
  SINCE JAN 1      0                         0      0        0
..................................................................


WIND (MPH)
  HIGHEST WIND SPEED    MM   HIGHEST WIND DIRECTION    MM
  HIGHEST GUST SPEED    MM   HIGHEST GUST DIRECTION    MM
  AVERAGE WIND SPEED    MM


SKY COVER
  AVERAGE SKY COVER 0.0


WEATHER CONDITIONS
 THE FOLLOWING WEATHER WAS RECORDED YESTERDAY.
  NO SIGNIFICANT WEATHER WAS OBSERVED.


RELATIVE HUMIDITY (PERCENT)
 HIGHEST    MM
 LOWEST     MM
 AVERAGE    MM

..........................................................


THE YUMA AZ CLIMATE NORMALS FOR TODAY
                         NORMAL    RECORD    YEAR
 MAXIMUM TEMPERATURE (F)   70        83      1961
 MINIMUM TEMPERATURE (F)   48        31      1964


SUNRISE AND SUNSET
JANUARY 16 2017.......SUNRISE   740 AM MST   SUNSET   557 PM MST
JANUARY 17 2017.......SUNRISE   740 AM MST   SUNSET   558 PM MST


-  INDICATES NEGATIVE NUMBERS.
R  INDICATES RECORD WAS SET OR TIED.
MM INDICATES DATA IS MISSING.
T  INDICATES TRACE AMOUNT.

$$
